{"id":1095,"date":"2024-09-02T00:00:00","date_gmt":"2024-09-01T22:00:00","guid":{"rendered":"https:\/\/nature-et-developpement.com\/ned-perpignan\/produit\/isolant-acoustique-souple-ouate-et-chanvre-biofib-ouate\/"},"modified":"2026-02-17T13:33:00","modified_gmt":"2026-02-17T12:33:00","slug":"isolant-acoustique-souple-ouate-et-chanvre-biofib-ouate","status":"publish","type":"product","link":"https:\/\/nature-et-developpement.com\/ned-perpignan\/produit\/isolant-acoustique-souple-ouate-et-chanvre-biofib-ouate\/","title":{"rendered":"Biofib OUATE &#8211; Isolant acoustique souple ouate et chanvre"},"content":{"rendered":"<h2>Isolation phonique naturellement<\/h2>\n<p>M\u00eame s&rsquo;il est performant en isolation thermique, son utilisation principale reste l&rsquo;isolation acoustique (murs mitoyens, cloisons,&#8230;)<\/p>\n<p>Sa composition fait de lui un isolant naturel, \u00e9cologique et sain (pas d&rsquo;\u00e9mission de COV).<\/p>\n<div class=\"row-fluid\">\n<div class=\"span12 detailsAtouts\">\n<div id=\"PRODUIT_ENCART\">\n<h3>Performances acoustiques valid\u00e9es<\/h3>\n<p>L\u2019association de la ouate de cellulose haute densit\u00e9 aux fibres de chanvre, procure \u00e0 Biofib\u2019ouate d\u2019excellentes performances d\u2019isolation phonique, pour un meilleur confort acoustique.<\/p>\n<p>Les niveaux d\u2019affaiblissement acoustiques mesur\u00e9s et certifi\u00e9s (essais FCBA) sur des parois types sont nettement sup\u00e9rieurs aux exigences r\u00e9glementaires.<\/p>\n<\/div>\n<div id=\"PRODUIT_ENCART_2\">\n<div>\n<table id=\"table-responsive\" class=\"table-striped table-bordered table-hover\" style=\"height: 233px\" border=\"0\" width=\"755\" cellspacing=\"0\" cellpadding=\"3\">\n<tbody>\n<tr>\n<td>1 &#8211; Mur ossature bois<\/td>\n<td>2 &#8211; Cloison simple<\/td>\n<td>3 &#8211; Cloison double<\/td>\n<\/tr>\n<tr>\n<td>Bardage<\/td>\n<td>Fermacell<\/td>\n<td>Fermacell<\/td>\n<\/tr>\n<tr>\n<td>Pare-pluie<\/td>\n<td>Montant 48\/35<\/td>\n<td>Montant 48\/35<\/td>\n<\/tr>\n<tr>\n<td>CTBH 19 mm<\/td>\n<td>Biofib\u2019 ouate 45 mm<\/td>\n<td>Biofib\u2019 ouate 45 mm<\/td>\n<\/tr>\n<tr>\n<td>Montant 140 mm<\/td>\n<td><\/td>\n<td>Biofib\u2019 ouate 60 mm<\/td>\n<\/tr>\n<tr>\n<td>Biofib\u2019 ouate 140 mm<\/td>\n<td><\/td>\n<td>Biofib\u2019 ouate 45 mm<\/td>\n<\/tr>\n<tr>\n<td>Pare-vapeur<\/td>\n<td><\/td>\n<td>Montant 48\/35<\/td>\n<\/tr>\n<tr>\n<td>Montant 48\/35<\/td>\n<td><\/td>\n<td>Fermacell<\/td>\n<\/tr>\n<tr>\n<td>Fermacell<\/td>\n<td>Fermacell<\/td>\n<td>Fermacell<\/td>\n<\/tr>\n<tr>\n<td>61 dB (-2 ;-7)<\/td>\n<td>47 dB (-4 ;-11)<\/td>\n<td>69 dB (-2 ;-7)<\/td>\n<\/tr>\n<tr>\n<td>Exigences : 30 \u00e0 45 dB<\/td>\n<td>38 \u00e0 41 dB<\/td>\n<td>51 \u00e0 59 dB<\/td>\n<\/tr>\n<\/tbody>\n<\/table>\n<table class=\"table-striped table-bordered table-hover\" border=\"0\" cellspacing=\"0\" cellpadding=\"3\">\n<tbody>\n<tr>\n<td class=\"cellules\">Composition<\/td>\n<td colspan=\"3\">25 % Fibres de chanvre, 60 % Ouate de cellulose, Liant PE<\/td>\n<\/tr>\n<tr>\n<td class=\"cellules\">Densit\u00e9<\/td>\n<td colspan=\"3\">45 kg\/m\u00b3<\/td>\n<\/tr>\n<tr>\n<td class=\"cellules\">Epaisseur<\/td>\n<td>45 mm<\/td>\n<td>60 mm<\/td>\n<td>100 mm<\/td>\n<\/tr>\n<tr>\n<td class=\"cellules\">R\u00e9sistance thermique (R)<\/td>\n<td>1,12<\/td>\n<td>1,5<\/td>\n<td>2,5<\/td>\n<\/tr>\n<tr>\n<td class=\"cellules\">Perm\u00e9abilit\u00e9 \u00e0 la vapeur d&rsquo;eau (Sd)<\/td>\n<td>0,09<\/td>\n<td>0,12<\/td>\n<td>0,20<\/td>\n<\/tr>\n<tr>\n<td class=\"cellules\">Capacit\u00e9 thermique<\/td>\n<td colspan=\"3\">1800 Cp<\/td>\n<\/tr>\n<tr>\n<td class=\"cellules\">Conductivit\u00e9 thermique massique<\/td>\n<td colspan=\"3\">\u03bb 0,040<\/td>\n<\/tr>\n<tr>\n<td class=\"cellules\">Coefficient de r\u00e9sistance \u00e0 la diffusion de la vapeur d\u2019eau<\/td>\n<td colspan=\"3\">\u22642 \u00b5<\/td>\n<\/tr>\n<tr>\n<td class=\"cellules\">Affaiblissement acoustique a\u00e9rien (dB)<\/td>\n<td colspan=\"3\">&gt; 47 ( &#8211; 4 ; &#8211; 11) Cloison 72\/48 Fermacell \/ Biofib&rsquo;Ouate 45 mn \/ Fermacell<br \/>\n&gt; 69 ( &#8211; 2 ; &#8211; 7) Cloison Fermacell \/ Biofib&rsquo;Ouate 45+60+45 mn \/ Fermacell<\/td>\n<\/tr>\n<tr>\n<td class=\"cellules\">R\u00e9action au feu<\/td>\n<td colspan=\"3\">F \/ Non test\u00e9<\/td>\n<\/tr>\n<tr>\n<td class=\"cellules\">Temp\u00e9rature maxi d\u2019utilisation<\/td>\n<td colspan=\"3\">120 \u00b0C<\/td>\n<\/tr>\n<\/tbody>\n<\/table>\n<\/div>\n<\/div>\n<\/div>\n<\/div>\n","protected":false},"excerpt":{"rendered":"<p><span style=\"color: #ff0000\"><a style=\"color: #ff0000\" href=\"https:\/\/nature-et-developpement.com\/produit\/isolant-acoustique-chanvre-biofib-cloison\/\">Ce produit est arr\u00eat\u00e9 d\u00e9finitivement par le fabricant, il est remplac\u00e9 par le Biofib Cloison<\/a><\/span><\/p>\n<p>Biofib&rsquo;Ouate est une alliance de fibres de chanvre et de ouate de cellulose qui procure une qualit\u00e9 acoustique performante.<\/p>\n<p>&nbsp;<\/p>\n[embed]https:\/\/www.youtube.com\/watch?v=5DfLOD4zY5Q[\/embed]\n","protected":false},"featured_media":1000000153827,"template":"","meta":[],"product_brand":[129],"product_cat":[74,2669,2670],"product_tag":[2722],"class_list":{"0":"post-1095","1":"product","2":"type-product","3":"status-publish","4":"has-post-thumbnail","6":"product_brand-biofib","7":"product_cat-demande-de-devis-uniquement-sans-prix","8":"product_cat-isolation-interieure","9":"product_cat-isolation-phonique","10":"product_tag-biofib","12":"first","13":"instock","14":"taxable","15":"shipping-taxable","16":"purchasable","17":"product-type-variable"},"yoast_head":"<!-- This site is optimized with the Yoast SEO plugin v27.5 - https:\/\/yoast.com\/product\/yoast-seo-wordpress\/ -->\n<title>Biofib OUATE - Isolant acoustique souple ouate et chanvre - Nature et D\u00e9veloppement Perpignan<\/title>\n<meta name=\"description\" content=\"Biofib&#039;Ouate est une alliance de fibres de chanvre et de ouate de cellulose qui procure une qualit\u00e9 acoustique performante.\" \/>\n<meta name=\"robots\" content=\"noindex, nofollow\" \/>\n<meta property=\"og:locale\" content=\"fr_FR\" \/>\n<meta property=\"og:type\" content=\"article\" \/>\n<meta property=\"og:title\" content=\"Biofib OUATE - Isolant acoustique souple ouate et chanvre - Nature et D\u00e9veloppement Perpignan\" \/>\n<meta property=\"og:description\" content=\"Biofib&#039;Ouate est une alliance de fibres de chanvre et de ouate de cellulose qui procure une qualit\u00e9 acoustique performante.\" \/>\n<meta property=\"og:url\" content=\"https:\/\/nature-et-developpement.com\/ned-perpignan\/produit\/isolant-acoustique-souple-ouate-et-chanvre-biofib-ouate\/\" \/>\n<meta property=\"og:site_name\" content=\"Nature et D\u00e9veloppement Perpignan\" \/>\n<meta property=\"article:modified_time\" content=\"2026-02-17T12:33:00+00:00\" \/>\n<meta name=\"twitter:card\" content=\"summary_large_image\" \/>\n<meta name=\"twitter:label1\" content=\"Dur\u00e9e de lecture estim\u00e9e\" \/>\n\t<meta name=\"twitter:data1\" content=\"2 minutes\" \/>\n<script type=\"application\/ld+json\" class=\"yoast-schema-graph\">{\"@context\":\"https:\\\/\\\/schema.org\",\"@graph\":[{\"@type\":\"WebPage\",\"@id\":\"https:\\\/\\\/nature-et-developpement.com\\\/ned-perpignan\\\/produit\\\/isolant-acoustique-souple-ouate-et-chanvre-biofib-ouate\\\/\",\"url\":\"https:\\\/\\\/nature-et-developpement.com\\\/ned-perpignan\\\/produit\\\/isolant-acoustique-souple-ouate-et-chanvre-biofib-ouate\\\/\",\"name\":\"Biofib OUATE - Isolant acoustique souple ouate et chanvre - Nature et D\u00e9veloppement Perpignan\",\"isPartOf\":{\"@id\":\"https:\\\/\\\/nature-et-developpement.com\\\/ned-perpignan\\\/#website\"},\"primaryImageOfPage\":{\"@id\":\"https:\\\/\\\/nature-et-developpement.com\\\/ned-perpignan\\\/produit\\\/isolant-acoustique-souple-ouate-et-chanvre-biofib-ouate\\\/#primaryimage\"},\"image\":{\"@id\":\"https:\\\/\\\/nature-et-developpement.com\\\/ned-perpignan\\\/produit\\\/isolant-acoustique-souple-ouate-et-chanvre-biofib-ouate\\\/#primaryimage\"},\"thumbnailUrl\":\"https:\\\/\\\/nature-et-developpement.com\\\/ned-perpignan\\\/wp-content\\\/uploads\\\/Biofib-ouate-isolation-phonique-et-acoustique-naturelle.jpg\",\"datePublished\":\"2024-09-01T22:00:00+00:00\",\"dateModified\":\"2026-02-17T12:33:00+00:00\",\"description\":\"Biofib'Ouate est une alliance de fibres de chanvre et de ouate de cellulose qui procure une qualit\u00e9 acoustique performante.\",\"breadcrumb\":{\"@id\":\"https:\\\/\\\/nature-et-developpement.com\\\/ned-perpignan\\\/produit\\\/isolant-acoustique-souple-ouate-et-chanvre-biofib-ouate\\\/#breadcrumb\"},\"inLanguage\":\"fr-FR\",\"potentialAction\":[{\"@type\":\"ReadAction\",\"target\":[\"https:\\\/\\\/nature-et-developpement.com\\\/ned-perpignan\\\/produit\\\/isolant-acoustique-souple-ouate-et-chanvre-biofib-ouate\\\/\"]}]},{\"@type\":\"ImageObject\",\"inLanguage\":\"fr-FR\",\"@id\":\"https:\\\/\\\/nature-et-developpement.com\\\/ned-perpignan\\\/produit\\\/isolant-acoustique-souple-ouate-et-chanvre-biofib-ouate\\\/#primaryimage\",\"url\":\"https:\\\/\\\/nature-et-developpement.com\\\/ned-perpignan\\\/wp-content\\\/uploads\\\/Biofib-ouate-isolation-phonique-et-acoustique-naturelle.jpg\",\"contentUrl\":\"https:\\\/\\\/nature-et-developpement.com\\\/ned-perpignan\\\/wp-content\\\/uploads\\\/Biofib-ouate-isolation-phonique-et-acoustique-naturelle.jpg\"},{\"@type\":\"BreadcrumbList\",\"@id\":\"https:\\\/\\\/nature-et-developpement.com\\\/ned-perpignan\\\/produit\\\/isolant-acoustique-souple-ouate-et-chanvre-biofib-ouate\\\/#breadcrumb\",\"itemListElement\":[{\"@type\":\"ListItem\",\"position\":1,\"name\":\"Accueil\",\"item\":\"https:\\\/\\\/nature-et-developpement.com\\\/ned-perpignan\\\/\"},{\"@type\":\"ListItem\",\"position\":2,\"name\":\"Boutique\",\"item\":\"https:\\\/\\\/nature-et-developpement.com\\\/ned-perpignan\\\/boutique\\\/\"},{\"@type\":\"ListItem\",\"position\":3,\"name\":\"Isolation et \u00e9tanch\u00e9it\u00e9\",\"item\":\"https:\\\/\\\/nature-et-developpement.com\\\/ned-perpignan\\\/produits\\\/isolation-et-etancheite\\\/\"},{\"@type\":\"ListItem\",\"position\":4,\"name\":\"Isolation int\u00e9rieure\",\"item\":\"https:\\\/\\\/nature-et-developpement.com\\\/ned-perpignan\\\/produits\\\/isolation-et-etancheite\\\/isolation-interieure\\\/\"},{\"@type\":\"ListItem\",\"position\":5,\"name\":\"Biofib OUATE &#8211; Isolant acoustique souple ouate et chanvre\"}]},{\"@type\":\"WebSite\",\"@id\":\"https:\\\/\\\/nature-et-developpement.com\\\/ned-perpignan\\\/#website\",\"url\":\"https:\\\/\\\/nature-et-developpement.com\\\/ned-perpignan\\\/\",\"name\":\"Nature et D\u00e9veloppement Perpignan\",\"description\":\"Solutions, mat\u00e9riaux et d\u00e9coration \u00e9co-responsables pour les pros et les particuliers.\",\"potentialAction\":[{\"@type\":\"SearchAction\",\"target\":{\"@type\":\"EntryPoint\",\"urlTemplate\":\"https:\\\/\\\/nature-et-developpement.com\\\/ned-perpignan\\\/?s={search_term_string}\"},\"query-input\":{\"@type\":\"PropertyValueSpecification\",\"valueRequired\":true,\"valueName\":\"search_term_string\"}}],\"inLanguage\":\"fr-FR\"}]}<\/script>\n<!-- \/ Yoast SEO plugin. -->","yoast_head_json":{"title":"Biofib OUATE - Isolant acoustique souple ouate et chanvre - Nature et D\u00e9veloppement Perpignan","description":"Biofib'Ouate est une alliance de fibres de chanvre et de ouate de cellulose qui procure une qualit\u00e9 acoustique performante.","robots":{"index":"noindex","follow":"nofollow"},"og_locale":"fr_FR","og_type":"article","og_title":"Biofib OUATE - Isolant acoustique souple ouate et chanvre - Nature et D\u00e9veloppement Perpignan","og_description":"Biofib'Ouate est une alliance de fibres de chanvre et de ouate de cellulose qui procure une qualit\u00e9 acoustique performante.","og_url":"https:\/\/nature-et-developpement.com\/ned-perpignan\/produit\/isolant-acoustique-souple-ouate-et-chanvre-biofib-ouate\/","og_site_name":"Nature et D\u00e9veloppement Perpignan","article_modified_time":"2026-02-17T12:33:00+00:00","twitter_card":"summary_large_image","twitter_misc":{"Dur\u00e9e de lecture estim\u00e9e":"2 minutes"},"schema":{"@context":"https:\/\/schema.org","@graph":[{"@type":"WebPage","@id":"https:\/\/nature-et-developpement.com\/ned-perpignan\/produit\/isolant-acoustique-souple-ouate-et-chanvre-biofib-ouate\/","url":"https:\/\/nature-et-developpement.com\/ned-perpignan\/produit\/isolant-acoustique-souple-ouate-et-chanvre-biofib-ouate\/","name":"Biofib OUATE - Isolant acoustique souple ouate et chanvre - Nature et D\u00e9veloppement Perpignan","isPartOf":{"@id":"https:\/\/nature-et-developpement.com\/ned-perpignan\/#website"},"primaryImageOfPage":{"@id":"https:\/\/nature-et-developpement.com\/ned-perpignan\/produit\/isolant-acoustique-souple-ouate-et-chanvre-biofib-ouate\/#primaryimage"},"image":{"@id":"https:\/\/nature-et-developpement.com\/ned-perpignan\/produit\/isolant-acoustique-souple-ouate-et-chanvre-biofib-ouate\/#primaryimage"},"thumbnailUrl":"https:\/\/nature-et-developpement.com\/ned-perpignan\/wp-content\/uploads\/Biofib-ouate-isolation-phonique-et-acoustique-naturelle.jpg","datePublished":"2024-09-01T22:00:00+00:00","dateModified":"2026-02-17T12:33:00+00:00","description":"Biofib'Ouate est une alliance de fibres de chanvre et de ouate de cellulose qui procure une qualit\u00e9 acoustique performante.","breadcrumb":{"@id":"https:\/\/nature-et-developpement.com\/ned-perpignan\/produit\/isolant-acoustique-souple-ouate-et-chanvre-biofib-ouate\/#breadcrumb"},"inLanguage":"fr-FR","potentialAction":[{"@type":"ReadAction","target":["https:\/\/nature-et-developpement.com\/ned-perpignan\/produit\/isolant-acoustique-souple-ouate-et-chanvre-biofib-ouate\/"]}]},{"@type":"ImageObject","inLanguage":"fr-FR","@id":"https:\/\/nature-et-developpement.com\/ned-perpignan\/produit\/isolant-acoustique-souple-ouate-et-chanvre-biofib-ouate\/#primaryimage","url":"https:\/\/nature-et-developpement.com\/ned-perpignan\/wp-content\/uploads\/Biofib-ouate-isolation-phonique-et-acoustique-naturelle.jpg","contentUrl":"https:\/\/nature-et-developpement.com\/ned-perpignan\/wp-content\/uploads\/Biofib-ouate-isolation-phonique-et-acoustique-naturelle.jpg"},{"@type":"BreadcrumbList","@id":"https:\/\/nature-et-developpement.com\/ned-perpignan\/produit\/isolant-acoustique-souple-ouate-et-chanvre-biofib-ouate\/#breadcrumb","itemListElement":[{"@type":"ListItem","position":1,"name":"Accueil","item":"https:\/\/nature-et-developpement.com\/ned-perpignan\/"},{"@type":"ListItem","position":2,"name":"Boutique","item":"https:\/\/nature-et-developpement.com\/ned-perpignan\/boutique\/"},{"@type":"ListItem","position":3,"name":"Isolation et \u00e9tanch\u00e9it\u00e9","item":"https:\/\/nature-et-developpement.com\/ned-perpignan\/produits\/isolation-et-etancheite\/"},{"@type":"ListItem","position":4,"name":"Isolation int\u00e9rieure","item":"https:\/\/nature-et-developpement.com\/ned-perpignan\/produits\/isolation-et-etancheite\/isolation-interieure\/"},{"@type":"ListItem","position":5,"name":"Biofib OUATE &#8211; Isolant acoustique souple ouate et chanvre"}]},{"@type":"WebSite","@id":"https:\/\/nature-et-developpement.com\/ned-perpignan\/#website","url":"https:\/\/nature-et-developpement.com\/ned-perpignan\/","name":"Nature et D\u00e9veloppement Perpignan","description":"Solutions, mat\u00e9riaux et d\u00e9coration \u00e9co-responsables pour les pros et les particuliers.","potentialAction":[{"@type":"SearchAction","target":{"@type":"EntryPoint","urlTemplate":"https:\/\/nature-et-developpement.com\/ned-perpignan\/?s={search_term_string}"},"query-input":{"@type":"PropertyValueSpecification","valueRequired":true,"valueName":"search_term_string"}}],"inLanguage":"fr-FR"}]}},"distributor_meta":false,"distributor_terms":false,"distributor_media":false,"distributor_original_site_name":"Nature et D\u00e9veloppement Perpignan","distributor_original_site_url":"https:\/\/nature-et-developpement.com\/ned-perpignan","push-errors":false,"_links":{"self":[{"href":"https:\/\/nature-et-developpement.com\/ned-perpignan\/wp-json\/wp\/v2\/product\/1095","targetHints":{"allow":["GET"]}}],"collection":[{"href":"https:\/\/nature-et-developpement.com\/ned-perpignan\/wp-json\/wp\/v2\/product"}],"about":[{"href":"https:\/\/nature-et-developpement.com\/ned-perpignan\/wp-json\/wp\/v2\/types\/product"}],"wp:featuredmedia":[{"embeddable":true,"href":"https:\/\/nature-et-developpement.com\/ned-perpignan\/wp-json\/"}],"wp:attachment":[{"href":"https:\/\/nature-et-developpement.com\/ned-perpignan\/wp-json\/wp\/v2\/media?parent=1095"}],"wp:term":[{"taxonomy":"product_brand","embeddable":true,"href":"https:\/\/nature-et-developpement.com\/ned-perpignan\/wp-json\/wp\/v2\/product_brand?post=1095"},{"taxonomy":"product_cat","embeddable":true,"href":"https:\/\/nature-et-developpement.com\/ned-perpignan\/wp-json\/wp\/v2\/product_cat?post=1095"},{"taxonomy":"product_tag","embeddable":true,"href":"https:\/\/nature-et-developpement.com\/ned-perpignan\/wp-json\/wp\/v2\/product_tag?post=1095"}],"curies":[{"name":"wp","href":"https:\/\/api.w.org\/{rel}","templated":true}]}}