{"id":13381,"date":"2017-01-01T00:00:00","date_gmt":"2016-12-31T23:00:00","guid":{"rendered":"https:\/\/nature-et-developpement.com\/ned-perpignan\/produit\/ruban-adhesif-pour-frein-vapeur-uni-tape-pro-clima\/"},"modified":"2026-03-24T23:51:24","modified_gmt":"2026-03-24T22:51:24","slug":"ruban-adhesif-pour-frein-vapeur-uni-tape-pro-clima","status":"publish","type":"product","link":"https:\/\/nature-et-developpement.com\/ned-perpignan\/produit\/ruban-adhesif-pour-frein-vapeur-uni-tape-pro-clima\/","title":{"rendered":"Ruban adh\u00e9sif pour frein-vapeur Uni Tape Pro clima"},"content":{"rendered":"<p>Des\u00adtin\u00e9 au col\u00adlage fiable et dur\u00adable\u00adment \u00e9tanche \u00e0 l&rsquo;air des che\u00advauche\u00adments de films et de mem\u00adbranes en non-tis\u00ads\u00e9 (frein-va\u00adpeurs et mem\u00adbranes d&rsquo;\u00e9tanch\u00e9it\u00e9 \u00e0 l&rsquo;air, \u00e9crans de sous-toit\u00adure et \u00e9crans pare-plu\u00adie de fa\u00e7ades) ain\u00adsi que de leurs rac\u00adcords. Ce ruban ad\u00adh\u00e9sif con\u00advi\u00adent aus\u00adsi au col\u00adlage des joints bord \u00e0 bord de pan\u00adneaux d\u00e9riv\u00e9s du bois.<\/p>\n<table class=\"table table-striped\">\n<thead>\n<tr>\n<td><strong>Propri\u00e9t\u00e9<\/strong><\/td>\n<td class=\"hidden-xs\"><strong>R\u00e9glementation<\/strong><\/td>\n<td><strong>Valeur<\/strong><\/td>\n<\/tr>\n<\/thead>\n<tbody>\n<tr>\n<td>Couleur<\/td>\n<td class=\"hidden-xs\"><\/td>\n<td>bleu clair<\/td>\n<\/tr>\n<tr>\n<td>Temp\u00e9rature de mise en \u0153uvre<\/td>\n<td class=\"hidden-xs\"><\/td>\n<td>\u00e0 partir de -10 \u00b0C<\/td>\n<\/tr>\n<tr>\n<td>R\u00e9sistance \u00e0 la temp\u00e9rature<\/td>\n<td class=\"hidden-xs\"><\/td>\n<td>stable entre -40 \u00b0C et +90 \u00b0C<\/td>\n<\/tr>\n<tr>\n<td>Stockage<\/td>\n<td class=\"hidden-xs\"><\/td>\n<td>dans un endroit frais et sec<\/td>\n<\/tr>\n<\/tbody>\n<\/table>\n","protected":false},"excerpt":{"rendered":"<p>Ruban adh\u00e9sif universel.<\/p>\n<p><img loading=\"lazy\" decoding=\"async\" class=\" size-full wp-image-103231\" src=\"https:\/\/nature-et-developpement.com\/wp-content\/uploads\/cms\/PROCLIMA\/garantie-100-ans.jpg\" alt=\"\" width=\"100\" height=\"84\" \/><\/p>\n","protected":false},"featured_media":1000000166742,"template":"","meta":[],"product_brand":[176],"product_cat":[2342,2674],"product_tag":[2683],"class_list":{"0":"post-13381","1":"product","2":"type-product","3":"status-publish","4":"has-post-thumbnail","6":"product_brand-proclima","7":"product_cat-accessoires-isolation-et-etancheite","8":"product_cat-etancheite-a-lair","9":"product_tag-pro-clima","10":"product_shipping_class-petit-equipement-outil-eclairage","12":"first","13":"instock","14":"sale","15":"taxable","16":"shipping-taxable","17":"purchasable","18":"product-type-variable"},"yoast_head":"<!-- This site is optimized with the Yoast SEO plugin v27.5 - https:\/\/yoast.com\/product\/yoast-seo-wordpress\/ -->\n<title>Ruban adh\u00e9sif pour frein-vapeur Uni Tape Pro clima - Nature et D\u00e9veloppement Perpignan<\/title>\n<meta name=\"robots\" content=\"noindex, nofollow\" \/>\n<meta property=\"og:locale\" content=\"fr_FR\" \/>\n<meta property=\"og:type\" content=\"article\" \/>\n<meta property=\"og:title\" content=\"Ruban adh\u00e9sif pour frein-vapeur Uni Tape Pro clima - Nature et D\u00e9veloppement Perpignan\" \/>\n<meta property=\"og:description\" content=\"Ruban adh\u00e9sif universel.\" \/>\n<meta property=\"og:url\" content=\"https:\/\/nature-et-developpement.com\/ned-perpignan\/produit\/ruban-adhesif-pour-frein-vapeur-uni-tape-pro-clima\/\" \/>\n<meta property=\"og:site_name\" content=\"Nature et D\u00e9veloppement Perpignan\" \/>\n<meta property=\"article:modified_time\" content=\"2026-03-24T22:51:24+00:00\" \/>\n<meta name=\"twitter:card\" content=\"summary_large_image\" \/>\n<meta name=\"twitter:label1\" content=\"Dur\u00e9e de lecture estim\u00e9e\" \/>\n\t<meta name=\"twitter:data1\" content=\"1 minute\" \/>\n<script type=\"application\/ld+json\" class=\"yoast-schema-graph\">{\"@context\":\"https:\\\/\\\/schema.org\",\"@graph\":[{\"@type\":\"WebPage\",\"@id\":\"https:\\\/\\\/nature-et-developpement.com\\\/ned-perpignan\\\/produit\\\/ruban-adhesif-pour-frein-vapeur-uni-tape-pro-clima\\\/\",\"url\":\"https:\\\/\\\/nature-et-developpement.com\\\/ned-perpignan\\\/produit\\\/ruban-adhesif-pour-frein-vapeur-uni-tape-pro-clima\\\/\",\"name\":\"Ruban adh\u00e9sif pour frein-vapeur Uni Tape Pro clima - Nature et D\u00e9veloppement Perpignan\",\"isPartOf\":{\"@id\":\"https:\\\/\\\/nature-et-developpement.com\\\/ned-perpignan\\\/#website\"},\"primaryImageOfPage\":{\"@id\":\"https:\\\/\\\/nature-et-developpement.com\\\/ned-perpignan\\\/produit\\\/ruban-adhesif-pour-frein-vapeur-uni-tape-pro-clima\\\/#primaryimage\"},\"image\":{\"@id\":\"https:\\\/\\\/nature-et-developpement.com\\\/ned-perpignan\\\/produit\\\/ruban-adhesif-pour-frein-vapeur-uni-tape-pro-clima\\\/#primaryimage\"},\"thumbnailUrl\":\"https:\\\/\\\/nature-et-developpement.com\\\/ned-perpignan\\\/wp-content\\\/uploads\\\/Ruban-adhesif-pour-frein-vapeur-Uni-Tape-Pro-clima.jpg\",\"datePublished\":\"2016-12-31T23:00:00+00:00\",\"dateModified\":\"2026-03-24T22:51:24+00:00\",\"breadcrumb\":{\"@id\":\"https:\\\/\\\/nature-et-developpement.com\\\/ned-perpignan\\\/produit\\\/ruban-adhesif-pour-frein-vapeur-uni-tape-pro-clima\\\/#breadcrumb\"},\"inLanguage\":\"fr-FR\",\"potentialAction\":[{\"@type\":\"ReadAction\",\"target\":[\"https:\\\/\\\/nature-et-developpement.com\\\/ned-perpignan\\\/produit\\\/ruban-adhesif-pour-frein-vapeur-uni-tape-pro-clima\\\/\"]}]},{\"@type\":\"ImageObject\",\"inLanguage\":\"fr-FR\",\"@id\":\"https:\\\/\\\/nature-et-developpement.com\\\/ned-perpignan\\\/produit\\\/ruban-adhesif-pour-frein-vapeur-uni-tape-pro-clima\\\/#primaryimage\",\"url\":\"https:\\\/\\\/nature-et-developpement.com\\\/ned-perpignan\\\/wp-content\\\/uploads\\\/Ruban-adhesif-pour-frein-vapeur-Uni-Tape-Pro-clima.jpg\",\"contentUrl\":\"https:\\\/\\\/nature-et-developpement.com\\\/ned-perpignan\\\/wp-content\\\/uploads\\\/Ruban-adhesif-pour-frein-vapeur-Uni-Tape-Pro-clima.jpg\"},{\"@type\":\"BreadcrumbList\",\"@id\":\"https:\\\/\\\/nature-et-developpement.com\\\/ned-perpignan\\\/produit\\\/ruban-adhesif-pour-frein-vapeur-uni-tape-pro-clima\\\/#breadcrumb\",\"itemListElement\":[{\"@type\":\"ListItem\",\"position\":1,\"name\":\"Accueil\",\"item\":\"https:\\\/\\\/nature-et-developpement.com\\\/ned-perpignan\\\/\"},{\"@type\":\"ListItem\",\"position\":2,\"name\":\"Boutique\",\"item\":\"https:\\\/\\\/nature-et-developpement.com\\\/ned-perpignan\\\/boutique\\\/\"},{\"@type\":\"ListItem\",\"position\":3,\"name\":\"Isolation et \u00e9tanch\u00e9it\u00e9\",\"item\":\"https:\\\/\\\/nature-et-developpement.com\\\/ned-perpignan\\\/produits\\\/isolation-et-etancheite\\\/\"},{\"@type\":\"ListItem\",\"position\":4,\"name\":\"Etanch\u00e9it\u00e9 \u00e0 l'air\",\"item\":\"https:\\\/\\\/nature-et-developpement.com\\\/ned-perpignan\\\/produits\\\/isolation-et-etancheite\\\/etancheite-a-lair\\\/\"},{\"@type\":\"ListItem\",\"position\":5,\"name\":\"Ruban adh\u00e9sif pour frein-vapeur Uni Tape Pro clima\"}]},{\"@type\":\"WebSite\",\"@id\":\"https:\\\/\\\/nature-et-developpement.com\\\/ned-perpignan\\\/#website\",\"url\":\"https:\\\/\\\/nature-et-developpement.com\\\/ned-perpignan\\\/\",\"name\":\"Nature et D\u00e9veloppement Perpignan\",\"description\":\"Solutions, mat\u00e9riaux et d\u00e9coration \u00e9co-responsables pour les pros et les particuliers.\",\"potentialAction\":[{\"@type\":\"SearchAction\",\"target\":{\"@type\":\"EntryPoint\",\"urlTemplate\":\"https:\\\/\\\/nature-et-developpement.com\\\/ned-perpignan\\\/?s={search_term_string}\"},\"query-input\":{\"@type\":\"PropertyValueSpecification\",\"valueRequired\":true,\"valueName\":\"search_term_string\"}}],\"inLanguage\":\"fr-FR\"}]}<\/script>\n<!-- \/ Yoast SEO plugin. -->","yoast_head_json":{"title":"Ruban adh\u00e9sif pour frein-vapeur Uni Tape Pro clima - Nature et D\u00e9veloppement Perpignan","robots":{"index":"noindex","follow":"nofollow"},"og_locale":"fr_FR","og_type":"article","og_title":"Ruban adh\u00e9sif pour frein-vapeur Uni Tape Pro clima - Nature et D\u00e9veloppement Perpignan","og_description":"Ruban adh\u00e9sif universel.","og_url":"https:\/\/nature-et-developpement.com\/ned-perpignan\/produit\/ruban-adhesif-pour-frein-vapeur-uni-tape-pro-clima\/","og_site_name":"Nature et D\u00e9veloppement Perpignan","article_modified_time":"2026-03-24T22:51:24+00:00","twitter_card":"summary_large_image","twitter_misc":{"Dur\u00e9e de lecture estim\u00e9e":"1 minute"},"schema":{"@context":"https:\/\/schema.org","@graph":[{"@type":"WebPage","@id":"https:\/\/nature-et-developpement.com\/ned-perpignan\/produit\/ruban-adhesif-pour-frein-vapeur-uni-tape-pro-clima\/","url":"https:\/\/nature-et-developpement.com\/ned-perpignan\/produit\/ruban-adhesif-pour-frein-vapeur-uni-tape-pro-clima\/","name":"Ruban adh\u00e9sif pour frein-vapeur Uni Tape Pro clima - Nature et D\u00e9veloppement Perpignan","isPartOf":{"@id":"https:\/\/nature-et-developpement.com\/ned-perpignan\/#website"},"primaryImageOfPage":{"@id":"https:\/\/nature-et-developpement.com\/ned-perpignan\/produit\/ruban-adhesif-pour-frein-vapeur-uni-tape-pro-clima\/#primaryimage"},"image":{"@id":"https:\/\/nature-et-developpement.com\/ned-perpignan\/produit\/ruban-adhesif-pour-frein-vapeur-uni-tape-pro-clima\/#primaryimage"},"thumbnailUrl":"https:\/\/nature-et-developpement.com\/ned-perpignan\/wp-content\/uploads\/Ruban-adhesif-pour-frein-vapeur-Uni-Tape-Pro-clima.jpg","datePublished":"2016-12-31T23:00:00+00:00","dateModified":"2026-03-24T22:51:24+00:00","breadcrumb":{"@id":"https:\/\/nature-et-developpement.com\/ned-perpignan\/produit\/ruban-adhesif-pour-frein-vapeur-uni-tape-pro-clima\/#breadcrumb"},"inLanguage":"fr-FR","potentialAction":[{"@type":"ReadAction","target":["https:\/\/nature-et-developpement.com\/ned-perpignan\/produit\/ruban-adhesif-pour-frein-vapeur-uni-tape-pro-clima\/"]}]},{"@type":"ImageObject","inLanguage":"fr-FR","@id":"https:\/\/nature-et-developpement.com\/ned-perpignan\/produit\/ruban-adhesif-pour-frein-vapeur-uni-tape-pro-clima\/#primaryimage","url":"https:\/\/nature-et-developpement.com\/ned-perpignan\/wp-content\/uploads\/Ruban-adhesif-pour-frein-vapeur-Uni-Tape-Pro-clima.jpg","contentUrl":"https:\/\/nature-et-developpement.com\/ned-perpignan\/wp-content\/uploads\/Ruban-adhesif-pour-frein-vapeur-Uni-Tape-Pro-clima.jpg"},{"@type":"BreadcrumbList","@id":"https:\/\/nature-et-developpement.com\/ned-perpignan\/produit\/ruban-adhesif-pour-frein-vapeur-uni-tape-pro-clima\/#breadcrumb","itemListElement":[{"@type":"ListItem","position":1,"name":"Accueil","item":"https:\/\/nature-et-developpement.com\/ned-perpignan\/"},{"@type":"ListItem","position":2,"name":"Boutique","item":"https:\/\/nature-et-developpement.com\/ned-perpignan\/boutique\/"},{"@type":"ListItem","position":3,"name":"Isolation et \u00e9tanch\u00e9it\u00e9","item":"https:\/\/nature-et-developpement.com\/ned-perpignan\/produits\/isolation-et-etancheite\/"},{"@type":"ListItem","position":4,"name":"Etanch\u00e9it\u00e9 \u00e0 l'air","item":"https:\/\/nature-et-developpement.com\/ned-perpignan\/produits\/isolation-et-etancheite\/etancheite-a-lair\/"},{"@type":"ListItem","position":5,"name":"Ruban adh\u00e9sif pour frein-vapeur Uni Tape Pro clima"}]},{"@type":"WebSite","@id":"https:\/\/nature-et-developpement.com\/ned-perpignan\/#website","url":"https:\/\/nature-et-developpement.com\/ned-perpignan\/","name":"Nature et D\u00e9veloppement Perpignan","description":"Solutions, mat\u00e9riaux et d\u00e9coration \u00e9co-responsables pour les pros et les particuliers.","potentialAction":[{"@type":"SearchAction","target":{"@type":"EntryPoint","urlTemplate":"https:\/\/nature-et-developpement.com\/ned-perpignan\/?s={search_term_string}"},"query-input":{"@type":"PropertyValueSpecification","valueRequired":true,"valueName":"search_term_string"}}],"inLanguage":"fr-FR"}]}},"distributor_meta":false,"distributor_terms":false,"distributor_media":false,"distributor_original_site_name":"Nature et D\u00e9veloppement Perpignan","distributor_original_site_url":"https:\/\/nature-et-developpement.com\/ned-perpignan","push-errors":false,"_links":{"self":[{"href":"https:\/\/nature-et-developpement.com\/ned-perpignan\/wp-json\/wp\/v2\/product\/13381","targetHints":{"allow":["GET"]}}],"collection":[{"href":"https:\/\/nature-et-developpement.com\/ned-perpignan\/wp-json\/wp\/v2\/product"}],"about":[{"href":"https:\/\/nature-et-developpement.com\/ned-perpignan\/wp-json\/wp\/v2\/types\/product"}],"wp:featuredmedia":[{"embeddable":true,"href":"https:\/\/nature-et-developpement.com\/ned-perpignan\/wp-json\/"}],"wp:attachment":[{"href":"https:\/\/nature-et-developpement.com\/ned-perpignan\/wp-json\/wp\/v2\/media?parent=13381"}],"wp:term":[{"taxonomy":"product_brand","embeddable":true,"href":"https:\/\/nature-et-developpement.com\/ned-perpignan\/wp-json\/wp\/v2\/product_brand?post=13381"},{"taxonomy":"product_cat","embeddable":true,"href":"https:\/\/nature-et-developpement.com\/ned-perpignan\/wp-json\/wp\/v2\/product_cat?post=13381"},{"taxonomy":"product_tag","embeddable":true,"href":"https:\/\/nature-et-developpement.com\/ned-perpignan\/wp-json\/wp\/v2\/product_tag?post=13381"}],"curies":[{"name":"wp","href":"https:\/\/api.w.org\/{rel}","templated":true}]}}

Ruban adhésif pour frein-vapeur Uni Tape Pro clima

<p>Des­tiné au col­lage fiable et dur­able­ment étanche à l&rsquo;air des che­vauche­ments de films et de mem­branes en non-tis­sé (frein-va­peurs et mem­branes d&rsquo;étanchéité à l&rsquo;air, écrans de sous-toit­ure et écrans pare-plu­ie de façades) ain­si que de leurs rac­cords. Ce ruban ad­hésif con­vi­ent aus­si au col­lage des joints bord à bord de pan­neaux dérivés du bois.</p>
<table class="table table-striped">
<thead>
<tr>
<td><strong>Propriété</strong></td>
<td class="hidden-xs"><strong>Réglementation</strong></td>
<td><strong>Valeur</strong></td>
</tr>
</thead>
<tbody>
<tr>
<td>Couleur</td>
<td class="hidden-xs"></td>
<td>bleu clair</td>
</tr>
<tr>
<td>Température de mise en œuvre</td>
<td class="hidden-xs"></td>
<td>à partir de -10 °C</td>
</tr>
<tr>
<td>Résistance à la température</td>
<td class="hidden-xs"></td>
<td>stable entre -40 °C et +90 °C</td>
</tr>
<tr>
<td>Stockage</td>
<td class="hidden-xs"></td>
<td>dans un endroit frais et sec</td>
</tr>
</tbody>
</table>

<p>Ruban adhésif universel.</p>
<p><img loading="lazy" decoding="async" class=" size-full wp-image-103231" src="https://nature-et-developpement.com/wp-content/uploads/cms/PROCLIMA/garantie-100-ans.jpg" alt="" width="100" height="84" /></p>

<!-- This site is optimized with the Yoast SEO plugin v27.5 - https://yoast.com/product/yoast-seo-wordpress/ -->
<title>Ruban adhésif pour frein-vapeur Uni Tape Pro clima - Nature et Développement Perpignan</title>
<meta name="robots" content="noindex, nofollow" />
<meta property="og:locale" content="fr_FR" />
<meta property="og:type" content="article" />
<meta property="og:title" content="Ruban adhésif pour frein-vapeur Uni Tape Pro clima - Nature et Développement Perpignan" />
<meta property="og:description" content="Ruban adhésif universel." />
<meta property="og:url" content="https://nature-et-developpement.com/ned-perpignan/produit/ruban-adhesif-pour-frein-vapeur-uni-tape-pro-clima/" />
<meta property="og:site_name" content="Nature et Développement Perpignan" />
<meta property="article:modified_time" content="2026-03-24T22:51:24+00:00" />
<meta name="twitter:card" content="summary_large_image" />
<meta name="twitter:label1" content="Durée de lecture estimée" />
	<meta name="twitter:data1" content="1 minute" />
<script type="application/ld+json" class="yoast-schema-graph">{"@context":"https:\/\/schema.org","@graph":[{"@type":"WebPage","@id":"https:\/\/nature-et-developpement.com\/ned-perpignan\/produit\/ruban-adhesif-pour-frein-vapeur-uni-tape-pro-clima\/","url":"https:\/\/nature-et-developpement.com\/ned-perpignan\/produit\/ruban-adhesif-pour-frein-vapeur-uni-tape-pro-clima\/","name":"Ruban adhésif pour frein-vapeur Uni Tape Pro clima - Nature et Développement Perpignan","isPartOf":{"@id":"https:\/\/nature-et-developpement.com\/ned-perpignan\/#website"},"primaryImageOfPage":{"@id":"https:\/\/nature-et-developpement.com\/ned-perpignan\/produit\/ruban-adhesif-pour-frein-vapeur-uni-tape-pro-clima\/#primaryimage"},"image":{"@id":"https:\/\/nature-et-developpement.com\/ned-perpignan\/produit\/ruban-adhesif-pour-frein-vapeur-uni-tape-pro-clima\/#primaryimage"},"thumbnailUrl":"https:\/\/nature-et-developpement.com\/ned-perpignan\/wp-content\/uploads\/Ruban-adhesif-pour-frein-vapeur-Uni-Tape-Pro-clima.jpg","datePublished":"2016-12-31T23:00:00+00:00","dateModified":"2026-03-24T22:51:24+00:00","breadcrumb":{"@id":"https:\/\/nature-et-developpement.com\/ned-perpignan\/produit\/ruban-adhesif-pour-frein-vapeur-uni-tape-pro-clima\/#breadcrumb"},"inLanguage":"fr-FR","potentialAction":[{"@type":"ReadAction","target":["https:\/\/nature-et-developpement.com\/ned-perpignan\/produit\/ruban-adhesif-pour-frein-vapeur-uni-tape-pro-clima\/"]}]},{"@type":"ImageObject","inLanguage":"fr-FR","@id":"https:\/\/nature-et-developpement.com\/ned-perpignan\/produit\/ruban-adhesif-pour-frein-vapeur-uni-tape-pro-clima\/#primaryimage","url":"https:\/\/nature-et-developpement.com\/ned-perpignan\/wp-content\/uploads\/Ruban-adhesif-pour-frein-vapeur-Uni-Tape-Pro-clima.jpg","contentUrl":"https:\/\/nature-et-developpement.com\/ned-perpignan\/wp-content\/uploads\/Ruban-adhesif-pour-frein-vapeur-Uni-Tape-Pro-clima.jpg"},{"@type":"BreadcrumbList","@id":"https:\/\/nature-et-developpement.com\/ned-perpignan\/produit\/ruban-adhesif-pour-frein-vapeur-uni-tape-pro-clima\/#breadcrumb","itemListElement":[{"@type":"ListItem","position":1,"name":"Accueil","item":"https:\/\/nature-et-developpement.com\/ned-perpignan\/"},{"@type":"ListItem","position":2,"name":"Boutique","item":"https:\/\/nature-et-developpement.com\/ned-perpignan\/boutique\/"},{"@type":"ListItem","position":3,"name":"Isolation et étanchéité","item":"https:\/\/nature-et-developpement.com\/ned-perpignan\/produits\/isolation-et-etancheite\/"},{"@type":"ListItem","position":4,"name":"Etanchéité à l'air","item":"https:\/\/nature-et-developpement.com\/ned-perpignan\/produits\/isolation-et-etancheite\/etancheite-a-lair\/"},{"@type":"ListItem","position":5,"name":"Ruban adhésif pour frein-vapeur Uni Tape Pro clima"}]},{"@type":"WebSite","@id":"https:\/\/nature-et-developpement.com\/ned-perpignan\/#website","url":"https:\/\/nature-et-developpement.com\/ned-perpignan\/","name":"Nature et Développement Perpignan","description":"Solutions, matériaux et décoration éco-responsables pour les pros et les particuliers.","potentialAction":[{"@type":"SearchAction","target":{"@type":"EntryPoint","urlTemplate":"https:\/\/nature-et-developpement.com\/ned-perpignan\/?s={search_term_string}"},"query-input":{"@type":"PropertyValueSpecification","valueRequired":true,"valueName":"search_term_string"}}],"inLanguage":"fr-FR"}]}</script>
<!-- / Yoast SEO plugin. -->

Ruban adhésif pour frein-vapeur Uni Tape Pro clima - Nature et Développement Perpignan

Ruban adhésif universel.

Nature et Développement Perpignan

Isolation et étanchéité

Etanchéité à l'air

Solutions, matériaux et décoration éco-responsables pour les pros et les particuliers.
