{"id":13404,"date":"2017-01-01T00:00:00","date_gmt":"2016-12-31T23:00:00","guid":{"rendered":"https:\/\/nature-et-developpement.com\/ned-perpignan\/produit\/ruban-hautement-adhesif-extoseal-encors-pro-clima\/"},"modified":"2026-03-24T22:11:40","modified_gmt":"2026-03-24T21:11:40","slug":"ruban-hautement-adhesif-extoseal-encors-pro-clima","status":"publish","type":"product","link":"https:\/\/nature-et-developpement.com\/ned-perpignan\/produit\/ruban-hautement-adhesif-extoseal-encors-pro-clima\/","title":{"rendered":"Ruban Hautement adh\u00e9sif EXTOSEAL ENCORS Pro clima"},"content":{"rendered":"<p>Ruban de rac\u00adcord \u00e0 haute ad\u00adh\u00e9\u00adsion per\u00admet\u00adtant l&rsquo;\u00e9coule\u00adment de l&rsquo;eau pour la con\u00adfec\u00adtion de re\u00adbords de fen\u00eatre \u00e9tanches, pour les rac\u00adcords des pan\u00adneaux d\u00e9riv\u00e9s du bois aux sup\u00adports min\u00e9raux lisses, pour le col\u00adlage des pan\u00adneaux de sous-toit\u00adure entre-eux ain\u00adsi que leurs rac\u00adcords aux \u00e9l\u00e9\u00adments de con\u00adstruc\u00adtion ad\u00adja\u00adcents (par ex\u00ademple dans les noues et les rac\u00adcords de rives contre un mur).<\/p>\n<table class=\"table table-striped\">\n<thead>\n<tr>\n<td><strong>Propri\u00e9t\u00e9<\/strong><\/td>\n<td class=\"hidden-xs\"><strong>R\u00e9glementation<\/strong><\/td>\n<td><strong>Valeur<\/strong><\/td>\n<\/tr>\n<\/thead>\n<tbody>\n<tr>\n<td>Couleur<\/td>\n<td class=\"hidden-xs\"><\/td>\n<td>caoutchouc butylique : gris, film : noir<\/td>\n<\/tr>\n<tr>\n<td>Grammage<\/td>\n<td class=\"hidden-xs\">NF EN 1849-2<\/td>\n<td>env. 1,9 kg\/m\u00b2<\/td>\n<\/tr>\n<tr>\n<td>Epaisseur<\/td>\n<td class=\"hidden-xs\">NF EN 1849-2<\/td>\n<td>env. 1,1 mm<\/td>\n<\/tr>\n<tr>\n<td>Valeur sd<\/td>\n<td class=\"hidden-xs\">NF EN 1931<\/td>\n<td>&gt; 100 m<\/td>\n<\/tr>\n<tr>\n<td>Exposition aux intemp\u00e9ries<\/td>\n<td class=\"hidden-xs\"><\/td>\n<td>6 mois<\/td>\n<\/tr>\n<tr>\n<td>Test\u00e9 par l&rsquo;ift Rosenheim (DE)<\/td>\n<td class=\"hidden-xs\">MO-01\/1:2007-01, Abs. 5<\/td>\n<td>existe, dessous d&rsquo;appuis de fen\u00eatre<\/td>\n<\/tr>\n<tr>\n<td>Temp\u00e9rature de mise en \u0153uvre<\/td>\n<td class=\"hidden-xs\"><\/td>\n<td>de -10 \u00b0C \u00e0  35 \u00b0C<\/td>\n<\/tr>\n<tr>\n<td>R\u00e9sistance \u00e0 la temp\u00e9rature<\/td>\n<td class=\"hidden-xs\"><\/td>\n<td>stable entre -20 \u00b0C et  80 \u00b0C<\/td>\n<\/tr>\n<tr>\n<td>Stockage<\/td>\n<td class=\"hidden-xs\"><\/td>\n<td>dans un endroit frais et sec<\/td>\n<\/tr>\n<\/tbody>\n<\/table>\n","protected":false},"excerpt":{"rendered":"<p>Ruban de raccord hautement adh\u00e9sif permettant l&rsquo;\u00e9coulement de l&rsquo;eau<\/p>\n","protected":false},"featured_media":1000000166763,"template":"","meta":[],"product_brand":[176],"product_cat":[2342,2671],"product_tag":[2683],"class_list":{"0":"post-13404","1":"product","2":"type-product","3":"status-publish","4":"has-post-thumbnail","6":"product_brand-proclima","7":"product_cat-accessoires-isolation-et-etancheite","8":"product_cat-pare-pluie","9":"product_tag-pro-clima","10":"product_shipping_class-petit-equipement-outil-eclairage","12":"first","13":"instock","14":"taxable","15":"shipping-taxable","16":"purchasable","17":"product-type-variable"},"yoast_head":"<!-- This site is optimized with the Yoast SEO plugin v27.5 - https:\/\/yoast.com\/product\/yoast-seo-wordpress\/ -->\n<title>Ruban Hautement adh\u00e9sif EXTOSEAL ENCORS Pro clima - Nature et D\u00e9veloppement Perpignan<\/title>\n<meta name=\"robots\" content=\"noindex, nofollow\" \/>\n<meta property=\"og:locale\" content=\"fr_FR\" \/>\n<meta property=\"og:type\" content=\"article\" \/>\n<meta property=\"og:title\" content=\"Ruban Hautement adh\u00e9sif EXTOSEAL ENCORS Pro clima - Nature et D\u00e9veloppement Perpignan\" \/>\n<meta property=\"og:description\" content=\"Ruban de raccord hautement adh\u00e9sif permettant l&#039;\u00e9coulement de l&#039;eau\" \/>\n<meta property=\"og:url\" content=\"https:\/\/nature-et-developpement.com\/ned-perpignan\/produit\/ruban-hautement-adhesif-extoseal-encors-pro-clima\/\" \/>\n<meta property=\"og:site_name\" content=\"Nature et D\u00e9veloppement Perpignan\" \/>\n<meta property=\"article:modified_time\" content=\"2026-03-24T21:11:40+00:00\" \/>\n<meta name=\"twitter:card\" content=\"summary_large_image\" \/>\n<meta name=\"twitter:label1\" content=\"Dur\u00e9e de lecture estim\u00e9e\" \/>\n\t<meta name=\"twitter:data1\" content=\"1 minute\" \/>\n<script type=\"application\/ld+json\" class=\"yoast-schema-graph\">{\"@context\":\"https:\\\/\\\/schema.org\",\"@graph\":[{\"@type\":\"WebPage\",\"@id\":\"https:\\\/\\\/nature-et-developpement.com\\\/ned-perpignan\\\/produit\\\/ruban-hautement-adhesif-extoseal-encors-pro-clima\\\/\",\"url\":\"https:\\\/\\\/nature-et-developpement.com\\\/ned-perpignan\\\/produit\\\/ruban-hautement-adhesif-extoseal-encors-pro-clima\\\/\",\"name\":\"Ruban Hautement adh\u00e9sif EXTOSEAL ENCORS Pro clima - Nature et D\u00e9veloppement Perpignan\",\"isPartOf\":{\"@id\":\"https:\\\/\\\/nature-et-developpement.com\\\/ned-perpignan\\\/#website\"},\"primaryImageOfPage\":{\"@id\":\"https:\\\/\\\/nature-et-developpement.com\\\/ned-perpignan\\\/produit\\\/ruban-hautement-adhesif-extoseal-encors-pro-clima\\\/#primaryimage\"},\"image\":{\"@id\":\"https:\\\/\\\/nature-et-developpement.com\\\/ned-perpignan\\\/produit\\\/ruban-hautement-adhesif-extoseal-encors-pro-clima\\\/#primaryimage\"},\"thumbnailUrl\":\"https:\\\/\\\/nature-et-developpement.com\\\/ned-perpignan\\\/wp-content\\\/uploads\\\/Ruban-Hautement-adhesif-EXTOSEAL-ENCORS-Pro-clima-200mm.jpg\",\"datePublished\":\"2016-12-31T23:00:00+00:00\",\"dateModified\":\"2026-03-24T21:11:40+00:00\",\"breadcrumb\":{\"@id\":\"https:\\\/\\\/nature-et-developpement.com\\\/ned-perpignan\\\/produit\\\/ruban-hautement-adhesif-extoseal-encors-pro-clima\\\/#breadcrumb\"},\"inLanguage\":\"fr-FR\",\"potentialAction\":[{\"@type\":\"ReadAction\",\"target\":[\"https:\\\/\\\/nature-et-developpement.com\\\/ned-perpignan\\\/produit\\\/ruban-hautement-adhesif-extoseal-encors-pro-clima\\\/\"]}]},{\"@type\":\"ImageObject\",\"inLanguage\":\"fr-FR\",\"@id\":\"https:\\\/\\\/nature-et-developpement.com\\\/ned-perpignan\\\/produit\\\/ruban-hautement-adhesif-extoseal-encors-pro-clima\\\/#primaryimage\",\"url\":\"https:\\\/\\\/nature-et-developpement.com\\\/ned-perpignan\\\/wp-content\\\/uploads\\\/Ruban-Hautement-adhesif-EXTOSEAL-ENCORS-Pro-clima-200mm.jpg\",\"contentUrl\":\"https:\\\/\\\/nature-et-developpement.com\\\/ned-perpignan\\\/wp-content\\\/uploads\\\/Ruban-Hautement-adhesif-EXTOSEAL-ENCORS-Pro-clima-200mm.jpg\"},{\"@type\":\"BreadcrumbList\",\"@id\":\"https:\\\/\\\/nature-et-developpement.com\\\/ned-perpignan\\\/produit\\\/ruban-hautement-adhesif-extoseal-encors-pro-clima\\\/#breadcrumb\",\"itemListElement\":[{\"@type\":\"ListItem\",\"position\":1,\"name\":\"Accueil\",\"item\":\"https:\\\/\\\/nature-et-developpement.com\\\/ned-perpignan\\\/\"},{\"@type\":\"ListItem\",\"position\":2,\"name\":\"Boutique\",\"item\":\"https:\\\/\\\/nature-et-developpement.com\\\/ned-perpignan\\\/boutique\\\/\"},{\"@type\":\"ListItem\",\"position\":3,\"name\":\"Isolation et \u00e9tanch\u00e9it\u00e9\",\"item\":\"https:\\\/\\\/nature-et-developpement.com\\\/ned-perpignan\\\/produits\\\/isolation-et-etancheite\\\/\"},{\"@type\":\"ListItem\",\"position\":4,\"name\":\"Pare pluie\",\"item\":\"https:\\\/\\\/nature-et-developpement.com\\\/ned-perpignan\\\/produits\\\/isolation-et-etancheite\\\/pare-pluie\\\/\"},{\"@type\":\"ListItem\",\"position\":5,\"name\":\"Ruban Hautement adh\u00e9sif EXTOSEAL ENCORS Pro clima\"}]},{\"@type\":\"WebSite\",\"@id\":\"https:\\\/\\\/nature-et-developpement.com\\\/ned-perpignan\\\/#website\",\"url\":\"https:\\\/\\\/nature-et-developpement.com\\\/ned-perpignan\\\/\",\"name\":\"Nature et D\u00e9veloppement Perpignan\",\"description\":\"Solutions, mat\u00e9riaux et d\u00e9coration \u00e9co-responsables pour les pros et les particuliers.\",\"potentialAction\":[{\"@type\":\"SearchAction\",\"target\":{\"@type\":\"EntryPoint\",\"urlTemplate\":\"https:\\\/\\\/nature-et-developpement.com\\\/ned-perpignan\\\/?s={search_term_string}\"},\"query-input\":{\"@type\":\"PropertyValueSpecification\",\"valueRequired\":true,\"valueName\":\"search_term_string\"}}],\"inLanguage\":\"fr-FR\"}]}<\/script>\n<!-- \/ Yoast SEO plugin. -->","yoast_head_json":{"title":"Ruban Hautement adh\u00e9sif EXTOSEAL ENCORS Pro clima - Nature et D\u00e9veloppement Perpignan","robots":{"index":"noindex","follow":"nofollow"},"og_locale":"fr_FR","og_type":"article","og_title":"Ruban Hautement adh\u00e9sif EXTOSEAL ENCORS Pro clima - Nature et D\u00e9veloppement Perpignan","og_description":"Ruban de raccord hautement adh\u00e9sif permettant l'\u00e9coulement de l'eau","og_url":"https:\/\/nature-et-developpement.com\/ned-perpignan\/produit\/ruban-hautement-adhesif-extoseal-encors-pro-clima\/","og_site_name":"Nature et D\u00e9veloppement Perpignan","article_modified_time":"2026-03-24T21:11:40+00:00","twitter_card":"summary_large_image","twitter_misc":{"Dur\u00e9e de lecture estim\u00e9e":"1 minute"},"schema":{"@context":"https:\/\/schema.org","@graph":[{"@type":"WebPage","@id":"https:\/\/nature-et-developpement.com\/ned-perpignan\/produit\/ruban-hautement-adhesif-extoseal-encors-pro-clima\/","url":"https:\/\/nature-et-developpement.com\/ned-perpignan\/produit\/ruban-hautement-adhesif-extoseal-encors-pro-clima\/","name":"Ruban Hautement adh\u00e9sif EXTOSEAL ENCORS Pro clima - Nature et D\u00e9veloppement Perpignan","isPartOf":{"@id":"https:\/\/nature-et-developpement.com\/ned-perpignan\/#website"},"primaryImageOfPage":{"@id":"https:\/\/nature-et-developpement.com\/ned-perpignan\/produit\/ruban-hautement-adhesif-extoseal-encors-pro-clima\/#primaryimage"},"image":{"@id":"https:\/\/nature-et-developpement.com\/ned-perpignan\/produit\/ruban-hautement-adhesif-extoseal-encors-pro-clima\/#primaryimage"},"thumbnailUrl":"https:\/\/nature-et-developpement.com\/ned-perpignan\/wp-content\/uploads\/Ruban-Hautement-adhesif-EXTOSEAL-ENCORS-Pro-clima-200mm.jpg","datePublished":"2016-12-31T23:00:00+00:00","dateModified":"2026-03-24T21:11:40+00:00","breadcrumb":{"@id":"https:\/\/nature-et-developpement.com\/ned-perpignan\/produit\/ruban-hautement-adhesif-extoseal-encors-pro-clima\/#breadcrumb"},"inLanguage":"fr-FR","potentialAction":[{"@type":"ReadAction","target":["https:\/\/nature-et-developpement.com\/ned-perpignan\/produit\/ruban-hautement-adhesif-extoseal-encors-pro-clima\/"]}]},{"@type":"ImageObject","inLanguage":"fr-FR","@id":"https:\/\/nature-et-developpement.com\/ned-perpignan\/produit\/ruban-hautement-adhesif-extoseal-encors-pro-clima\/#primaryimage","url":"https:\/\/nature-et-developpement.com\/ned-perpignan\/wp-content\/uploads\/Ruban-Hautement-adhesif-EXTOSEAL-ENCORS-Pro-clima-200mm.jpg","contentUrl":"https:\/\/nature-et-developpement.com\/ned-perpignan\/wp-content\/uploads\/Ruban-Hautement-adhesif-EXTOSEAL-ENCORS-Pro-clima-200mm.jpg"},{"@type":"BreadcrumbList","@id":"https:\/\/nature-et-developpement.com\/ned-perpignan\/produit\/ruban-hautement-adhesif-extoseal-encors-pro-clima\/#breadcrumb","itemListElement":[{"@type":"ListItem","position":1,"name":"Accueil","item":"https:\/\/nature-et-developpement.com\/ned-perpignan\/"},{"@type":"ListItem","position":2,"name":"Boutique","item":"https:\/\/nature-et-developpement.com\/ned-perpignan\/boutique\/"},{"@type":"ListItem","position":3,"name":"Isolation et \u00e9tanch\u00e9it\u00e9","item":"https:\/\/nature-et-developpement.com\/ned-perpignan\/produits\/isolation-et-etancheite\/"},{"@type":"ListItem","position":4,"name":"Pare pluie","item":"https:\/\/nature-et-developpement.com\/ned-perpignan\/produits\/isolation-et-etancheite\/pare-pluie\/"},{"@type":"ListItem","position":5,"name":"Ruban Hautement adh\u00e9sif EXTOSEAL ENCORS Pro clima"}]},{"@type":"WebSite","@id":"https:\/\/nature-et-developpement.com\/ned-perpignan\/#website","url":"https:\/\/nature-et-developpement.com\/ned-perpignan\/","name":"Nature et D\u00e9veloppement Perpignan","description":"Solutions, mat\u00e9riaux et d\u00e9coration \u00e9co-responsables pour les pros et les particuliers.","potentialAction":[{"@type":"SearchAction","target":{"@type":"EntryPoint","urlTemplate":"https:\/\/nature-et-developpement.com\/ned-perpignan\/?s={search_term_string}"},"query-input":{"@type":"PropertyValueSpecification","valueRequired":true,"valueName":"search_term_string"}}],"inLanguage":"fr-FR"}]}},"distributor_meta":false,"distributor_terms":false,"distributor_media":false,"distributor_original_site_name":"Nature et D\u00e9veloppement Perpignan","distributor_original_site_url":"https:\/\/nature-et-developpement.com\/ned-perpignan","push-errors":false,"_links":{"self":[{"href":"https:\/\/nature-et-developpement.com\/ned-perpignan\/wp-json\/wp\/v2\/product\/13404","targetHints":{"allow":["GET"]}}],"collection":[{"href":"https:\/\/nature-et-developpement.com\/ned-perpignan\/wp-json\/wp\/v2\/product"}],"about":[{"href":"https:\/\/nature-et-developpement.com\/ned-perpignan\/wp-json\/wp\/v2\/types\/product"}],"wp:featuredmedia":[{"embeddable":true,"href":"https:\/\/nature-et-developpement.com\/ned-perpignan\/wp-json\/"}],"wp:attachment":[{"href":"https:\/\/nature-et-developpement.com\/ned-perpignan\/wp-json\/wp\/v2\/media?parent=13404"}],"wp:term":[{"taxonomy":"product_brand","embeddable":true,"href":"https:\/\/nature-et-developpement.com\/ned-perpignan\/wp-json\/wp\/v2\/product_brand?post=13404"},{"taxonomy":"product_cat","embeddable":true,"href":"https:\/\/nature-et-developpement.com\/ned-perpignan\/wp-json\/wp\/v2\/product_cat?post=13404"},{"taxonomy":"product_tag","embeddable":true,"href":"https:\/\/nature-et-developpement.com\/ned-perpignan\/wp-json\/wp\/v2\/product_tag?post=13404"}],"curies":[{"name":"wp","href":"https:\/\/api.w.org\/{rel}","templated":true}]}}

Ruban Hautement adhésif EXTOSEAL ENCORS Pro clima

<p>Ruban de rac­cord à haute ad­hé­sion per­met­tant l&rsquo;écoule­ment de l&rsquo;eau pour la con­fec­tion de re­bords de fenêtre étanches, pour les rac­cords des pan­neaux dérivés du bois aux sup­ports minéraux lisses, pour le col­lage des pan­neaux de sous-toit­ure entre-eux ain­si que leurs rac­cords aux élé­ments de con­struc­tion ad­ja­cents (par ex­emple dans les noues et les rac­cords de rives contre un mur).</p>
<table class="table table-striped">
<thead>
<tr>
<td><strong>Propriété</strong></td>
<td class="hidden-xs"><strong>Réglementation</strong></td>
<td><strong>Valeur</strong></td>
</tr>
</thead>
<tbody>
<tr>
<td>Couleur</td>
<td class="hidden-xs"></td>
<td>caoutchouc butylique : gris, film : noir</td>
</tr>
<tr>
<td>Grammage</td>
<td class="hidden-xs">NF EN 1849-2</td>
<td>env. 1,9 kg/m²</td>
</tr>
<tr>
<td>Epaisseur</td>
<td class="hidden-xs">NF EN 1849-2</td>
<td>env. 1,1 mm</td>
</tr>
<tr>
<td>Valeur sd</td>
<td class="hidden-xs">NF EN 1931</td>
<td>&gt; 100 m</td>
</tr>
<tr>
<td>Exposition aux intempéries</td>
<td class="hidden-xs"></td>
<td>6 mois</td>
</tr>
<tr>
<td>Testé par l&rsquo;ift Rosenheim (DE)</td>
<td class="hidden-xs">MO-01/1:2007-01, Abs. 5</td>
<td>existe, dessous d&rsquo;appuis de fenêtre</td>
</tr>
<tr>
<td>Température de mise en œuvre</td>
<td class="hidden-xs"></td>
<td>de -10 °C à  35 °C</td>
</tr>
<tr>
<td>Résistance à la température</td>
<td class="hidden-xs"></td>
<td>stable entre -20 °C et  80 °C</td>
</tr>
<tr>
<td>Stockage</td>
<td class="hidden-xs"></td>
<td>dans un endroit frais et sec</td>
</tr>
</tbody>
</table>

<p>Ruban de raccord hautement adhésif permettant l&rsquo;écoulement de l&rsquo;eau</p>

<!-- This site is optimized with the Yoast SEO plugin v27.5 - https://yoast.com/product/yoast-seo-wordpress/ -->
<title>Ruban Hautement adhésif EXTOSEAL ENCORS Pro clima - Nature et Développement Perpignan</title>
<meta name="robots" content="noindex, nofollow" />
<meta property="og:locale" content="fr_FR" />
<meta property="og:type" content="article" />
<meta property="og:title" content="Ruban Hautement adhésif EXTOSEAL ENCORS Pro clima - Nature et Développement Perpignan" />
<meta property="og:description" content="Ruban de raccord hautement adhésif permettant l&#039;écoulement de l&#039;eau" />
<meta property="og:url" content="https://nature-et-developpement.com/ned-perpignan/produit/ruban-hautement-adhesif-extoseal-encors-pro-clima/" />
<meta property="og:site_name" content="Nature et Développement Perpignan" />
<meta property="article:modified_time" content="2026-03-24T21:11:40+00:00" />
<meta name="twitter:card" content="summary_large_image" />
<meta name="twitter:label1" content="Durée de lecture estimée" />
	<meta name="twitter:data1" content="1 minute" />
<script type="application/ld+json" class="yoast-schema-graph">{"@context":"https:\/\/schema.org","@graph":[{"@type":"WebPage","@id":"https:\/\/nature-et-developpement.com\/ned-perpignan\/produit\/ruban-hautement-adhesif-extoseal-encors-pro-clima\/","url":"https:\/\/nature-et-developpement.com\/ned-perpignan\/produit\/ruban-hautement-adhesif-extoseal-encors-pro-clima\/","name":"Ruban Hautement adhésif EXTOSEAL ENCORS Pro clima - Nature et Développement Perpignan","isPartOf":{"@id":"https:\/\/nature-et-developpement.com\/ned-perpignan\/#website"},"primaryImageOfPage":{"@id":"https:\/\/nature-et-developpement.com\/ned-perpignan\/produit\/ruban-hautement-adhesif-extoseal-encors-pro-clima\/#primaryimage"},"image":{"@id":"https:\/\/nature-et-developpement.com\/ned-perpignan\/produit\/ruban-hautement-adhesif-extoseal-encors-pro-clima\/#primaryimage"},"thumbnailUrl":"https:\/\/nature-et-developpement.com\/ned-perpignan\/wp-content\/uploads\/Ruban-Hautement-adhesif-EXTOSEAL-ENCORS-Pro-clima-200mm.jpg","datePublished":"2016-12-31T23:00:00+00:00","dateModified":"2026-03-24T21:11:40+00:00","breadcrumb":{"@id":"https:\/\/nature-et-developpement.com\/ned-perpignan\/produit\/ruban-hautement-adhesif-extoseal-encors-pro-clima\/#breadcrumb"},"inLanguage":"fr-FR","potentialAction":[{"@type":"ReadAction","target":["https:\/\/nature-et-developpement.com\/ned-perpignan\/produit\/ruban-hautement-adhesif-extoseal-encors-pro-clima\/"]}]},{"@type":"ImageObject","inLanguage":"fr-FR","@id":"https:\/\/nature-et-developpement.com\/ned-perpignan\/produit\/ruban-hautement-adhesif-extoseal-encors-pro-clima\/#primaryimage","url":"https:\/\/nature-et-developpement.com\/ned-perpignan\/wp-content\/uploads\/Ruban-Hautement-adhesif-EXTOSEAL-ENCORS-Pro-clima-200mm.jpg","contentUrl":"https:\/\/nature-et-developpement.com\/ned-perpignan\/wp-content\/uploads\/Ruban-Hautement-adhesif-EXTOSEAL-ENCORS-Pro-clima-200mm.jpg"},{"@type":"BreadcrumbList","@id":"https:\/\/nature-et-developpement.com\/ned-perpignan\/produit\/ruban-hautement-adhesif-extoseal-encors-pro-clima\/#breadcrumb","itemListElement":[{"@type":"ListItem","position":1,"name":"Accueil","item":"https:\/\/nature-et-developpement.com\/ned-perpignan\/"},{"@type":"ListItem","position":2,"name":"Boutique","item":"https:\/\/nature-et-developpement.com\/ned-perpignan\/boutique\/"},{"@type":"ListItem","position":3,"name":"Isolation et étanchéité","item":"https:\/\/nature-et-developpement.com\/ned-perpignan\/produits\/isolation-et-etancheite\/"},{"@type":"ListItem","position":4,"name":"Pare pluie","item":"https:\/\/nature-et-developpement.com\/ned-perpignan\/produits\/isolation-et-etancheite\/pare-pluie\/"},{"@type":"ListItem","position":5,"name":"Ruban Hautement adhésif EXTOSEAL ENCORS Pro clima"}]},{"@type":"WebSite","@id":"https:\/\/nature-et-developpement.com\/ned-perpignan\/#website","url":"https:\/\/nature-et-developpement.com\/ned-perpignan\/","name":"Nature et Développement Perpignan","description":"Solutions, matériaux et décoration éco-responsables pour les pros et les particuliers.","potentialAction":[{"@type":"SearchAction","target":{"@type":"EntryPoint","urlTemplate":"https:\/\/nature-et-developpement.com\/ned-perpignan\/?s={search_term_string}"},"query-input":{"@type":"PropertyValueSpecification","valueRequired":true,"valueName":"search_term_string"}}],"inLanguage":"fr-FR"}]}</script>
<!-- / Yoast SEO plugin. -->

Ruban Hautement adhésif EXTOSEAL ENCORS Pro clima - Nature et Développement Perpignan

Ruban de raccord hautement adhésif permettant l'écoulement de l'eau

Nature et Développement Perpignan

Isolation et étanchéité

Solutions, matériaux et décoration éco-responsables pour les pros et les particuliers.
