{"id":13415,"date":"2017-01-01T00:00:00","date_gmt":"2016-12-31T23:00:00","guid":{"rendered":"https:\/\/nature-et-developpement.com\/ned-perpignan\/produit\/baguette-de-fixation-dasatop-fix-pro-clima\/"},"modified":"2026-03-25T00:41:17","modified_gmt":"2026-03-24T23:41:17","slug":"baguette-de-fixation-dasatop-fix-pro-clima","status":"publish","type":"product","link":"https:\/\/nature-et-developpement.com\/ned-perpignan\/produit\/baguette-de-fixation-dasatop-fix-pro-clima\/","title":{"rendered":"Baguette de fixation DASATOP FIX Pro clima"},"content":{"rendered":"<p>Les baguettes de mont\u00adage DASATOP FIX sim\u00adpli\u00adfi\u00adent la pose en cr\u00e9neaux des mem\u00adbranes de r\u00e9nova\u00adtion (ex\u00ademple: pro clima DASATOP) pour \u00e9pouser le plus \u00e9troite\u00adment pos\u00adsible la forme des chev\u00adrons.<\/p>\n<p>DASATOP FIX aide \u00e0 \u00e9viter les tun\u00adnels de con\u00advec\u00adtion et per\u00admet ain\u00adsi d\u2019ob\u00adtenir une grande fiab\u00adil\u00adit\u00e9 de con\u00adstruc\u00adtion.<br \/>\nLa baguette peut fa\u00adcile\u00adment \u00eatre cas\u00ads\u00e9e \u00e0 la main et fix\u00e9e \u00e0 l\u2019aide d\u2019agrafes, de vis ou de pointes dans le chev\u00adrons.<\/p>\n<table class=\"table table-striped\">\n<thead>\n<tr>\n<td><strong>Propri\u00e9t\u00e9<\/strong><\/td>\n<td class=\"hidden-xs\"><strong>R\u00e9glementation<\/strong><\/td>\n<td><strong>Valeur<\/strong><\/td>\n<\/tr>\n<\/thead>\n<tbody>\n<tr>\n<td>Couleur<\/td>\n<td class=\"hidden-xs\"><\/td>\n<td>marron<\/td>\n<\/tr>\n<tr>\n<td>Longueur<\/td>\n<td class=\"hidden-xs\"><\/td>\n<td>1,00 m<\/td>\n<\/tr>\n<tr>\n<td>Largeur<\/td>\n<td class=\"hidden-xs\"><\/td>\n<td>40 mm<\/td>\n<\/tr>\n<tr>\n<td>Epaisseur<\/td>\n<td class=\"hidden-xs\"><\/td>\n<td>3 mm<\/td>\n<\/tr>\n<tr>\n<td>Poids<\/td>\n<td class=\"hidden-xs\"><\/td>\n<td>environ 90 g\/m<\/td>\n<\/tr>\n<tr>\n<td>Exposition aux intemp\u00e9ries<\/td>\n<td class=\"hidden-xs\"><\/td>\n<td>4 semaines<\/td>\n<\/tr>\n<tr>\n<td>Temp\u00e9rature de mise en \u0153uvre<\/td>\n<td class=\"hidden-xs\"><\/td>\n<td>\u00e0 partir de -10 \u00b0C<\/td>\n<\/tr>\n<tr>\n<td>R\u00e9sistance \u00e0 la temp\u00e9rature<\/td>\n<td class=\"hidden-xs\"><\/td>\n<td>stable entre -40 \u00b0C et +90 \u00b0C<\/td>\n<\/tr>\n<tr>\n<td>Stockage<\/td>\n<td class=\"hidden-xs\"><\/td>\n<td>dans un endroit frais et sec<\/td>\n<\/tr>\n<\/tbody>\n<\/table>\n","protected":false},"excerpt":{"rendered":"<p>Baguette de mont\u00adage pour un po\u00ads\u00adi\u00adtion\u00adnement s\u00fbr, au niveau des chev\u00adrons, de la mem\u00adbrane frein-va\u00adpeur de r\u00e9nova\u00adtion, mise en oeuvre en cr\u00e9neaux<\/p>\n","protected":false},"featured_media":1000000166664,"template":"","meta":[],"product_brand":[176],"product_cat":[2342,2674],"product_tag":[2683],"class_list":{"0":"post-13415","1":"product","2":"type-product","3":"status-publish","4":"has-post-thumbnail","6":"product_brand-proclima","7":"product_cat-accessoires-isolation-et-etancheite","8":"product_cat-etancheite-a-lair","9":"product_tag-pro-clima","10":"product_shipping_class-petit-equipement-outil-eclairage","12":"first","13":"instock","14":"taxable","15":"shipping-taxable","16":"purchasable","17":"product-type-variable"},"yoast_head":"<!-- This site is optimized with the Yoast SEO plugin v27.5 - https:\/\/yoast.com\/product\/yoast-seo-wordpress\/ -->\n<title>Baguette de fixation DASATOP FIX Pro clima - Nature et D\u00e9veloppement Perpignan<\/title>\n<meta name=\"robots\" content=\"noindex, nofollow\" \/>\n<meta property=\"og:locale\" content=\"fr_FR\" \/>\n<meta property=\"og:type\" content=\"article\" \/>\n<meta property=\"og:title\" content=\"Baguette de fixation DASATOP FIX Pro clima - Nature et D\u00e9veloppement Perpignan\" \/>\n<meta property=\"og:description\" content=\"Baguette de mont\u00adage pour un po\u00ads\u00adi\u00adtion\u00adnement s\u00fbr, au niveau des chev\u00adrons, de la mem\u00adbrane frein-va\u00adpeur de r\u00e9nova\u00adtion, mise en oeuvre en cr\u00e9neaux\" \/>\n<meta property=\"og:url\" content=\"https:\/\/nature-et-developpement.com\/ned-perpignan\/produit\/baguette-de-fixation-dasatop-fix-pro-clima\/\" \/>\n<meta property=\"og:site_name\" content=\"Nature et D\u00e9veloppement Perpignan\" \/>\n<meta property=\"article:modified_time\" content=\"2026-03-24T23:41:17+00:00\" \/>\n<meta name=\"twitter:card\" content=\"summary_large_image\" \/>\n<meta name=\"twitter:label1\" content=\"Dur\u00e9e de lecture estim\u00e9e\" \/>\n\t<meta name=\"twitter:data1\" content=\"1 minute\" \/>\n<script type=\"application\/ld+json\" class=\"yoast-schema-graph\">{\"@context\":\"https:\\\/\\\/schema.org\",\"@graph\":[{\"@type\":\"WebPage\",\"@id\":\"https:\\\/\\\/nature-et-developpement.com\\\/ned-perpignan\\\/produit\\\/baguette-de-fixation-dasatop-fix-pro-clima\\\/\",\"url\":\"https:\\\/\\\/nature-et-developpement.com\\\/ned-perpignan\\\/produit\\\/baguette-de-fixation-dasatop-fix-pro-clima\\\/\",\"name\":\"Baguette de fixation DASATOP FIX Pro clima - Nature et D\u00e9veloppement Perpignan\",\"isPartOf\":{\"@id\":\"https:\\\/\\\/nature-et-developpement.com\\\/ned-perpignan\\\/#website\"},\"primaryImageOfPage\":{\"@id\":\"https:\\\/\\\/nature-et-developpement.com\\\/ned-perpignan\\\/produit\\\/baguette-de-fixation-dasatop-fix-pro-clima\\\/#primaryimage\"},\"image\":{\"@id\":\"https:\\\/\\\/nature-et-developpement.com\\\/ned-perpignan\\\/produit\\\/baguette-de-fixation-dasatop-fix-pro-clima\\\/#primaryimage\"},\"thumbnailUrl\":\"https:\\\/\\\/nature-et-developpement.com\\\/ned-perpignan\\\/wp-content\\\/uploads\\\/Baguette-de-fixation-DASATOP-FIX-Pro-clima.jpg\",\"datePublished\":\"2016-12-31T23:00:00+00:00\",\"dateModified\":\"2026-03-24T23:41:17+00:00\",\"breadcrumb\":{\"@id\":\"https:\\\/\\\/nature-et-developpement.com\\\/ned-perpignan\\\/produit\\\/baguette-de-fixation-dasatop-fix-pro-clima\\\/#breadcrumb\"},\"inLanguage\":\"fr-FR\",\"potentialAction\":[{\"@type\":\"ReadAction\",\"target\":[\"https:\\\/\\\/nature-et-developpement.com\\\/ned-perpignan\\\/produit\\\/baguette-de-fixation-dasatop-fix-pro-clima\\\/\"]}]},{\"@type\":\"ImageObject\",\"inLanguage\":\"fr-FR\",\"@id\":\"https:\\\/\\\/nature-et-developpement.com\\\/ned-perpignan\\\/produit\\\/baguette-de-fixation-dasatop-fix-pro-clima\\\/#primaryimage\",\"url\":\"https:\\\/\\\/nature-et-developpement.com\\\/ned-perpignan\\\/wp-content\\\/uploads\\\/Baguette-de-fixation-DASATOP-FIX-Pro-clima.jpg\",\"contentUrl\":\"https:\\\/\\\/nature-et-developpement.com\\\/ned-perpignan\\\/wp-content\\\/uploads\\\/Baguette-de-fixation-DASATOP-FIX-Pro-clima.jpg\"},{\"@type\":\"BreadcrumbList\",\"@id\":\"https:\\\/\\\/nature-et-developpement.com\\\/ned-perpignan\\\/produit\\\/baguette-de-fixation-dasatop-fix-pro-clima\\\/#breadcrumb\",\"itemListElement\":[{\"@type\":\"ListItem\",\"position\":1,\"name\":\"Accueil\",\"item\":\"https:\\\/\\\/nature-et-developpement.com\\\/ned-perpignan\\\/\"},{\"@type\":\"ListItem\",\"position\":2,\"name\":\"Boutique\",\"item\":\"https:\\\/\\\/nature-et-developpement.com\\\/ned-perpignan\\\/boutique\\\/\"},{\"@type\":\"ListItem\",\"position\":3,\"name\":\"Isolation et \u00e9tanch\u00e9it\u00e9\",\"item\":\"https:\\\/\\\/nature-et-developpement.com\\\/ned-perpignan\\\/produits\\\/isolation-et-etancheite\\\/\"},{\"@type\":\"ListItem\",\"position\":4,\"name\":\"Etanch\u00e9it\u00e9 \u00e0 l'air\",\"item\":\"https:\\\/\\\/nature-et-developpement.com\\\/ned-perpignan\\\/produits\\\/isolation-et-etancheite\\\/etancheite-a-lair\\\/\"},{\"@type\":\"ListItem\",\"position\":5,\"name\":\"Baguette de fixation DASATOP FIX Pro clima\"}]},{\"@type\":\"WebSite\",\"@id\":\"https:\\\/\\\/nature-et-developpement.com\\\/ned-perpignan\\\/#website\",\"url\":\"https:\\\/\\\/nature-et-developpement.com\\\/ned-perpignan\\\/\",\"name\":\"Nature et D\u00e9veloppement Perpignan\",\"description\":\"Solutions, mat\u00e9riaux et d\u00e9coration \u00e9co-responsables pour les pros et les particuliers.\",\"potentialAction\":[{\"@type\":\"SearchAction\",\"target\":{\"@type\":\"EntryPoint\",\"urlTemplate\":\"https:\\\/\\\/nature-et-developpement.com\\\/ned-perpignan\\\/?s={search_term_string}\"},\"query-input\":{\"@type\":\"PropertyValueSpecification\",\"valueRequired\":true,\"valueName\":\"search_term_string\"}}],\"inLanguage\":\"fr-FR\"}]}<\/script>\n<!-- \/ Yoast SEO plugin. -->","yoast_head_json":{"title":"Baguette de fixation DASATOP FIX Pro clima - Nature et D\u00e9veloppement Perpignan","robots":{"index":"noindex","follow":"nofollow"},"og_locale":"fr_FR","og_type":"article","og_title":"Baguette de fixation DASATOP FIX Pro clima - Nature et D\u00e9veloppement Perpignan","og_description":"Baguette de mont\u00adage pour un po\u00ads\u00adi\u00adtion\u00adnement s\u00fbr, au niveau des chev\u00adrons, de la mem\u00adbrane frein-va\u00adpeur de r\u00e9nova\u00adtion, mise en oeuvre en cr\u00e9neaux","og_url":"https:\/\/nature-et-developpement.com\/ned-perpignan\/produit\/baguette-de-fixation-dasatop-fix-pro-clima\/","og_site_name":"Nature et D\u00e9veloppement Perpignan","article_modified_time":"2026-03-24T23:41:17+00:00","twitter_card":"summary_large_image","twitter_misc":{"Dur\u00e9e de lecture estim\u00e9e":"1 minute"},"schema":{"@context":"https:\/\/schema.org","@graph":[{"@type":"WebPage","@id":"https:\/\/nature-et-developpement.com\/ned-perpignan\/produit\/baguette-de-fixation-dasatop-fix-pro-clima\/","url":"https:\/\/nature-et-developpement.com\/ned-perpignan\/produit\/baguette-de-fixation-dasatop-fix-pro-clima\/","name":"Baguette de fixation DASATOP FIX Pro clima - Nature et D\u00e9veloppement Perpignan","isPartOf":{"@id":"https:\/\/nature-et-developpement.com\/ned-perpignan\/#website"},"primaryImageOfPage":{"@id":"https:\/\/nature-et-developpement.com\/ned-perpignan\/produit\/baguette-de-fixation-dasatop-fix-pro-clima\/#primaryimage"},"image":{"@id":"https:\/\/nature-et-developpement.com\/ned-perpignan\/produit\/baguette-de-fixation-dasatop-fix-pro-clima\/#primaryimage"},"thumbnailUrl":"https:\/\/nature-et-developpement.com\/ned-perpignan\/wp-content\/uploads\/Baguette-de-fixation-DASATOP-FIX-Pro-clima.jpg","datePublished":"2016-12-31T23:00:00+00:00","dateModified":"2026-03-24T23:41:17+00:00","breadcrumb":{"@id":"https:\/\/nature-et-developpement.com\/ned-perpignan\/produit\/baguette-de-fixation-dasatop-fix-pro-clima\/#breadcrumb"},"inLanguage":"fr-FR","potentialAction":[{"@type":"ReadAction","target":["https:\/\/nature-et-developpement.com\/ned-perpignan\/produit\/baguette-de-fixation-dasatop-fix-pro-clima\/"]}]},{"@type":"ImageObject","inLanguage":"fr-FR","@id":"https:\/\/nature-et-developpement.com\/ned-perpignan\/produit\/baguette-de-fixation-dasatop-fix-pro-clima\/#primaryimage","url":"https:\/\/nature-et-developpement.com\/ned-perpignan\/wp-content\/uploads\/Baguette-de-fixation-DASATOP-FIX-Pro-clima.jpg","contentUrl":"https:\/\/nature-et-developpement.com\/ned-perpignan\/wp-content\/uploads\/Baguette-de-fixation-DASATOP-FIX-Pro-clima.jpg"},{"@type":"BreadcrumbList","@id":"https:\/\/nature-et-developpement.com\/ned-perpignan\/produit\/baguette-de-fixation-dasatop-fix-pro-clima\/#breadcrumb","itemListElement":[{"@type":"ListItem","position":1,"name":"Accueil","item":"https:\/\/nature-et-developpement.com\/ned-perpignan\/"},{"@type":"ListItem","position":2,"name":"Boutique","item":"https:\/\/nature-et-developpement.com\/ned-perpignan\/boutique\/"},{"@type":"ListItem","position":3,"name":"Isolation et \u00e9tanch\u00e9it\u00e9","item":"https:\/\/nature-et-developpement.com\/ned-perpignan\/produits\/isolation-et-etancheite\/"},{"@type":"ListItem","position":4,"name":"Etanch\u00e9it\u00e9 \u00e0 l'air","item":"https:\/\/nature-et-developpement.com\/ned-perpignan\/produits\/isolation-et-etancheite\/etancheite-a-lair\/"},{"@type":"ListItem","position":5,"name":"Baguette de fixation DASATOP FIX Pro clima"}]},{"@type":"WebSite","@id":"https:\/\/nature-et-developpement.com\/ned-perpignan\/#website","url":"https:\/\/nature-et-developpement.com\/ned-perpignan\/","name":"Nature et D\u00e9veloppement Perpignan","description":"Solutions, mat\u00e9riaux et d\u00e9coration \u00e9co-responsables pour les pros et les particuliers.","potentialAction":[{"@type":"SearchAction","target":{"@type":"EntryPoint","urlTemplate":"https:\/\/nature-et-developpement.com\/ned-perpignan\/?s={search_term_string}"},"query-input":{"@type":"PropertyValueSpecification","valueRequired":true,"valueName":"search_term_string"}}],"inLanguage":"fr-FR"}]}},"distributor_meta":false,"distributor_terms":false,"distributor_media":false,"distributor_original_site_name":"Nature et D\u00e9veloppement Perpignan","distributor_original_site_url":"https:\/\/nature-et-developpement.com\/ned-perpignan","push-errors":false,"_links":{"self":[{"href":"https:\/\/nature-et-developpement.com\/ned-perpignan\/wp-json\/wp\/v2\/product\/13415","targetHints":{"allow":["GET"]}}],"collection":[{"href":"https:\/\/nature-et-developpement.com\/ned-perpignan\/wp-json\/wp\/v2\/product"}],"about":[{"href":"https:\/\/nature-et-developpement.com\/ned-perpignan\/wp-json\/wp\/v2\/types\/product"}],"wp:featuredmedia":[{"embeddable":true,"href":"https:\/\/nature-et-developpement.com\/ned-perpignan\/wp-json\/"}],"wp:attachment":[{"href":"https:\/\/nature-et-developpement.com\/ned-perpignan\/wp-json\/wp\/v2\/media?parent=13415"}],"wp:term":[{"taxonomy":"product_brand","embeddable":true,"href":"https:\/\/nature-et-developpement.com\/ned-perpignan\/wp-json\/wp\/v2\/product_brand?post=13415"},{"taxonomy":"product_cat","embeddable":true,"href":"https:\/\/nature-et-developpement.com\/ned-perpignan\/wp-json\/wp\/v2\/product_cat?post=13415"},{"taxonomy":"product_tag","embeddable":true,"href":"https:\/\/nature-et-developpement.com\/ned-perpignan\/wp-json\/wp\/v2\/product_tag?post=13415"}],"curies":[{"name":"wp","href":"https:\/\/api.w.org\/{rel}","templated":true}]}}

<p>Les baguettes de mont­age DASATOP FIX sim­pli­fi­ent la pose en créneaux des mem­branes de rénova­tion (ex­emple: pro clima DASATOP) pour épouser le plus étroite­ment pos­sible la forme des chev­rons.</p>
<p>DASATOP FIX aide à éviter les tun­nels de con­vec­tion et per­met ain­si d’ob­tenir une grande fiab­il­ité de con­struc­tion.<br />
La baguette peut fa­cile­ment être cas­sée à la main et fixée à l’aide d’agrafes, de vis ou de pointes dans le chev­rons.</p>
<table class="table table-striped">
<thead>
<tr>
<td><strong>Propriété</strong></td>
<td class="hidden-xs"><strong>Réglementation</strong></td>
<td><strong>Valeur</strong></td>
</tr>
</thead>
<tbody>
<tr>
<td>Couleur</td>
<td class="hidden-xs"></td>
<td>marron</td>
</tr>
<tr>
<td>Longueur</td>
<td class="hidden-xs"></td>
<td>1,00 m</td>
</tr>
<tr>
<td>Largeur</td>
<td class="hidden-xs"></td>
<td>40 mm</td>
</tr>
<tr>
<td>Epaisseur</td>
<td class="hidden-xs"></td>
<td>3 mm</td>
</tr>
<tr>
<td>Poids</td>
<td class="hidden-xs"></td>
<td>environ 90 g/m</td>
</tr>
<tr>
<td>Exposition aux intempéries</td>
<td class="hidden-xs"></td>
<td>4 semaines</td>
</tr>
<tr>
<td>Température de mise en œuvre</td>
<td class="hidden-xs"></td>
<td>à partir de -10 °C</td>
</tr>
<tr>
<td>Résistance à la température</td>
<td class="hidden-xs"></td>
<td>stable entre -40 °C et +90 °C</td>
</tr>
<tr>
<td>Stockage</td>
<td class="hidden-xs"></td>
<td>dans un endroit frais et sec</td>
</tr>
</tbody>
</table>

<p>Baguette de mont­age pour un po­s­i­tion­nement sûr, au niveau des chev­rons, de la mem­brane frein-va­peur de rénova­tion, mise en oeuvre en créneaux</p>

<!-- This site is optimized with the Yoast SEO plugin v27.5 - https://yoast.com/product/yoast-seo-wordpress/ -->
<title>Baguette de fixation DASATOP FIX Pro clima - Nature et Développement Perpignan</title>
<meta name="robots" content="noindex, nofollow" />
<meta property="og:locale" content="fr_FR" />
<meta property="og:type" content="article" />
<meta property="og:title" content="Baguette de fixation DASATOP FIX Pro clima - Nature et Développement Perpignan" />
<meta property="og:description" content="Baguette de mont­age pour un po­s­i­tion­nement sûr, au niveau des chev­rons, de la mem­brane frein-va­peur de rénova­tion, mise en oeuvre en créneaux" />
<meta property="og:url" content="https://nature-et-developpement.com/ned-perpignan/produit/baguette-de-fixation-dasatop-fix-pro-clima/" />
<meta property="og:site_name" content="Nature et Développement Perpignan" />
<meta property="article:modified_time" content="2026-03-24T23:41:17+00:00" />
<meta name="twitter:card" content="summary_large_image" />
<meta name="twitter:label1" content="Durée de lecture estimée" />
	<meta name="twitter:data1" content="1 minute" />
<script type="application/ld+json" class="yoast-schema-graph">{"@context":"https:\/\/schema.org","@graph":[{"@type":"WebPage","@id":"https:\/\/nature-et-developpement.com\/ned-perpignan\/produit\/baguette-de-fixation-dasatop-fix-pro-clima\/","url":"https:\/\/nature-et-developpement.com\/ned-perpignan\/produit\/baguette-de-fixation-dasatop-fix-pro-clima\/","name":"Baguette de fixation DASATOP FIX Pro clima - Nature et Développement Perpignan","isPartOf":{"@id":"https:\/\/nature-et-developpement.com\/ned-perpignan\/#website"},"primaryImageOfPage":{"@id":"https:\/\/nature-et-developpement.com\/ned-perpignan\/produit\/baguette-de-fixation-dasatop-fix-pro-clima\/#primaryimage"},"image":{"@id":"https:\/\/nature-et-developpement.com\/ned-perpignan\/produit\/baguette-de-fixation-dasatop-fix-pro-clima\/#primaryimage"},"thumbnailUrl":"https:\/\/nature-et-developpement.com\/ned-perpignan\/wp-content\/uploads\/Baguette-de-fixation-DASATOP-FIX-Pro-clima.jpg","datePublished":"2016-12-31T23:00:00+00:00","dateModified":"2026-03-24T23:41:17+00:00","breadcrumb":{"@id":"https:\/\/nature-et-developpement.com\/ned-perpignan\/produit\/baguette-de-fixation-dasatop-fix-pro-clima\/#breadcrumb"},"inLanguage":"fr-FR","potentialAction":[{"@type":"ReadAction","target":["https:\/\/nature-et-developpement.com\/ned-perpignan\/produit\/baguette-de-fixation-dasatop-fix-pro-clima\/"]}]},{"@type":"ImageObject","inLanguage":"fr-FR","@id":"https:\/\/nature-et-developpement.com\/ned-perpignan\/produit\/baguette-de-fixation-dasatop-fix-pro-clima\/#primaryimage","url":"https:\/\/nature-et-developpement.com\/ned-perpignan\/wp-content\/uploads\/Baguette-de-fixation-DASATOP-FIX-Pro-clima.jpg","contentUrl":"https:\/\/nature-et-developpement.com\/ned-perpignan\/wp-content\/uploads\/Baguette-de-fixation-DASATOP-FIX-Pro-clima.jpg"},{"@type":"BreadcrumbList","@id":"https:\/\/nature-et-developpement.com\/ned-perpignan\/produit\/baguette-de-fixation-dasatop-fix-pro-clima\/#breadcrumb","itemListElement":[{"@type":"ListItem","position":1,"name":"Accueil","item":"https:\/\/nature-et-developpement.com\/ned-perpignan\/"},{"@type":"ListItem","position":2,"name":"Boutique","item":"https:\/\/nature-et-developpement.com\/ned-perpignan\/boutique\/"},{"@type":"ListItem","position":3,"name":"Isolation et étanchéité","item":"https:\/\/nature-et-developpement.com\/ned-perpignan\/produits\/isolation-et-etancheite\/"},{"@type":"ListItem","position":4,"name":"Etanchéité à l'air","item":"https:\/\/nature-et-developpement.com\/ned-perpignan\/produits\/isolation-et-etancheite\/etancheite-a-lair\/"},{"@type":"ListItem","position":5,"name":"Baguette de fixation DASATOP FIX Pro clima"}]},{"@type":"WebSite","@id":"https:\/\/nature-et-developpement.com\/ned-perpignan\/#website","url":"https:\/\/nature-et-developpement.com\/ned-perpignan\/","name":"Nature et Développement Perpignan","description":"Solutions, matériaux et décoration éco-responsables pour les pros et les particuliers.","potentialAction":[{"@type":"SearchAction","target":{"@type":"EntryPoint","urlTemplate":"https:\/\/nature-et-developpement.com\/ned-perpignan\/?s={search_term_string}"},"query-input":{"@type":"PropertyValueSpecification","valueRequired":true,"valueName":"search_term_string"}}],"inLanguage":"fr-FR"}]}</script>
<!-- / Yoast SEO plugin. -->

Baguette de fixation DASATOP FIX Pro clima - Nature et Développement Perpignan

Baguette de mont­age pour un po­s­i­tion­nement sûr, au niveau des chev­rons, de la mem­brane frein-va­peur de rénova­tion, mise en oeuvre en créneaux

Nature et Développement Perpignan

Isolation et étanchéité

Etanchéité à l'air

Solutions, matériaux et décoration éco-responsables pour les pros et les particuliers.
