{"id":1494,"date":"2024-01-01T00:00:00","date_gmt":"2023-12-31T23:00:00","guid":{"rendered":"https:\/\/nature-et-developpement.com\/ned-perpignan\/produit\/blanc-decurie-pozzo-nuovo-20-litres\/"},"modified":"2026-04-30T18:10:43","modified_gmt":"2026-04-30T16:10:43","slug":"blanc-decurie-pozzo-nuovo-20-litres","status":"publish","type":"product","link":"https:\/\/nature-et-developpement.com\/ned-perpignan\/produit\/blanc-decurie-pozzo-nuovo-20-litres\/","title":{"rendered":"Peinture \u00e0 la chaux \u00ab\u00a0blanc d&rsquo;\u00e9curie\u00a0\u00bb 20 litres"},"content":{"rendered":"<h2>Badigeon \u00e9pais \u00e0 la chaux \u00a0\u00bb blanc d&rsquo;\u00e9curie \u00ab\u00a0<\/h2>\n<p>Le blanc d\u2019\u00e9curie est un badigeon de couleur ivoire, \u00e9labor\u00e9 \u00e0 base de chaux en p\u00e2te,\u00a0100% naturel et pr\u00eat \u00e0 l\u2019emploi.<\/p>\n<h3><b>Pour quoi faire ?<\/b><\/h3>\n<p>Grace \u00e0 ses propri\u00e9t\u00e9s d\u00e9sinfectantes, il s\u2019utilise en traitement antiseptique dans\u00a0les \u00e9curies et les b\u00e2timents d\u2019\u00e9levage.<\/p>\n<p>Ses principales propri\u00e9t\u00e9s sont :<br \/>\n&#8211; d\u00e9truit les micro-organismes pr\u00e9sents sur les parois,<br \/>\n&#8211; \u00e9vite la condensation,<br \/>\n&#8211; r\u00e9duit le risque de prolif\u00e9ration des moisissures.<\/p>\n<p>Composition\u00a0: chaux naturelle en p\u00e2te CL90-S, eau de chaux, carbonate de calcium, cellulose.<\/p>\n<h3><b>Application<\/b> :<\/h3>\n<ul>\n<li>Bien remuer le produit dans le seau avant emploi afin de le rendre homog\u00e8ne, si n\u00e9cessaire, diluer le produit avec de l\u2019eau pour faciliter sa mise en \u0153uvre.<\/li>\n<li>Laver et brosser les surfaces \u00e0 traiter pour \u00e9liminer tout mat\u00e9riau non-adh\u00e9rent.<\/li>\n<li>Appliquer en deux couches \u00e0 l\u2019aide d\u2019une brosse ou d\u2019un pinceau large.<\/li>\n<\/ul>\n<p>NB : Appliquer de pr\u00e9f\u00e9rence \u00e0 l\u2019abri du soleil, du vent et de la pluie.<\/p>\n<p>On admet g\u00e9n\u00e9ralement que les travaux s&rsquo;ex\u00e9cutent lorsque les temp\u00e9ratures sont comprises entre 5\u00b0 et 30\u00b0 C.<\/p>\n<p>On prendra certaines dispositions, au dessus de 30\u00b0 C,\u00a0 pour \u00e9viter une dessiccation trop rapide du produit.<\/p>\n<p><b>Fr\u00e9quence conseill\u00e9e d\u2019application<\/b>\u00a0: une \u00e0 deux fois par an pour une protection efficace.<\/p>\n<p><b>Consommation moyenne<\/b>\u00a0: 1 litre pour 5 m2 par couche (tr\u00e8s variable en fonction des supports).<\/p>\n<p><b>Conservation<\/b>\u00a0: deux ans dans de bonnes conditions de stockage : produit recouvert de quelques millim\u00e8tres d\u2019eau et seau ferm\u00e9 \u00e0 l\u2019abri du gel.<\/p>\n","protected":false},"excerpt":{"rendered":"<p>Le blanc d\u2019\u00e9curie est un badigeon de couleur ivoire, \u00e9labor\u00e9 \u00e0 base de chaux en p\u00e2te, 100% naturel et pr\u00eat \u00e0 l\u2019emploi.<br \/>\nGrace \u00e0 ses propri\u00e9t\u00e9s d\u00e9sinfectantes, il s\u2019utilise en traitement antiseptique dans\u00a0les \u00e9curies et les b\u00e2timents d\u2019\u00e9levage.<br \/>\n<strong><span style=\"color: #008000\">En seau de 20L, 1L pour 5 m\u00b2 par couche<\/span><\/strong><em> (tr\u00e8s variable en fonction des supports)<\/em><\/p>\n","protected":false},"featured_media":1000000104411,"template":"","meta":[],"product_brand":[174],"product_cat":[89],"product_tag":[2695],"class_list":{"0":"post-1494","1":"product","2":"type-product","3":"status-publish","4":"has-post-thumbnail","6":"product_brand-pozzo-nuovo","7":"product_cat-peinture-ecologique","8":"product_tag-chaux","9":"product_shipping_class-sac-de-25kg","11":"first","12":"instock","13":"taxable","14":"shipping-taxable","15":"purchasable","16":"product-type-simple"},"yoast_head":"<!-- This site is optimized with the Yoast SEO plugin v27.5 - https:\/\/yoast.com\/product\/yoast-seo-wordpress\/ -->\n<title>Peinture \u00e0 la chaux &quot;blanc d&#039;\u00e9curie&quot; 20 litres - Nature et D\u00e9veloppement Perpignan<\/title>\n<meta name=\"description\" content=\"Badigeon de couleur ivoire, \u00e0 base de chaux en p\u00e2te,\u00a0100% naturel et pr\u00eat \u00e0 l\u2019emploi. Il s\u2019utilise en traitement antiseptique dans\u00a0les b\u00e2timents d\u2019\u00e9levage.\" \/>\n<meta name=\"robots\" content=\"noindex, nofollow\" \/>\n<meta property=\"og:locale\" content=\"fr_FR\" \/>\n<meta property=\"og:type\" content=\"article\" \/>\n<meta property=\"og:title\" content=\"Peinture \u00e0 la chaux &quot;blanc d&#039;\u00e9curie&quot; 20 litres - Nature et D\u00e9veloppement Perpignan\" \/>\n<meta property=\"og:description\" content=\"Badigeon de couleur ivoire, \u00e0 base de chaux en p\u00e2te,\u00a0100% naturel et pr\u00eat \u00e0 l\u2019emploi. Il s\u2019utilise en traitement antiseptique dans\u00a0les b\u00e2timents d\u2019\u00e9levage.\" \/>\n<meta property=\"og:url\" content=\"https:\/\/nature-et-developpement.com\/ned-perpignan\/produit\/blanc-decurie-pozzo-nuovo-20-litres\/\" \/>\n<meta property=\"og:site_name\" content=\"Nature et D\u00e9veloppement Perpignan\" \/>\n<meta property=\"article:modified_time\" content=\"2026-04-30T16:10:43+00:00\" \/>\n<meta name=\"twitter:card\" content=\"summary_large_image\" \/>\n<meta name=\"twitter:label1\" content=\"Dur\u00e9e de lecture estim\u00e9e\" \/>\n\t<meta name=\"twitter:data1\" content=\"2 minutes\" \/>\n<script type=\"application\/ld+json\" class=\"yoast-schema-graph\">{\"@context\":\"https:\\\/\\\/schema.org\",\"@graph\":[{\"@type\":\"WebPage\",\"@id\":\"https:\\\/\\\/nature-et-developpement.com\\\/ned-perpignan\\\/produit\\\/blanc-decurie-pozzo-nuovo-20-litres\\\/\",\"url\":\"https:\\\/\\\/nature-et-developpement.com\\\/ned-perpignan\\\/produit\\\/blanc-decurie-pozzo-nuovo-20-litres\\\/\",\"name\":\"Peinture \u00e0 la chaux \\\"blanc d'\u00e9curie\\\" 20 litres - Nature et D\u00e9veloppement Perpignan\",\"isPartOf\":{\"@id\":\"https:\\\/\\\/nature-et-developpement.com\\\/ned-perpignan\\\/#website\"},\"primaryImageOfPage\":{\"@id\":\"https:\\\/\\\/nature-et-developpement.com\\\/ned-perpignan\\\/produit\\\/blanc-decurie-pozzo-nuovo-20-litres\\\/#primaryimage\"},\"image\":{\"@id\":\"https:\\\/\\\/nature-et-developpement.com\\\/ned-perpignan\\\/produit\\\/blanc-decurie-pozzo-nuovo-20-litres\\\/#primaryimage\"},\"thumbnailUrl\":\"https:\\\/\\\/nature-et-developpement.com\\\/ned-perpignan\\\/wp-content\\\/uploads\\\/29864-Blanc-decurie-a-la-chaux-pret-a-lenploi-Pozzo-Nuovo.jpg\",\"datePublished\":\"2023-12-31T23:00:00+00:00\",\"dateModified\":\"2026-04-30T16:10:43+00:00\",\"description\":\"Badigeon de couleur ivoire, \u00e0 base de chaux en p\u00e2te,\u00a0100% naturel et pr\u00eat \u00e0 l\u2019emploi. Il s\u2019utilise en traitement antiseptique dans\u00a0les b\u00e2timents d\u2019\u00e9levage.\",\"breadcrumb\":{\"@id\":\"https:\\\/\\\/nature-et-developpement.com\\\/ned-perpignan\\\/produit\\\/blanc-decurie-pozzo-nuovo-20-litres\\\/#breadcrumb\"},\"inLanguage\":\"fr-FR\",\"potentialAction\":[{\"@type\":\"ReadAction\",\"target\":[\"https:\\\/\\\/nature-et-developpement.com\\\/ned-perpignan\\\/produit\\\/blanc-decurie-pozzo-nuovo-20-litres\\\/\"]}]},{\"@type\":\"ImageObject\",\"inLanguage\":\"fr-FR\",\"@id\":\"https:\\\/\\\/nature-et-developpement.com\\\/ned-perpignan\\\/produit\\\/blanc-decurie-pozzo-nuovo-20-litres\\\/#primaryimage\",\"url\":\"https:\\\/\\\/nature-et-developpement.com\\\/ned-perpignan\\\/wp-content\\\/uploads\\\/29864-Blanc-decurie-a-la-chaux-pret-a-lenploi-Pozzo-Nuovo.jpg\",\"contentUrl\":\"https:\\\/\\\/nature-et-developpement.com\\\/ned-perpignan\\\/wp-content\\\/uploads\\\/29864-Blanc-decurie-a-la-chaux-pret-a-lenploi-Pozzo-Nuovo.jpg\"},{\"@type\":\"BreadcrumbList\",\"@id\":\"https:\\\/\\\/nature-et-developpement.com\\\/ned-perpignan\\\/produit\\\/blanc-decurie-pozzo-nuovo-20-litres\\\/#breadcrumb\",\"itemListElement\":[{\"@type\":\"ListItem\",\"position\":1,\"name\":\"Accueil\",\"item\":\"https:\\\/\\\/nature-et-developpement.com\\\/ned-perpignan\\\/\"},{\"@type\":\"ListItem\",\"position\":2,\"name\":\"Boutique\",\"item\":\"https:\\\/\\\/nature-et-developpement.com\\\/ned-perpignan\\\/boutique\\\/\"},{\"@type\":\"ListItem\",\"position\":3,\"name\":\"Peinture, pigment et enduit\",\"item\":\"https:\\\/\\\/nature-et-developpement.com\\\/ned-perpignan\\\/produits\\\/peinture-et-enduit\\\/\"},{\"@type\":\"ListItem\",\"position\":4,\"name\":\"Peintures\",\"item\":\"https:\\\/\\\/nature-et-developpement.com\\\/ned-perpignan\\\/produits\\\/peinture-et-enduit\\\/peinture-ecologique\\\/\"},{\"@type\":\"ListItem\",\"position\":5,\"name\":\"Peinture \u00e0 la chaux \u00ab\u00a0blanc d&rsquo;\u00e9curie\u00a0\u00bb 20 litres\"}]},{\"@type\":\"WebSite\",\"@id\":\"https:\\\/\\\/nature-et-developpement.com\\\/ned-perpignan\\\/#website\",\"url\":\"https:\\\/\\\/nature-et-developpement.com\\\/ned-perpignan\\\/\",\"name\":\"Nature et D\u00e9veloppement Perpignan\",\"description\":\"Solutions, mat\u00e9riaux et d\u00e9coration \u00e9co-responsables pour les pros et les particuliers.\",\"potentialAction\":[{\"@type\":\"SearchAction\",\"target\":{\"@type\":\"EntryPoint\",\"urlTemplate\":\"https:\\\/\\\/nature-et-developpement.com\\\/ned-perpignan\\\/?s={search_term_string}\"},\"query-input\":{\"@type\":\"PropertyValueSpecification\",\"valueRequired\":true,\"valueName\":\"search_term_string\"}}],\"inLanguage\":\"fr-FR\"}]}<\/script>\n<!-- \/ Yoast SEO plugin. -->","yoast_head_json":{"title":"Peinture \u00e0 la chaux \"blanc d'\u00e9curie\" 20 litres - Nature et D\u00e9veloppement Perpignan","description":"Badigeon de couleur ivoire, \u00e0 base de chaux en p\u00e2te,\u00a0100% naturel et pr\u00eat \u00e0 l\u2019emploi. Il s\u2019utilise en traitement antiseptique dans\u00a0les b\u00e2timents d\u2019\u00e9levage.","robots":{"index":"noindex","follow":"nofollow"},"og_locale":"fr_FR","og_type":"article","og_title":"Peinture \u00e0 la chaux \"blanc d'\u00e9curie\" 20 litres - Nature et D\u00e9veloppement Perpignan","og_description":"Badigeon de couleur ivoire, \u00e0 base de chaux en p\u00e2te,\u00a0100% naturel et pr\u00eat \u00e0 l\u2019emploi. Il s\u2019utilise en traitement antiseptique dans\u00a0les b\u00e2timents d\u2019\u00e9levage.","og_url":"https:\/\/nature-et-developpement.com\/ned-perpignan\/produit\/blanc-decurie-pozzo-nuovo-20-litres\/","og_site_name":"Nature et D\u00e9veloppement Perpignan","article_modified_time":"2026-04-30T16:10:43+00:00","twitter_card":"summary_large_image","twitter_misc":{"Dur\u00e9e de lecture estim\u00e9e":"2 minutes"},"schema":{"@context":"https:\/\/schema.org","@graph":[{"@type":"WebPage","@id":"https:\/\/nature-et-developpement.com\/ned-perpignan\/produit\/blanc-decurie-pozzo-nuovo-20-litres\/","url":"https:\/\/nature-et-developpement.com\/ned-perpignan\/produit\/blanc-decurie-pozzo-nuovo-20-litres\/","name":"Peinture \u00e0 la chaux \"blanc d'\u00e9curie\" 20 litres - Nature et D\u00e9veloppement Perpignan","isPartOf":{"@id":"https:\/\/nature-et-developpement.com\/ned-perpignan\/#website"},"primaryImageOfPage":{"@id":"https:\/\/nature-et-developpement.com\/ned-perpignan\/produit\/blanc-decurie-pozzo-nuovo-20-litres\/#primaryimage"},"image":{"@id":"https:\/\/nature-et-developpement.com\/ned-perpignan\/produit\/blanc-decurie-pozzo-nuovo-20-litres\/#primaryimage"},"thumbnailUrl":"https:\/\/nature-et-developpement.com\/ned-perpignan\/wp-content\/uploads\/29864-Blanc-decurie-a-la-chaux-pret-a-lenploi-Pozzo-Nuovo.jpg","datePublished":"2023-12-31T23:00:00+00:00","dateModified":"2026-04-30T16:10:43+00:00","description":"Badigeon de couleur ivoire, \u00e0 base de chaux en p\u00e2te,\u00a0100% naturel et pr\u00eat \u00e0 l\u2019emploi. Il s\u2019utilise en traitement antiseptique dans\u00a0les b\u00e2timents d\u2019\u00e9levage.","breadcrumb":{"@id":"https:\/\/nature-et-developpement.com\/ned-perpignan\/produit\/blanc-decurie-pozzo-nuovo-20-litres\/#breadcrumb"},"inLanguage":"fr-FR","potentialAction":[{"@type":"ReadAction","target":["https:\/\/nature-et-developpement.com\/ned-perpignan\/produit\/blanc-decurie-pozzo-nuovo-20-litres\/"]}]},{"@type":"ImageObject","inLanguage":"fr-FR","@id":"https:\/\/nature-et-developpement.com\/ned-perpignan\/produit\/blanc-decurie-pozzo-nuovo-20-litres\/#primaryimage","url":"https:\/\/nature-et-developpement.com\/ned-perpignan\/wp-content\/uploads\/29864-Blanc-decurie-a-la-chaux-pret-a-lenploi-Pozzo-Nuovo.jpg","contentUrl":"https:\/\/nature-et-developpement.com\/ned-perpignan\/wp-content\/uploads\/29864-Blanc-decurie-a-la-chaux-pret-a-lenploi-Pozzo-Nuovo.jpg"},{"@type":"BreadcrumbList","@id":"https:\/\/nature-et-developpement.com\/ned-perpignan\/produit\/blanc-decurie-pozzo-nuovo-20-litres\/#breadcrumb","itemListElement":[{"@type":"ListItem","position":1,"name":"Accueil","item":"https:\/\/nature-et-developpement.com\/ned-perpignan\/"},{"@type":"ListItem","position":2,"name":"Boutique","item":"https:\/\/nature-et-developpement.com\/ned-perpignan\/boutique\/"},{"@type":"ListItem","position":3,"name":"Peinture, pigment et enduit","item":"https:\/\/nature-et-developpement.com\/ned-perpignan\/produits\/peinture-et-enduit\/"},{"@type":"ListItem","position":4,"name":"Peintures","item":"https:\/\/nature-et-developpement.com\/ned-perpignan\/produits\/peinture-et-enduit\/peinture-ecologique\/"},{"@type":"ListItem","position":5,"name":"Peinture \u00e0 la chaux \u00ab\u00a0blanc d&rsquo;\u00e9curie\u00a0\u00bb 20 litres"}]},{"@type":"WebSite","@id":"https:\/\/nature-et-developpement.com\/ned-perpignan\/#website","url":"https:\/\/nature-et-developpement.com\/ned-perpignan\/","name":"Nature et D\u00e9veloppement Perpignan","description":"Solutions, mat\u00e9riaux et d\u00e9coration \u00e9co-responsables pour les pros et les particuliers.","potentialAction":[{"@type":"SearchAction","target":{"@type":"EntryPoint","urlTemplate":"https:\/\/nature-et-developpement.com\/ned-perpignan\/?s={search_term_string}"},"query-input":{"@type":"PropertyValueSpecification","valueRequired":true,"valueName":"search_term_string"}}],"inLanguage":"fr-FR"}]}},"distributor_meta":false,"distributor_terms":false,"distributor_media":false,"distributor_original_site_name":"Nature et D\u00e9veloppement Perpignan","distributor_original_site_url":"https:\/\/nature-et-developpement.com\/ned-perpignan","push-errors":false,"_links":{"self":[{"href":"https:\/\/nature-et-developpement.com\/ned-perpignan\/wp-json\/wp\/v2\/product\/1494","targetHints":{"allow":["GET"]}}],"collection":[{"href":"https:\/\/nature-et-developpement.com\/ned-perpignan\/wp-json\/wp\/v2\/product"}],"about":[{"href":"https:\/\/nature-et-developpement.com\/ned-perpignan\/wp-json\/wp\/v2\/types\/product"}],"wp:featuredmedia":[{"embeddable":true,"href":"https:\/\/nature-et-developpement.com\/ned-perpignan\/wp-json\/"}],"wp:attachment":[{"href":"https:\/\/nature-et-developpement.com\/ned-perpignan\/wp-json\/wp\/v2\/media?parent=1494"}],"wp:term":[{"taxonomy":"product_brand","embeddable":true,"href":"https:\/\/nature-et-developpement.com\/ned-perpignan\/wp-json\/wp\/v2\/product_brand?post=1494"},{"taxonomy":"product_cat","embeddable":true,"href":"https:\/\/nature-et-developpement.com\/ned-perpignan\/wp-json\/wp\/v2\/product_cat?post=1494"},{"taxonomy":"product_tag","embeddable":true,"href":"https:\/\/nature-et-developpement.com\/ned-perpignan\/wp-json\/wp\/v2\/product_tag?post=1494"}],"curies":[{"name":"wp","href":"https:\/\/api.w.org\/{rel}","templated":true}]}}