{"id":1541,"date":"2024-01-01T00:00:00","date_gmt":"2023-12-31T23:00:00","guid":{"rendered":"https:\/\/nature-et-developpement.com\/ned-perpignan\/produit\/carbonate-de-calcium\/"},"modified":"2026-03-05T09:36:40","modified_gmt":"2026-03-05T08:36:40","slug":"carbonate-de-calcium","status":"publish","type":"product","link":"https:\/\/nature-et-developpement.com\/ned-perpignan\/produit\/carbonate-de-calcium\/","title":{"rendered":"Poudre de marbre ou carbonate de calcium"},"content":{"rendered":"<h2>Poudre de marbre<\/h2>\n<p>Les carbonates de calcium, commun\u00e9ment appel\u00e9s poudres de marbre ou farines de marbre, sont des charges min\u00e9rales calcaires issues du concassage et du broyage des blocs de calcaire.<\/p>\n<p>Ils entrent dans la composition d&rsquo;enduits fins, badigeons et stucs pour leurs qualit\u00e9s de finesse et de blancheur.<\/p>\n<h3>M\u00e9lang\u00e9s \u00e0 la chaux en p\u00e2te POZZO NUOVO, ils permettent de:<\/h3>\n<ol>\n<li>Augmenter l&rsquo;effet \u00ab\u00a0mati\u00e8re\u00a0\u00bb d&rsquo;un badigeon, on appellera cela un badigeon cord\u00e9.<\/li>\n<li>Rendre un enduit fin plus \u00ab\u00a0velout\u00e9\u00a0\u00bb.<\/li>\n<li>Formuler une p\u00e2te \u00e0 stuc.<\/li>\n<\/ol>\n","protected":false},"excerpt":{"rendered":"<p>Les carbonates de calcium, commun\u00e9ment appel\u00e9s poudres de marbre ou farines de marbre.<\/p>\n<p><strong>M\u00e9lang\u00e9s \u00e0 la chaux en p\u00e2te POZZO NUOVO, ces poudres permettent de :<\/strong><br \/>\n&#8211; augmenter l&rsquo;effet \u00ab\u00a0mati\u00e8re\u00a0\u00bb d&rsquo;un badigeon, on appellera cela un badigeon cord\u00e9,<br \/>\n&#8211; rendre un enduit fin plus \u00ab\u00a0velout\u00e9\u00a0\u00bb,<br \/>\n&#8211; formuler une p\u00e2te \u00e0 stuc.<\/p>\n","protected":false},"featured_media":1000000168881,"template":"","meta":[],"product_brand":[174],"product_cat":[97,118],"product_tag":[2695],"class_list":{"0":"post-1541","1":"product","2":"type-product","3":"status-publish","4":"has-post-thumbnail","6":"product_brand-pozzo-nuovo","7":"product_cat-adjuvants","8":"product_cat-droguerie","9":"product_tag-chaux","10":"product_shipping_class-sac-de-25kg","12":"first","13":"instock","14":"taxable","15":"shipping-taxable","16":"purchasable","17":"product-type-variable"},"yoast_head":"<!-- This site is optimized with the Yoast SEO plugin v27.5 - https:\/\/yoast.com\/product\/yoast-seo-wordpress\/ -->\n<title>Poudre de marbre ou carbonate de calcium - Nature et D\u00e9veloppement Perpignan<\/title>\n<meta name=\"robots\" content=\"noindex, nofollow\" \/>\n<meta property=\"og:locale\" content=\"fr_FR\" \/>\n<meta property=\"og:type\" content=\"article\" \/>\n<meta property=\"og:title\" content=\"Poudre de marbre ou carbonate de calcium - Nature et D\u00e9veloppement Perpignan\" \/>\n<meta property=\"og:description\" content=\"Les carbonates de calcium, commun\u00e9ment appel\u00e9s poudres de marbre ou farines de marbre.  M\u00e9lang\u00e9s \u00e0 la chaux en p\u00e2te POZZO NUOVO, ces poudres permettent de : - augmenter l&#039;effet &quot;mati\u00e8re&quot; d&#039;un badigeon, on appellera cela un badigeon cord\u00e9, - rendre un enduit fin plus &quot;velout\u00e9&quot;, - formuler une p\u00e2te \u00e0 stuc.\" \/>\n<meta property=\"og:url\" content=\"https:\/\/nature-et-developpement.com\/ned-perpignan\/produit\/carbonate-de-calcium\/\" \/>\n<meta property=\"og:site_name\" content=\"Nature et D\u00e9veloppement Perpignan\" \/>\n<meta property=\"article:modified_time\" content=\"2026-03-05T08:36:40+00:00\" \/>\n<meta name=\"twitter:card\" content=\"summary_large_image\" \/>\n<script type=\"application\/ld+json\" class=\"yoast-schema-graph\">{\"@context\":\"https:\\\/\\\/schema.org\",\"@graph\":[{\"@type\":\"WebPage\",\"@id\":\"https:\\\/\\\/nature-et-developpement.com\\\/ned-perpignan\\\/produit\\\/carbonate-de-calcium\\\/\",\"url\":\"https:\\\/\\\/nature-et-developpement.com\\\/ned-perpignan\\\/produit\\\/carbonate-de-calcium\\\/\",\"name\":\"Poudre de marbre ou carbonate de calcium - Nature et D\u00e9veloppement Perpignan\",\"isPartOf\":{\"@id\":\"https:\\\/\\\/nature-et-developpement.com\\\/ned-perpignan\\\/#website\"},\"primaryImageOfPage\":{\"@id\":\"https:\\\/\\\/nature-et-developpement.com\\\/ned-perpignan\\\/produit\\\/carbonate-de-calcium\\\/#primaryimage\"},\"image\":{\"@id\":\"https:\\\/\\\/nature-et-developpement.com\\\/ned-perpignan\\\/produit\\\/carbonate-de-calcium\\\/#primaryimage\"},\"thumbnailUrl\":\"https:\\\/\\\/nature-et-developpement.com\\\/ned-perpignan\\\/wp-content\\\/uploads\\\/Carbonate-de-calcium-ou-poudre-de-marbre.jpg\",\"datePublished\":\"2023-12-31T23:00:00+00:00\",\"dateModified\":\"2026-03-05T08:36:40+00:00\",\"breadcrumb\":{\"@id\":\"https:\\\/\\\/nature-et-developpement.com\\\/ned-perpignan\\\/produit\\\/carbonate-de-calcium\\\/#breadcrumb\"},\"inLanguage\":\"fr-FR\",\"potentialAction\":[{\"@type\":\"ReadAction\",\"target\":[\"https:\\\/\\\/nature-et-developpement.com\\\/ned-perpignan\\\/produit\\\/carbonate-de-calcium\\\/\"]}]},{\"@type\":\"ImageObject\",\"inLanguage\":\"fr-FR\",\"@id\":\"https:\\\/\\\/nature-et-developpement.com\\\/ned-perpignan\\\/produit\\\/carbonate-de-calcium\\\/#primaryimage\",\"url\":\"https:\\\/\\\/nature-et-developpement.com\\\/ned-perpignan\\\/wp-content\\\/uploads\\\/Carbonate-de-calcium-ou-poudre-de-marbre.jpg\",\"contentUrl\":\"https:\\\/\\\/nature-et-developpement.com\\\/ned-perpignan\\\/wp-content\\\/uploads\\\/Carbonate-de-calcium-ou-poudre-de-marbre.jpg\"},{\"@type\":\"BreadcrumbList\",\"@id\":\"https:\\\/\\\/nature-et-developpement.com\\\/ned-perpignan\\\/produit\\\/carbonate-de-calcium\\\/#breadcrumb\",\"itemListElement\":[{\"@type\":\"ListItem\",\"position\":1,\"name\":\"Accueil\",\"item\":\"https:\\\/\\\/nature-et-developpement.com\\\/ned-perpignan\\\/\"},{\"@type\":\"ListItem\",\"position\":2,\"name\":\"Boutique\",\"item\":\"https:\\\/\\\/nature-et-developpement.com\\\/ned-perpignan\\\/boutique\\\/\"},{\"@type\":\"ListItem\",\"position\":3,\"name\":\"Peinture, pigment et enduit\",\"item\":\"https:\\\/\\\/nature-et-developpement.com\\\/ned-perpignan\\\/produits\\\/peinture-et-enduit\\\/\"},{\"@type\":\"ListItem\",\"position\":4,\"name\":\"Adjuvants\",\"item\":\"https:\\\/\\\/nature-et-developpement.com\\\/ned-perpignan\\\/produits\\\/peinture-et-enduit\\\/adjuvants\\\/\"},{\"@type\":\"ListItem\",\"position\":5,\"name\":\"Poudre de marbre ou carbonate de calcium\"}]},{\"@type\":\"WebSite\",\"@id\":\"https:\\\/\\\/nature-et-developpement.com\\\/ned-perpignan\\\/#website\",\"url\":\"https:\\\/\\\/nature-et-developpement.com\\\/ned-perpignan\\\/\",\"name\":\"Nature et D\u00e9veloppement Perpignan\",\"description\":\"Solutions, mat\u00e9riaux et d\u00e9coration \u00e9co-responsables pour les pros et les particuliers.\",\"potentialAction\":[{\"@type\":\"SearchAction\",\"target\":{\"@type\":\"EntryPoint\",\"urlTemplate\":\"https:\\\/\\\/nature-et-developpement.com\\\/ned-perpignan\\\/?s={search_term_string}\"},\"query-input\":{\"@type\":\"PropertyValueSpecification\",\"valueRequired\":true,\"valueName\":\"search_term_string\"}}],\"inLanguage\":\"fr-FR\"}]}<\/script>\n<!-- \/ Yoast SEO plugin. -->","yoast_head_json":{"title":"Poudre de marbre ou carbonate de calcium - Nature et D\u00e9veloppement Perpignan","robots":{"index":"noindex","follow":"nofollow"},"og_locale":"fr_FR","og_type":"article","og_title":"Poudre de marbre ou carbonate de calcium - Nature et D\u00e9veloppement Perpignan","og_description":"Les carbonates de calcium, commun\u00e9ment appel\u00e9s poudres de marbre ou farines de marbre.  M\u00e9lang\u00e9s \u00e0 la chaux en p\u00e2te POZZO NUOVO, ces poudres permettent de : - augmenter l'effet \"mati\u00e8re\" d'un badigeon, on appellera cela un badigeon cord\u00e9, - rendre un enduit fin plus \"velout\u00e9\", - formuler une p\u00e2te \u00e0 stuc.","og_url":"https:\/\/nature-et-developpement.com\/ned-perpignan\/produit\/carbonate-de-calcium\/","og_site_name":"Nature et D\u00e9veloppement Perpignan","article_modified_time":"2026-03-05T08:36:40+00:00","twitter_card":"summary_large_image","schema":{"@context":"https:\/\/schema.org","@graph":[{"@type":"WebPage","@id":"https:\/\/nature-et-developpement.com\/ned-perpignan\/produit\/carbonate-de-calcium\/","url":"https:\/\/nature-et-developpement.com\/ned-perpignan\/produit\/carbonate-de-calcium\/","name":"Poudre de marbre ou carbonate de calcium - Nature et D\u00e9veloppement Perpignan","isPartOf":{"@id":"https:\/\/nature-et-developpement.com\/ned-perpignan\/#website"},"primaryImageOfPage":{"@id":"https:\/\/nature-et-developpement.com\/ned-perpignan\/produit\/carbonate-de-calcium\/#primaryimage"},"image":{"@id":"https:\/\/nature-et-developpement.com\/ned-perpignan\/produit\/carbonate-de-calcium\/#primaryimage"},"thumbnailUrl":"https:\/\/nature-et-developpement.com\/ned-perpignan\/wp-content\/uploads\/Carbonate-de-calcium-ou-poudre-de-marbre.jpg","datePublished":"2023-12-31T23:00:00+00:00","dateModified":"2026-03-05T08:36:40+00:00","breadcrumb":{"@id":"https:\/\/nature-et-developpement.com\/ned-perpignan\/produit\/carbonate-de-calcium\/#breadcrumb"},"inLanguage":"fr-FR","potentialAction":[{"@type":"ReadAction","target":["https:\/\/nature-et-developpement.com\/ned-perpignan\/produit\/carbonate-de-calcium\/"]}]},{"@type":"ImageObject","inLanguage":"fr-FR","@id":"https:\/\/nature-et-developpement.com\/ned-perpignan\/produit\/carbonate-de-calcium\/#primaryimage","url":"https:\/\/nature-et-developpement.com\/ned-perpignan\/wp-content\/uploads\/Carbonate-de-calcium-ou-poudre-de-marbre.jpg","contentUrl":"https:\/\/nature-et-developpement.com\/ned-perpignan\/wp-content\/uploads\/Carbonate-de-calcium-ou-poudre-de-marbre.jpg"},{"@type":"BreadcrumbList","@id":"https:\/\/nature-et-developpement.com\/ned-perpignan\/produit\/carbonate-de-calcium\/#breadcrumb","itemListElement":[{"@type":"ListItem","position":1,"name":"Accueil","item":"https:\/\/nature-et-developpement.com\/ned-perpignan\/"},{"@type":"ListItem","position":2,"name":"Boutique","item":"https:\/\/nature-et-developpement.com\/ned-perpignan\/boutique\/"},{"@type":"ListItem","position":3,"name":"Peinture, pigment et enduit","item":"https:\/\/nature-et-developpement.com\/ned-perpignan\/produits\/peinture-et-enduit\/"},{"@type":"ListItem","position":4,"name":"Adjuvants","item":"https:\/\/nature-et-developpement.com\/ned-perpignan\/produits\/peinture-et-enduit\/adjuvants\/"},{"@type":"ListItem","position":5,"name":"Poudre de marbre ou carbonate de calcium"}]},{"@type":"WebSite","@id":"https:\/\/nature-et-developpement.com\/ned-perpignan\/#website","url":"https:\/\/nature-et-developpement.com\/ned-perpignan\/","name":"Nature et D\u00e9veloppement Perpignan","description":"Solutions, mat\u00e9riaux et d\u00e9coration \u00e9co-responsables pour les pros et les particuliers.","potentialAction":[{"@type":"SearchAction","target":{"@type":"EntryPoint","urlTemplate":"https:\/\/nature-et-developpement.com\/ned-perpignan\/?s={search_term_string}"},"query-input":{"@type":"PropertyValueSpecification","valueRequired":true,"valueName":"search_term_string"}}],"inLanguage":"fr-FR"}]}},"distributor_meta":false,"distributor_terms":false,"distributor_media":false,"distributor_original_site_name":"Nature et D\u00e9veloppement Perpignan","distributor_original_site_url":"https:\/\/nature-et-developpement.com\/ned-perpignan","push-errors":false,"_links":{"self":[{"href":"https:\/\/nature-et-developpement.com\/ned-perpignan\/wp-json\/wp\/v2\/product\/1541","targetHints":{"allow":["GET"]}}],"collection":[{"href":"https:\/\/nature-et-developpement.com\/ned-perpignan\/wp-json\/wp\/v2\/product"}],"about":[{"href":"https:\/\/nature-et-developpement.com\/ned-perpignan\/wp-json\/wp\/v2\/types\/product"}],"wp:featuredmedia":[{"embeddable":true,"href":"https:\/\/nature-et-developpement.com\/ned-perpignan\/wp-json\/"}],"wp:attachment":[{"href":"https:\/\/nature-et-developpement.com\/ned-perpignan\/wp-json\/wp\/v2\/media?parent=1541"}],"wp:term":[{"taxonomy":"product_brand","embeddable":true,"href":"https:\/\/nature-et-developpement.com\/ned-perpignan\/wp-json\/wp\/v2\/product_brand?post=1541"},{"taxonomy":"product_cat","embeddable":true,"href":"https:\/\/nature-et-developpement.com\/ned-perpignan\/wp-json\/wp\/v2\/product_cat?post=1541"},{"taxonomy":"product_tag","embeddable":true,"href":"https:\/\/nature-et-developpement.com\/ned-perpignan\/wp-json\/wp\/v2\/product_tag?post=1541"}],"curies":[{"name":"wp","href":"https:\/\/api.w.org\/{rel}","templated":true}]}}