{"id":282,"date":"2025-03-18T10:12:35","date_gmt":"2025-03-18T09:12:35","guid":{"rendered":"https:\/\/nature-et-developpement.com\/ned-perpignan\/produit\/isolant-rigide-support-d-enduit-steico-protect-h\/"},"modified":"2026-03-03T22:02:00","modified_gmt":"2026-03-03T21:02:00","slug":"isolant-rigide-support-d-enduit-steico-protect-h","status":"publish","type":"product","link":"https:\/\/nature-et-developpement.com\/ned-perpignan\/produit\/isolant-rigide-support-d-enduit-steico-protect-h\/","title":{"rendered":"STEICO protect H &#8211; Isolant rigide support d&rsquo;enduit 20mm"},"content":{"rendered":"<p>Le Steico protect H: env. 265 kg\/m3, parfait pour des panneaux supports d&rsquo;enduit fins en construction ossature bois.<\/p>\n<p>Les syst\u00e8mes d&rsquo;enduits mis en \u0153uvre doivent \u00eatre adapt\u00e9s au support fibre de bois et ouverts \u00e0 la diffusion de vapeur d&rsquo;eau.<\/p>\n<h3 class=\"productDetail__label productDetail__label--big\">Caract\u00e9ristiques techniques<\/h3>\n<div class=\"table-responsive\">\n<table>\n<tbody>\n<tr>\n<td class=\"label\">Marquage<\/td>\n<td class=\"value\">WF EN 13171 \u2013 T5 \u2013 DS(70\/90)3 \u2013 CS (10 Y)150 \u2013 TR20(30) \u2013 WS1,0 \u2013 MU5<\/td>\n<\/tr>\n<tr>\n<td class=\"label\">R\u00e9action au feu selon norme EN 13501-1<\/td>\n<td class=\"value\">E<\/td>\n<\/tr>\n<tr>\n<td class=\"label\">Conductivit\u00e9 thermique \u03bbD [W\/(m*K)]<\/td>\n<td class=\"value\">0,048<\/td>\n<\/tr>\n<tr>\n<td class=\"label\">R\u00e9sistance thermique RD [(m\u00b2*K)\/W]<\/td>\n<td class=\"value\">0,40<\/td>\n<\/tr>\n<tr>\n<td class=\"label\">Masse volumique [kg\/m\u00b3]<\/td>\n<td class=\"value\">env. 265<\/td>\n<\/tr>\n<tr>\n<td class=\"label\">Facteur de r\u00e9sistance \u00e0 la diffusion de vapeur d\u2018eau \u03bc<\/td>\n<td class=\"value\">5,00<\/td>\n<\/tr>\n<tr>\n<td class=\"label\">Valeur sd [m]<\/td>\n<td class=\"value\">0,10<\/td>\n<\/tr>\n<tr>\n<td class=\"label\">Capacit\u00e9 thermique massique [J\/(kg*K)]<\/td>\n<td class=\"value\">2.100<\/td>\n<\/tr>\n<tr>\n<td class=\"label\">R\u00e9sistance \u00e0 la compression [kPa]<\/td>\n<td class=\"value\">150<\/td>\n<\/tr>\n<tr>\n<td class=\"label\">R\u00e9sistance \u00e0 la traction perpendiculaire aux faces [kPa]<\/td>\n<td class=\"value\">20<\/td>\n<\/tr>\n<tr>\n<td class=\"label\">Composants<\/td>\n<td class=\"value\">Fibre de bois, sulfate d&rsquo;aluminium, paraffine<\/td>\n<\/tr>\n<tr>\n<td class=\"label\">Code de recyclage (EAK)<\/td>\n<td class=\"value\">030105 \/ 170201<\/td>\n<\/tr>\n<\/tbody>\n<\/table>\n<\/div>\n","protected":false},"excerpt":{"rendered":"<p>Panneau isolant support d&rsquo;enduits<\/p>\n<p>Les panneaux STEICO protect H sont parfaitement adapt\u00e9s \u00e0 la construction ossatures bois.<\/p>\n","protected":false},"featured_media":1000000166785,"template":"","meta":[],"product_brand":[184],"product_cat":[2668],"product_tag":[1866],"class_list":{"0":"post-282","1":"product","2":"type-product","3":"status-publish","4":"has-post-thumbnail","6":"product_brand-steico","7":"product_cat-isolation-exterieure","8":"product_tag-fibre-de-bois","10":"first","11":"instock","12":"taxable","13":"shipping-taxable","14":"purchasable","15":"product-type-variable"},"yoast_head":"<!-- This site is optimized with the Yoast SEO plugin v27.5 - https:\/\/yoast.com\/product\/yoast-seo-wordpress\/ -->\n<title>STEICO protect H - Isolant rigide support d&#039;enduit 20mm - Nature et D\u00e9veloppement Perpignan<\/title>\n<meta name=\"robots\" content=\"noindex, nofollow\" \/>\n<meta property=\"og:locale\" content=\"fr_FR\" \/>\n<meta property=\"og:type\" content=\"article\" \/>\n<meta property=\"og:title\" content=\"STEICO protect H - Isolant rigide support d&#039;enduit 20mm - Nature et D\u00e9veloppement Perpignan\" \/>\n<meta property=\"og:description\" content=\"Panneau isolant support d&#039;enduits Les panneaux STEICO protect H sont parfaitement adapt\u00e9s \u00e0 la construction ossatures bois.\" \/>\n<meta property=\"og:url\" content=\"https:\/\/nature-et-developpement.com\/ned-perpignan\/produit\/isolant-rigide-support-d-enduit-steico-protect-h\/\" \/>\n<meta property=\"og:site_name\" content=\"Nature et D\u00e9veloppement Perpignan\" \/>\n<meta property=\"article:modified_time\" content=\"2026-03-03T21:02:00+00:00\" \/>\n<meta name=\"twitter:card\" content=\"summary_large_image\" \/>\n<meta name=\"twitter:label1\" content=\"Dur\u00e9e de lecture estim\u00e9e\" \/>\n\t<meta name=\"twitter:data1\" content=\"1 minute\" \/>\n<script type=\"application\/ld+json\" class=\"yoast-schema-graph\">{\"@context\":\"https:\\\/\\\/schema.org\",\"@graph\":[{\"@type\":\"WebPage\",\"@id\":\"https:\\\/\\\/nature-et-developpement.com\\\/ned-perpignan\\\/produit\\\/isolant-rigide-support-d-enduit-steico-protect-h\\\/\",\"url\":\"https:\\\/\\\/nature-et-developpement.com\\\/ned-perpignan\\\/produit\\\/isolant-rigide-support-d-enduit-steico-protect-h\\\/\",\"name\":\"STEICO protect H - Isolant rigide support d'enduit 20mm - Nature et D\u00e9veloppement Perpignan\",\"isPartOf\":{\"@id\":\"https:\\\/\\\/nature-et-developpement.com\\\/ned-perpignan\\\/#website\"},\"primaryImageOfPage\":{\"@id\":\"https:\\\/\\\/nature-et-developpement.com\\\/ned-perpignan\\\/produit\\\/isolant-rigide-support-d-enduit-steico-protect-h\\\/#primaryimage\"},\"image\":{\"@id\":\"https:\\\/\\\/nature-et-developpement.com\\\/ned-perpignan\\\/produit\\\/isolant-rigide-support-d-enduit-steico-protect-h\\\/#primaryimage\"},\"thumbnailUrl\":\"https:\\\/\\\/nature-et-developpement.com\\\/ned-perpignan\\\/wp-content\\\/uploads\\\/Isolant-rigide-support-denduit-20mm-STEICO-protect-H.jpg\",\"datePublished\":\"2025-03-18T09:12:35+00:00\",\"dateModified\":\"2026-03-03T21:02:00+00:00\",\"breadcrumb\":{\"@id\":\"https:\\\/\\\/nature-et-developpement.com\\\/ned-perpignan\\\/produit\\\/isolant-rigide-support-d-enduit-steico-protect-h\\\/#breadcrumb\"},\"inLanguage\":\"fr-FR\",\"potentialAction\":[{\"@type\":\"ReadAction\",\"target\":[\"https:\\\/\\\/nature-et-developpement.com\\\/ned-perpignan\\\/produit\\\/isolant-rigide-support-d-enduit-steico-protect-h\\\/\"]}]},{\"@type\":\"ImageObject\",\"inLanguage\":\"fr-FR\",\"@id\":\"https:\\\/\\\/nature-et-developpement.com\\\/ned-perpignan\\\/produit\\\/isolant-rigide-support-d-enduit-steico-protect-h\\\/#primaryimage\",\"url\":\"https:\\\/\\\/nature-et-developpement.com\\\/ned-perpignan\\\/wp-content\\\/uploads\\\/Isolant-rigide-support-denduit-20mm-STEICO-protect-H.jpg\",\"contentUrl\":\"https:\\\/\\\/nature-et-developpement.com\\\/ned-perpignan\\\/wp-content\\\/uploads\\\/Isolant-rigide-support-denduit-20mm-STEICO-protect-H.jpg\"},{\"@type\":\"BreadcrumbList\",\"@id\":\"https:\\\/\\\/nature-et-developpement.com\\\/ned-perpignan\\\/produit\\\/isolant-rigide-support-d-enduit-steico-protect-h\\\/#breadcrumb\",\"itemListElement\":[{\"@type\":\"ListItem\",\"position\":1,\"name\":\"Accueil\",\"item\":\"https:\\\/\\\/nature-et-developpement.com\\\/ned-perpignan\\\/\"},{\"@type\":\"ListItem\",\"position\":2,\"name\":\"Boutique\",\"item\":\"https:\\\/\\\/nature-et-developpement.com\\\/ned-perpignan\\\/boutique\\\/\"},{\"@type\":\"ListItem\",\"position\":3,\"name\":\"Isolation et \u00e9tanch\u00e9it\u00e9\",\"item\":\"https:\\\/\\\/nature-et-developpement.com\\\/ned-perpignan\\\/produits\\\/isolation-et-etancheite\\\/\"},{\"@type\":\"ListItem\",\"position\":4,\"name\":\"Isolation ext\u00e9rieure\",\"item\":\"https:\\\/\\\/nature-et-developpement.com\\\/ned-perpignan\\\/produits\\\/isolation-et-etancheite\\\/isolation-exterieure\\\/\"},{\"@type\":\"ListItem\",\"position\":5,\"name\":\"STEICO protect H &#8211; Isolant rigide support d&rsquo;enduit 20mm\"}]},{\"@type\":\"WebSite\",\"@id\":\"https:\\\/\\\/nature-et-developpement.com\\\/ned-perpignan\\\/#website\",\"url\":\"https:\\\/\\\/nature-et-developpement.com\\\/ned-perpignan\\\/\",\"name\":\"Nature et D\u00e9veloppement Perpignan\",\"description\":\"Solutions, mat\u00e9riaux et d\u00e9coration \u00e9co-responsables pour les pros et les particuliers.\",\"potentialAction\":[{\"@type\":\"SearchAction\",\"target\":{\"@type\":\"EntryPoint\",\"urlTemplate\":\"https:\\\/\\\/nature-et-developpement.com\\\/ned-perpignan\\\/?s={search_term_string}\"},\"query-input\":{\"@type\":\"PropertyValueSpecification\",\"valueRequired\":true,\"valueName\":\"search_term_string\"}}],\"inLanguage\":\"fr-FR\"}]}<\/script>\n<!-- \/ Yoast SEO plugin. -->","yoast_head_json":{"title":"STEICO protect H - Isolant rigide support d'enduit 20mm - Nature et D\u00e9veloppement Perpignan","robots":{"index":"noindex","follow":"nofollow"},"og_locale":"fr_FR","og_type":"article","og_title":"STEICO protect H - Isolant rigide support d'enduit 20mm - Nature et D\u00e9veloppement Perpignan","og_description":"Panneau isolant support d'enduits Les panneaux STEICO protect H sont parfaitement adapt\u00e9s \u00e0 la construction ossatures bois.","og_url":"https:\/\/nature-et-developpement.com\/ned-perpignan\/produit\/isolant-rigide-support-d-enduit-steico-protect-h\/","og_site_name":"Nature et D\u00e9veloppement Perpignan","article_modified_time":"2026-03-03T21:02:00+00:00","twitter_card":"summary_large_image","twitter_misc":{"Dur\u00e9e de lecture estim\u00e9e":"1 minute"},"schema":{"@context":"https:\/\/schema.org","@graph":[{"@type":"WebPage","@id":"https:\/\/nature-et-developpement.com\/ned-perpignan\/produit\/isolant-rigide-support-d-enduit-steico-protect-h\/","url":"https:\/\/nature-et-developpement.com\/ned-perpignan\/produit\/isolant-rigide-support-d-enduit-steico-protect-h\/","name":"STEICO protect H - Isolant rigide support d'enduit 20mm - Nature et D\u00e9veloppement Perpignan","isPartOf":{"@id":"https:\/\/nature-et-developpement.com\/ned-perpignan\/#website"},"primaryImageOfPage":{"@id":"https:\/\/nature-et-developpement.com\/ned-perpignan\/produit\/isolant-rigide-support-d-enduit-steico-protect-h\/#primaryimage"},"image":{"@id":"https:\/\/nature-et-developpement.com\/ned-perpignan\/produit\/isolant-rigide-support-d-enduit-steico-protect-h\/#primaryimage"},"thumbnailUrl":"https:\/\/nature-et-developpement.com\/ned-perpignan\/wp-content\/uploads\/Isolant-rigide-support-denduit-20mm-STEICO-protect-H.jpg","datePublished":"2025-03-18T09:12:35+00:00","dateModified":"2026-03-03T21:02:00+00:00","breadcrumb":{"@id":"https:\/\/nature-et-developpement.com\/ned-perpignan\/produit\/isolant-rigide-support-d-enduit-steico-protect-h\/#breadcrumb"},"inLanguage":"fr-FR","potentialAction":[{"@type":"ReadAction","target":["https:\/\/nature-et-developpement.com\/ned-perpignan\/produit\/isolant-rigide-support-d-enduit-steico-protect-h\/"]}]},{"@type":"ImageObject","inLanguage":"fr-FR","@id":"https:\/\/nature-et-developpement.com\/ned-perpignan\/produit\/isolant-rigide-support-d-enduit-steico-protect-h\/#primaryimage","url":"https:\/\/nature-et-developpement.com\/ned-perpignan\/wp-content\/uploads\/Isolant-rigide-support-denduit-20mm-STEICO-protect-H.jpg","contentUrl":"https:\/\/nature-et-developpement.com\/ned-perpignan\/wp-content\/uploads\/Isolant-rigide-support-denduit-20mm-STEICO-protect-H.jpg"},{"@type":"BreadcrumbList","@id":"https:\/\/nature-et-developpement.com\/ned-perpignan\/produit\/isolant-rigide-support-d-enduit-steico-protect-h\/#breadcrumb","itemListElement":[{"@type":"ListItem","position":1,"name":"Accueil","item":"https:\/\/nature-et-developpement.com\/ned-perpignan\/"},{"@type":"ListItem","position":2,"name":"Boutique","item":"https:\/\/nature-et-developpement.com\/ned-perpignan\/boutique\/"},{"@type":"ListItem","position":3,"name":"Isolation et \u00e9tanch\u00e9it\u00e9","item":"https:\/\/nature-et-developpement.com\/ned-perpignan\/produits\/isolation-et-etancheite\/"},{"@type":"ListItem","position":4,"name":"Isolation ext\u00e9rieure","item":"https:\/\/nature-et-developpement.com\/ned-perpignan\/produits\/isolation-et-etancheite\/isolation-exterieure\/"},{"@type":"ListItem","position":5,"name":"STEICO protect H &#8211; Isolant rigide support d&rsquo;enduit 20mm"}]},{"@type":"WebSite","@id":"https:\/\/nature-et-developpement.com\/ned-perpignan\/#website","url":"https:\/\/nature-et-developpement.com\/ned-perpignan\/","name":"Nature et D\u00e9veloppement Perpignan","description":"Solutions, mat\u00e9riaux et d\u00e9coration \u00e9co-responsables pour les pros et les particuliers.","potentialAction":[{"@type":"SearchAction","target":{"@type":"EntryPoint","urlTemplate":"https:\/\/nature-et-developpement.com\/ned-perpignan\/?s={search_term_string}"},"query-input":{"@type":"PropertyValueSpecification","valueRequired":true,"valueName":"search_term_string"}}],"inLanguage":"fr-FR"}]}},"distributor_meta":false,"distributor_terms":false,"distributor_media":false,"distributor_original_site_name":"Nature et D\u00e9veloppement Perpignan","distributor_original_site_url":"https:\/\/nature-et-developpement.com\/ned-perpignan","push-errors":false,"_links":{"self":[{"href":"https:\/\/nature-et-developpement.com\/ned-perpignan\/wp-json\/wp\/v2\/product\/282","targetHints":{"allow":["GET"]}}],"collection":[{"href":"https:\/\/nature-et-developpement.com\/ned-perpignan\/wp-json\/wp\/v2\/product"}],"about":[{"href":"https:\/\/nature-et-developpement.com\/ned-perpignan\/wp-json\/wp\/v2\/types\/product"}],"wp:featuredmedia":[{"embeddable":true,"href":"https:\/\/nature-et-developpement.com\/ned-perpignan\/wp-json\/"}],"wp:attachment":[{"href":"https:\/\/nature-et-developpement.com\/ned-perpignan\/wp-json\/wp\/v2\/media?parent=282"}],"wp:term":[{"taxonomy":"product_brand","embeddable":true,"href":"https:\/\/nature-et-developpement.com\/ned-perpignan\/wp-json\/wp\/v2\/product_brand?post=282"},{"taxonomy":"product_cat","embeddable":true,"href":"https:\/\/nature-et-developpement.com\/ned-perpignan\/wp-json\/wp\/v2\/product_cat?post=282"},{"taxonomy":"product_tag","embeddable":true,"href":"https:\/\/nature-et-developpement.com\/ned-perpignan\/wp-json\/wp\/v2\/product_tag?post=282"}],"curies":[{"name":"wp","href":"https:\/\/api.w.org\/{rel}","templated":true}]}}