{"id":5216,"date":"2024-04-01T00:00:00","date_gmt":"2024-03-31T22:00:00","guid":{"rendered":"https:\/\/nature-et-developpement.com\/ned-perpignan\/produit\/isolant-thermique-en-vrac-fermacell\/"},"modified":"2026-01-13T17:31:36","modified_gmt":"2026-01-13T16:31:36","slug":"isolant-thermique-en-vrac-fermacell","status":"publish","type":"product","link":"https:\/\/nature-et-developpement.com\/ned-perpignan\/produit\/isolant-thermique-en-vrac-fermacell\/","title":{"rendered":"Fermacell &#8211; Isolant Thermique en vrac A1"},"content":{"rendered":"<h2>Isolation en vrac A1 ou M0<\/h2>\n<p>L\u2019isolation thermique en vrac fermacell est id\u00e9ale pour l\u2019isolation compl\u00e8te d\u2019espaces creux tels que : poutraisons, toitures, cloisons.<\/p>\n<p>Elle est compos\u00e9e de perlite naturelle, adapt\u00e9e pour les constructions neuves et les r\u00e9novations.<\/p>\n<p>Il est class\u00e9 A1 (incombustible, norme europ\u00e9enne ou M0, norme fran\u00e7aise).<\/p>\n<p><strong>Domaines d\u2019application<\/strong><\/p>\n<ul>\n<li>Planchers dans le neuf et la r\u00e9novation<\/li>\n<li>Toitures, pans de toit<\/li>\n<li>Cloisons<\/li>\n<li>Ne convient pas pour l\u2019\u00e9galisation d\u2019un plancher<\/li>\n<\/ul>\n<h3>Application<\/h3>\n<p>1-Rev\u00eatir les poutres et les caissons avec un voile anti-fluage.<\/p>\n<p>2-\u00c9pandre l\u2019isolation en vrac entre les poutres.<\/p>\n<p>3-\u00c9galiser l\u2019isolation au ras des solives \u2013 Ne pas marcher sur l\u2019isolation.<\/p>\n<p>4-Recouvrir les surfaces avec un plancher bois ou un panneau pr\u00eat \u00e0 la pose fix\u00e9 dans les poutres.<\/p>\n","protected":false},"excerpt":{"rendered":"<p>L&rsquo;isolant thermique en vrac fermacell est id\u00e9al pour l&rsquo;isolation compl\u00e8te d&rsquo;espaces creux tels que : poutraisons, toitures, cloisons.<\/p>\n<p>Il est compos\u00e9e de perlite naturelle, adapt\u00e9e pour les constructions neuves et les r\u00e9novations.<\/p>\n","protected":false},"featured_media":1000000165922,"template":"","meta":[],"product_brand":[146],"product_cat":[2342,2669],"product_tag":[],"class_list":{"0":"post-5216","1":"product","2":"type-product","3":"status-publish","4":"has-post-thumbnail","6":"product_brand-fermacell","7":"product_cat-accessoires-isolation-et-etancheite","8":"product_cat-isolation-interieure","9":"product_shipping_class-sac-de-25kg","11":"first","12":"instock","13":"taxable","14":"shipping-taxable","15":"purchasable","16":"product-type-variable"},"yoast_head":"<!-- This site is optimized with the Yoast SEO plugin v27.5 - https:\/\/yoast.com\/product\/yoast-seo-wordpress\/ -->\n<title>Fermacell - Isolant Thermique en vrac A1 - Nature et D\u00e9veloppement Perpignan<\/title>\n<meta name=\"robots\" content=\"noindex, nofollow\" \/>\n<meta property=\"og:locale\" content=\"fr_FR\" \/>\n<meta property=\"og:type\" content=\"article\" \/>\n<meta property=\"og:title\" content=\"Fermacell - Isolant Thermique en vrac A1 - Nature et D\u00e9veloppement Perpignan\" \/>\n<meta property=\"og:description\" content=\"L&#039;isolant thermique en vrac fermacell est id\u00e9al pour l&#039;isolation compl\u00e8te d&#039;espaces creux tels que : poutraisons, toitures, cloisons.  Il est compos\u00e9e de perlite naturelle, adapt\u00e9e pour les constructions neuves et les r\u00e9novations.\" \/>\n<meta property=\"og:url\" content=\"https:\/\/nature-et-developpement.com\/ned-perpignan\/produit\/isolant-thermique-en-vrac-fermacell\/\" \/>\n<meta property=\"og:site_name\" content=\"Nature et D\u00e9veloppement Perpignan\" \/>\n<meta property=\"article:modified_time\" content=\"2026-01-13T16:31:36+00:00\" \/>\n<meta name=\"twitter:card\" content=\"summary_large_image\" \/>\n<meta name=\"twitter:label1\" content=\"Dur\u00e9e de lecture estim\u00e9e\" \/>\n\t<meta name=\"twitter:data1\" content=\"1 minute\" \/>\n<script type=\"application\/ld+json\" class=\"yoast-schema-graph\">{\"@context\":\"https:\\\/\\\/schema.org\",\"@graph\":[{\"@type\":\"WebPage\",\"@id\":\"https:\\\/\\\/nature-et-developpement.com\\\/ned-perpignan\\\/produit\\\/isolant-thermique-en-vrac-fermacell\\\/\",\"url\":\"https:\\\/\\\/nature-et-developpement.com\\\/ned-perpignan\\\/produit\\\/isolant-thermique-en-vrac-fermacell\\\/\",\"name\":\"Fermacell - Isolant Thermique en vrac A1 - Nature et D\u00e9veloppement Perpignan\",\"isPartOf\":{\"@id\":\"https:\\\/\\\/nature-et-developpement.com\\\/ned-perpignan\\\/#website\"},\"primaryImageOfPage\":{\"@id\":\"https:\\\/\\\/nature-et-developpement.com\\\/ned-perpignan\\\/produit\\\/isolant-thermique-en-vrac-fermacell\\\/#primaryimage\"},\"image\":{\"@id\":\"https:\\\/\\\/nature-et-developpement.com\\\/ned-perpignan\\\/produit\\\/isolant-thermique-en-vrac-fermacell\\\/#primaryimage\"},\"thumbnailUrl\":\"https:\\\/\\\/nature-et-developpement.com\\\/ned-perpignan\\\/wp-content\\\/uploads\\\/Isolant-thermique-en-vrac-fermacell-100L-78012.jpg\",\"datePublished\":\"2024-03-31T22:00:00+00:00\",\"dateModified\":\"2026-01-13T16:31:36+00:00\",\"breadcrumb\":{\"@id\":\"https:\\\/\\\/nature-et-developpement.com\\\/ned-perpignan\\\/produit\\\/isolant-thermique-en-vrac-fermacell\\\/#breadcrumb\"},\"inLanguage\":\"fr-FR\",\"potentialAction\":[{\"@type\":\"ReadAction\",\"target\":[\"https:\\\/\\\/nature-et-developpement.com\\\/ned-perpignan\\\/produit\\\/isolant-thermique-en-vrac-fermacell\\\/\"]}]},{\"@type\":\"ImageObject\",\"inLanguage\":\"fr-FR\",\"@id\":\"https:\\\/\\\/nature-et-developpement.com\\\/ned-perpignan\\\/produit\\\/isolant-thermique-en-vrac-fermacell\\\/#primaryimage\",\"url\":\"https:\\\/\\\/nature-et-developpement.com\\\/ned-perpignan\\\/wp-content\\\/uploads\\\/Isolant-thermique-en-vrac-fermacell-100L-78012.jpg\",\"contentUrl\":\"https:\\\/\\\/nature-et-developpement.com\\\/ned-perpignan\\\/wp-content\\\/uploads\\\/Isolant-thermique-en-vrac-fermacell-100L-78012.jpg\"},{\"@type\":\"BreadcrumbList\",\"@id\":\"https:\\\/\\\/nature-et-developpement.com\\\/ned-perpignan\\\/produit\\\/isolant-thermique-en-vrac-fermacell\\\/#breadcrumb\",\"itemListElement\":[{\"@type\":\"ListItem\",\"position\":1,\"name\":\"Accueil\",\"item\":\"https:\\\/\\\/nature-et-developpement.com\\\/ned-perpignan\\\/\"},{\"@type\":\"ListItem\",\"position\":2,\"name\":\"Boutique\",\"item\":\"https:\\\/\\\/nature-et-developpement.com\\\/ned-perpignan\\\/boutique\\\/\"},{\"@type\":\"ListItem\",\"position\":3,\"name\":\"Isolation et \u00e9tanch\u00e9it\u00e9\",\"item\":\"https:\\\/\\\/nature-et-developpement.com\\\/ned-perpignan\\\/produits\\\/isolation-et-etancheite\\\/\"},{\"@type\":\"ListItem\",\"position\":4,\"name\":\"Isolation int\u00e9rieure\",\"item\":\"https:\\\/\\\/nature-et-developpement.com\\\/ned-perpignan\\\/produits\\\/isolation-et-etancheite\\\/isolation-interieure\\\/\"},{\"@type\":\"ListItem\",\"position\":5,\"name\":\"Fermacell &#8211; Isolant Thermique en vrac A1\"}]},{\"@type\":\"WebSite\",\"@id\":\"https:\\\/\\\/nature-et-developpement.com\\\/ned-perpignan\\\/#website\",\"url\":\"https:\\\/\\\/nature-et-developpement.com\\\/ned-perpignan\\\/\",\"name\":\"Nature et D\u00e9veloppement Perpignan\",\"description\":\"Solutions, mat\u00e9riaux et d\u00e9coration \u00e9co-responsables pour les pros et les particuliers.\",\"potentialAction\":[{\"@type\":\"SearchAction\",\"target\":{\"@type\":\"EntryPoint\",\"urlTemplate\":\"https:\\\/\\\/nature-et-developpement.com\\\/ned-perpignan\\\/?s={search_term_string}\"},\"query-input\":{\"@type\":\"PropertyValueSpecification\",\"valueRequired\":true,\"valueName\":\"search_term_string\"}}],\"inLanguage\":\"fr-FR\"}]}<\/script>\n<!-- \/ Yoast SEO plugin. -->","yoast_head_json":{"title":"Fermacell - Isolant Thermique en vrac A1 - Nature et D\u00e9veloppement Perpignan","robots":{"index":"noindex","follow":"nofollow"},"og_locale":"fr_FR","og_type":"article","og_title":"Fermacell - Isolant Thermique en vrac A1 - Nature et D\u00e9veloppement Perpignan","og_description":"L'isolant thermique en vrac fermacell est id\u00e9al pour l'isolation compl\u00e8te d'espaces creux tels que : poutraisons, toitures, cloisons.  Il est compos\u00e9e de perlite naturelle, adapt\u00e9e pour les constructions neuves et les r\u00e9novations.","og_url":"https:\/\/nature-et-developpement.com\/ned-perpignan\/produit\/isolant-thermique-en-vrac-fermacell\/","og_site_name":"Nature et D\u00e9veloppement Perpignan","article_modified_time":"2026-01-13T16:31:36+00:00","twitter_card":"summary_large_image","twitter_misc":{"Dur\u00e9e de lecture estim\u00e9e":"1 minute"},"schema":{"@context":"https:\/\/schema.org","@graph":[{"@type":"WebPage","@id":"https:\/\/nature-et-developpement.com\/ned-perpignan\/produit\/isolant-thermique-en-vrac-fermacell\/","url":"https:\/\/nature-et-developpement.com\/ned-perpignan\/produit\/isolant-thermique-en-vrac-fermacell\/","name":"Fermacell - Isolant Thermique en vrac A1 - Nature et D\u00e9veloppement Perpignan","isPartOf":{"@id":"https:\/\/nature-et-developpement.com\/ned-perpignan\/#website"},"primaryImageOfPage":{"@id":"https:\/\/nature-et-developpement.com\/ned-perpignan\/produit\/isolant-thermique-en-vrac-fermacell\/#primaryimage"},"image":{"@id":"https:\/\/nature-et-developpement.com\/ned-perpignan\/produit\/isolant-thermique-en-vrac-fermacell\/#primaryimage"},"thumbnailUrl":"https:\/\/nature-et-developpement.com\/ned-perpignan\/wp-content\/uploads\/Isolant-thermique-en-vrac-fermacell-100L-78012.jpg","datePublished":"2024-03-31T22:00:00+00:00","dateModified":"2026-01-13T16:31:36+00:00","breadcrumb":{"@id":"https:\/\/nature-et-developpement.com\/ned-perpignan\/produit\/isolant-thermique-en-vrac-fermacell\/#breadcrumb"},"inLanguage":"fr-FR","potentialAction":[{"@type":"ReadAction","target":["https:\/\/nature-et-developpement.com\/ned-perpignan\/produit\/isolant-thermique-en-vrac-fermacell\/"]}]},{"@type":"ImageObject","inLanguage":"fr-FR","@id":"https:\/\/nature-et-developpement.com\/ned-perpignan\/produit\/isolant-thermique-en-vrac-fermacell\/#primaryimage","url":"https:\/\/nature-et-developpement.com\/ned-perpignan\/wp-content\/uploads\/Isolant-thermique-en-vrac-fermacell-100L-78012.jpg","contentUrl":"https:\/\/nature-et-developpement.com\/ned-perpignan\/wp-content\/uploads\/Isolant-thermique-en-vrac-fermacell-100L-78012.jpg"},{"@type":"BreadcrumbList","@id":"https:\/\/nature-et-developpement.com\/ned-perpignan\/produit\/isolant-thermique-en-vrac-fermacell\/#breadcrumb","itemListElement":[{"@type":"ListItem","position":1,"name":"Accueil","item":"https:\/\/nature-et-developpement.com\/ned-perpignan\/"},{"@type":"ListItem","position":2,"name":"Boutique","item":"https:\/\/nature-et-developpement.com\/ned-perpignan\/boutique\/"},{"@type":"ListItem","position":3,"name":"Isolation et \u00e9tanch\u00e9it\u00e9","item":"https:\/\/nature-et-developpement.com\/ned-perpignan\/produits\/isolation-et-etancheite\/"},{"@type":"ListItem","position":4,"name":"Isolation int\u00e9rieure","item":"https:\/\/nature-et-developpement.com\/ned-perpignan\/produits\/isolation-et-etancheite\/isolation-interieure\/"},{"@type":"ListItem","position":5,"name":"Fermacell &#8211; Isolant Thermique en vrac A1"}]},{"@type":"WebSite","@id":"https:\/\/nature-et-developpement.com\/ned-perpignan\/#website","url":"https:\/\/nature-et-developpement.com\/ned-perpignan\/","name":"Nature et D\u00e9veloppement Perpignan","description":"Solutions, mat\u00e9riaux et d\u00e9coration \u00e9co-responsables pour les pros et les particuliers.","potentialAction":[{"@type":"SearchAction","target":{"@type":"EntryPoint","urlTemplate":"https:\/\/nature-et-developpement.com\/ned-perpignan\/?s={search_term_string}"},"query-input":{"@type":"PropertyValueSpecification","valueRequired":true,"valueName":"search_term_string"}}],"inLanguage":"fr-FR"}]}},"distributor_meta":false,"distributor_terms":false,"distributor_media":false,"distributor_original_site_name":"Nature et D\u00e9veloppement Perpignan","distributor_original_site_url":"https:\/\/nature-et-developpement.com\/ned-perpignan","push-errors":false,"_links":{"self":[{"href":"https:\/\/nature-et-developpement.com\/ned-perpignan\/wp-json\/wp\/v2\/product\/5216","targetHints":{"allow":["GET"]}}],"collection":[{"href":"https:\/\/nature-et-developpement.com\/ned-perpignan\/wp-json\/wp\/v2\/product"}],"about":[{"href":"https:\/\/nature-et-developpement.com\/ned-perpignan\/wp-json\/wp\/v2\/types\/product"}],"wp:featuredmedia":[{"embeddable":true,"href":"https:\/\/nature-et-developpement.com\/ned-perpignan\/wp-json\/"}],"wp:attachment":[{"href":"https:\/\/nature-et-developpement.com\/ned-perpignan\/wp-json\/wp\/v2\/media?parent=5216"}],"wp:term":[{"taxonomy":"product_brand","embeddable":true,"href":"https:\/\/nature-et-developpement.com\/ned-perpignan\/wp-json\/wp\/v2\/product_brand?post=5216"},{"taxonomy":"product_cat","embeddable":true,"href":"https:\/\/nature-et-developpement.com\/ned-perpignan\/wp-json\/wp\/v2\/product_cat?post=5216"},{"taxonomy":"product_tag","embeddable":true,"href":"https:\/\/nature-et-developpement.com\/ned-perpignan\/wp-json\/wp\/v2\/product_tag?post=5216"}],"curies":[{"name":"wp","href":"https:\/\/api.w.org\/{rel}","templated":true}]}}

<h2>Isolation en vrac A1 ou M0</h2>
<p>L’isolation thermique en vrac fermacell est idéale pour l’isolation complète d’espaces creux tels que : poutraisons, toitures, cloisons.</p>
<p>Elle est composée de perlite naturelle, adaptée pour les constructions neuves et les rénovations.</p>
<p>Il est classé A1 (incombustible, norme européenne ou M0, norme française).</p>
<p><strong>Domaines d’application</strong></p>
<ul>
<li>Planchers dans le neuf et la rénovation</li>
<li>Toitures, pans de toit</li>
<li>Cloisons</li>
<li>Ne convient pas pour l’égalisation d’un plancher</li>
</ul>
<h3>Application</h3>
<p>1-Revêtir les poutres et les caissons avec un voile anti-fluage.</p>
<p>2-Épandre l’isolation en vrac entre les poutres.</p>
<p>3-Égaliser l’isolation au ras des solives – Ne pas marcher sur l’isolation.</p>
<p>4-Recouvrir les surfaces avec un plancher bois ou un panneau prêt à la pose fixé dans les poutres.</p>

<p>L&rsquo;isolant thermique en vrac fermacell est idéal pour l&rsquo;isolation complète d&rsquo;espaces creux tels que : poutraisons, toitures, cloisons.</p>
<p>Il est composée de perlite naturelle, adaptée pour les constructions neuves et les rénovations.</p>

<!-- This site is optimized with the Yoast SEO plugin v27.5 - https://yoast.com/product/yoast-seo-wordpress/ -->
<title>Fermacell - Isolant Thermique en vrac A1 - Nature et Développement Perpignan</title>
<meta name="robots" content="noindex, nofollow" />
<meta property="og:locale" content="fr_FR" />
<meta property="og:type" content="article" />
<meta property="og:title" content="Fermacell - Isolant Thermique en vrac A1 - Nature et Développement Perpignan" />
<meta property="og:description" content="L&#039;isolant thermique en vrac fermacell est idéal pour l&#039;isolation complète d&#039;espaces creux tels que : poutraisons, toitures, cloisons.  Il est composée de perlite naturelle, adaptée pour les constructions neuves et les rénovations." />
<meta property="og:url" content="https://nature-et-developpement.com/ned-perpignan/produit/isolant-thermique-en-vrac-fermacell/" />
<meta property="og:site_name" content="Nature et Développement Perpignan" />
<meta property="article:modified_time" content="2026-01-13T16:31:36+00:00" />
<meta name="twitter:card" content="summary_large_image" />
<meta name="twitter:label1" content="Durée de lecture estimée" />
	<meta name="twitter:data1" content="1 minute" />
<script type="application/ld+json" class="yoast-schema-graph">{"@context":"https:\/\/schema.org","@graph":[{"@type":"WebPage","@id":"https:\/\/nature-et-developpement.com\/ned-perpignan\/produit\/isolant-thermique-en-vrac-fermacell\/","url":"https:\/\/nature-et-developpement.com\/ned-perpignan\/produit\/isolant-thermique-en-vrac-fermacell\/","name":"Fermacell - Isolant Thermique en vrac A1 - Nature et Développement Perpignan","isPartOf":{"@id":"https:\/\/nature-et-developpement.com\/ned-perpignan\/#website"},"primaryImageOfPage":{"@id":"https:\/\/nature-et-developpement.com\/ned-perpignan\/produit\/isolant-thermique-en-vrac-fermacell\/#primaryimage"},"image":{"@id":"https:\/\/nature-et-developpement.com\/ned-perpignan\/produit\/isolant-thermique-en-vrac-fermacell\/#primaryimage"},"thumbnailUrl":"https:\/\/nature-et-developpement.com\/ned-perpignan\/wp-content\/uploads\/Isolant-thermique-en-vrac-fermacell-100L-78012.jpg","datePublished":"2024-03-31T22:00:00+00:00","dateModified":"2026-01-13T16:31:36+00:00","breadcrumb":{"@id":"https:\/\/nature-et-developpement.com\/ned-perpignan\/produit\/isolant-thermique-en-vrac-fermacell\/#breadcrumb"},"inLanguage":"fr-FR","potentialAction":[{"@type":"ReadAction","target":["https:\/\/nature-et-developpement.com\/ned-perpignan\/produit\/isolant-thermique-en-vrac-fermacell\/"]}]},{"@type":"ImageObject","inLanguage":"fr-FR","@id":"https:\/\/nature-et-developpement.com\/ned-perpignan\/produit\/isolant-thermique-en-vrac-fermacell\/#primaryimage","url":"https:\/\/nature-et-developpement.com\/ned-perpignan\/wp-content\/uploads\/Isolant-thermique-en-vrac-fermacell-100L-78012.jpg","contentUrl":"https:\/\/nature-et-developpement.com\/ned-perpignan\/wp-content\/uploads\/Isolant-thermique-en-vrac-fermacell-100L-78012.jpg"},{"@type":"BreadcrumbList","@id":"https:\/\/nature-et-developpement.com\/ned-perpignan\/produit\/isolant-thermique-en-vrac-fermacell\/#breadcrumb","itemListElement":[{"@type":"ListItem","position":1,"name":"Accueil","item":"https:\/\/nature-et-developpement.com\/ned-perpignan\/"},{"@type":"ListItem","position":2,"name":"Boutique","item":"https:\/\/nature-et-developpement.com\/ned-perpignan\/boutique\/"},{"@type":"ListItem","position":3,"name":"Isolation et étanchéité","item":"https:\/\/nature-et-developpement.com\/ned-perpignan\/produits\/isolation-et-etancheite\/"},{"@type":"ListItem","position":4,"name":"Isolation intérieure","item":"https:\/\/nature-et-developpement.com\/ned-perpignan\/produits\/isolation-et-etancheite\/isolation-interieure\/"},{"@type":"ListItem","position":5,"name":"Fermacell &#8211; Isolant Thermique en vrac A1"}]},{"@type":"WebSite","@id":"https:\/\/nature-et-developpement.com\/ned-perpignan\/#website","url":"https:\/\/nature-et-developpement.com\/ned-perpignan\/","name":"Nature et Développement Perpignan","description":"Solutions, matériaux et décoration éco-responsables pour les pros et les particuliers.","potentialAction":[{"@type":"SearchAction","target":{"@type":"EntryPoint","urlTemplate":"https:\/\/nature-et-developpement.com\/ned-perpignan\/?s={search_term_string}"},"query-input":{"@type":"PropertyValueSpecification","valueRequired":true,"valueName":"search_term_string"}}],"inLanguage":"fr-FR"}]}</script>
<!-- / Yoast SEO plugin. -->

Fermacell - Isolant Thermique en vrac A1 - Nature et Développement Perpignan

L'isolant thermique en vrac fermacell est idéal pour l'isolation complète d'espaces creux tels que : poutraisons, toitures, cloisons.  Il est composée de perlite naturelle, adaptée pour les constructions neuves et les rénovations.

Nature et Développement Perpignan

Isolation et étanchéité

Isolation intérieure

Solutions, matériaux et décoration éco-responsables pour les pros et les particuliers.
