{"id":5255,"date":"2024-04-01T00:00:00","date_gmt":"2024-03-31T22:00:00","guid":{"rendered":"https:\/\/nature-et-developpement.com\/ned-perpignan\/produit\/enduit-de-lissage-pour-plaque-fermacell\/"},"modified":"2026-03-17T11:36:32","modified_gmt":"2026-03-17T10:36:32","slug":"enduit-de-lissage-pour-plaque-fermacell","status":"publish","type":"product","link":"https:\/\/nature-et-developpement.com\/ned-perpignan\/produit\/enduit-de-lissage-pour-plaque-fermacell\/","title":{"rendered":"Fermacell &#8211; Enduit de lissage pour plaque"},"content":{"rendered":"<h2>Enduire un mur fermacell<\/h2>\n<p>L&rsquo;enduit de lissage fermacell est un enduit de dispersion l\u00e9ger, pr\u00eat \u00e0 l&#8217;emploi, pour le surfa\u00e7age universel des parois et des plafonds \u00e0 l&rsquo;int\u00e9rieur.<\/p>\n<p>Il est id\u00e9al pour r\u00e9aliser des surfaces homog\u00e8nes convenant comme support de peinture.<\/p>\n<h3>Application<\/h3>\n<p>1- La surface doit \u00eatre propre et s\u00e8che.<\/p>\n<p>2- La temp\u00e9rature de l\u2019air et du produit doit \u00eatre &gt; \u00e0 5\u00b0C.<\/p>\n<p>3- Appliquer le produit par couches &lt; \u00e0 0,5 mm \u00e0 l\u2019aide d\u2019une spatule.<\/p>\n<p>4- Durant la pose, le port d\u2019un masque, de gants et de lunettes de protection est obligatoire.<\/p>\n<p>5- Le temps de s\u00e9chage d\u00e9pend du type de parois, de l\u2019\u00e9paisseur d\u2019enduit, de la temp\u00e9rature et de l\u2019humidit\u00e9.<\/p>\n<p><strong>Conditionnement :<\/strong>\u00a0&#8211; Seau de 3 L \/ 3,6 kg ou de 10 L \/ 12 kg<\/p>\n<p><strong>Consommation\u00a0:<\/strong> Lissage des joints 100 g\/m\u00b2 environ. Surfa\u00e7age 200 g\/m\u00b2 environ<\/p>\n","protected":false},"excerpt":{"rendered":"<p>L&rsquo;enduit de lissage fermacell est un enduit, pr\u00eat \u00e0 l&#8217;emploi, pour le surfa\u00e7age universel des parois et des plafonds \u00e0 l&rsquo;int\u00e9rieur.<\/p>\n<p>Il est id\u00e9al pour r\u00e9aliser des surfaces homog\u00e8nes convenant comme support de peinture.<\/p>\n","protected":false},"featured_media":1000000165954,"template":"","meta":[],"product_brand":[146],"product_cat":[2343,94],"product_tag":[2950],"class_list":{"0":"post-5255","1":"product","2":"type-product","3":"status-publish","4":"has-post-thumbnail","6":"product_brand-fermacell","7":"product_cat-accessoires-construction","8":"product_cat-preparation-du-support","9":"product_tag-fermacell","10":"product_shipping_class-sac-de-25kg","12":"first","13":"instock","14":"taxable","15":"shipping-taxable","16":"purchasable","17":"product-type-variable"},"yoast_head":"<!-- This site is optimized with the Yoast SEO plugin v27.5 - https:\/\/yoast.com\/product\/yoast-seo-wordpress\/ -->\n<title>Fermacell - Enduit de lissage pour plaque - Nature et D\u00e9veloppement Perpignan<\/title>\n<meta name=\"robots\" content=\"noindex, nofollow\" \/>\n<meta property=\"og:locale\" content=\"fr_FR\" \/>\n<meta property=\"og:type\" content=\"article\" \/>\n<meta property=\"og:title\" content=\"Fermacell - Enduit de lissage pour plaque - Nature et D\u00e9veloppement Perpignan\" \/>\n<meta property=\"og:description\" content=\"L&#039;enduit de lissage fermacell est un enduit, pr\u00eat \u00e0 l&#039;emploi, pour le surfa\u00e7age universel des parois et des plafonds \u00e0 l&#039;int\u00e9rieur.  Il est id\u00e9al pour r\u00e9aliser des surfaces homog\u00e8nes convenant comme support de peinture.\" \/>\n<meta property=\"og:url\" content=\"https:\/\/nature-et-developpement.com\/ned-perpignan\/produit\/enduit-de-lissage-pour-plaque-fermacell\/\" \/>\n<meta property=\"og:site_name\" content=\"Nature et D\u00e9veloppement Perpignan\" \/>\n<meta property=\"article:modified_time\" content=\"2026-03-17T10:36:32+00:00\" \/>\n<meta name=\"twitter:card\" content=\"summary_large_image\" \/>\n<meta name=\"twitter:label1\" content=\"Dur\u00e9e de lecture estim\u00e9e\" \/>\n\t<meta name=\"twitter:data1\" content=\"1 minute\" \/>\n<script type=\"application\/ld+json\" class=\"yoast-schema-graph\">{\"@context\":\"https:\\\/\\\/schema.org\",\"@graph\":[{\"@type\":\"WebPage\",\"@id\":\"https:\\\/\\\/nature-et-developpement.com\\\/ned-perpignan\\\/produit\\\/enduit-de-lissage-pour-plaque-fermacell\\\/\",\"url\":\"https:\\\/\\\/nature-et-developpement.com\\\/ned-perpignan\\\/produit\\\/enduit-de-lissage-pour-plaque-fermacell\\\/\",\"name\":\"Fermacell - Enduit de lissage pour plaque - Nature et D\u00e9veloppement Perpignan\",\"isPartOf\":{\"@id\":\"https:\\\/\\\/nature-et-developpement.com\\\/ned-perpignan\\\/#website\"},\"primaryImageOfPage\":{\"@id\":\"https:\\\/\\\/nature-et-developpement.com\\\/ned-perpignan\\\/produit\\\/enduit-de-lissage-pour-plaque-fermacell\\\/#primaryimage\"},\"image\":{\"@id\":\"https:\\\/\\\/nature-et-developpement.com\\\/ned-perpignan\\\/produit\\\/enduit-de-lissage-pour-plaque-fermacell\\\/#primaryimage\"},\"thumbnailUrl\":\"https:\\\/\\\/nature-et-developpement.com\\\/ned-perpignan\\\/wp-content\\\/uploads\\\/Enduit-de-lissage-fermacell-10L-79002.jpg\",\"datePublished\":\"2024-03-31T22:00:00+00:00\",\"dateModified\":\"2026-03-17T10:36:32+00:00\",\"breadcrumb\":{\"@id\":\"https:\\\/\\\/nature-et-developpement.com\\\/ned-perpignan\\\/produit\\\/enduit-de-lissage-pour-plaque-fermacell\\\/#breadcrumb\"},\"inLanguage\":\"fr-FR\",\"potentialAction\":[{\"@type\":\"ReadAction\",\"target\":[\"https:\\\/\\\/nature-et-developpement.com\\\/ned-perpignan\\\/produit\\\/enduit-de-lissage-pour-plaque-fermacell\\\/\"]}]},{\"@type\":\"ImageObject\",\"inLanguage\":\"fr-FR\",\"@id\":\"https:\\\/\\\/nature-et-developpement.com\\\/ned-perpignan\\\/produit\\\/enduit-de-lissage-pour-plaque-fermacell\\\/#primaryimage\",\"url\":\"https:\\\/\\\/nature-et-developpement.com\\\/ned-perpignan\\\/wp-content\\\/uploads\\\/Enduit-de-lissage-fermacell-10L-79002.jpg\",\"contentUrl\":\"https:\\\/\\\/nature-et-developpement.com\\\/ned-perpignan\\\/wp-content\\\/uploads\\\/Enduit-de-lissage-fermacell-10L-79002.jpg\"},{\"@type\":\"BreadcrumbList\",\"@id\":\"https:\\\/\\\/nature-et-developpement.com\\\/ned-perpignan\\\/produit\\\/enduit-de-lissage-pour-plaque-fermacell\\\/#breadcrumb\",\"itemListElement\":[{\"@type\":\"ListItem\",\"position\":1,\"name\":\"Accueil\",\"item\":\"https:\\\/\\\/nature-et-developpement.com\\\/ned-perpignan\\\/\"},{\"@type\":\"ListItem\",\"position\":2,\"name\":\"Boutique\",\"item\":\"https:\\\/\\\/nature-et-developpement.com\\\/ned-perpignan\\\/boutique\\\/\"},{\"@type\":\"ListItem\",\"position\":3,\"name\":\"Construction, cloison et fen\u00eatres\",\"item\":\"https:\\\/\\\/nature-et-developpement.com\\\/ned-perpignan\\\/produits\\\/construction\\\/\"},{\"@type\":\"ListItem\",\"position\":4,\"name\":\"Accessoires construction\",\"item\":\"https:\\\/\\\/nature-et-developpement.com\\\/ned-perpignan\\\/produits\\\/construction\\\/accessoires-construction\\\/\"},{\"@type\":\"ListItem\",\"position\":5,\"name\":\"Fermacell &#8211; Enduit de lissage pour plaque\"}]},{\"@type\":\"WebSite\",\"@id\":\"https:\\\/\\\/nature-et-developpement.com\\\/ned-perpignan\\\/#website\",\"url\":\"https:\\\/\\\/nature-et-developpement.com\\\/ned-perpignan\\\/\",\"name\":\"Nature et D\u00e9veloppement Perpignan\",\"description\":\"Solutions, mat\u00e9riaux et d\u00e9coration \u00e9co-responsables pour les pros et les particuliers.\",\"potentialAction\":[{\"@type\":\"SearchAction\",\"target\":{\"@type\":\"EntryPoint\",\"urlTemplate\":\"https:\\\/\\\/nature-et-developpement.com\\\/ned-perpignan\\\/?s={search_term_string}\"},\"query-input\":{\"@type\":\"PropertyValueSpecification\",\"valueRequired\":true,\"valueName\":\"search_term_string\"}}],\"inLanguage\":\"fr-FR\"}]}<\/script>\n<!-- \/ Yoast SEO plugin. -->","yoast_head_json":{"title":"Fermacell - Enduit de lissage pour plaque - Nature et D\u00e9veloppement Perpignan","robots":{"index":"noindex","follow":"nofollow"},"og_locale":"fr_FR","og_type":"article","og_title":"Fermacell - Enduit de lissage pour plaque - Nature et D\u00e9veloppement Perpignan","og_description":"L'enduit de lissage fermacell est un enduit, pr\u00eat \u00e0 l'emploi, pour le surfa\u00e7age universel des parois et des plafonds \u00e0 l'int\u00e9rieur.  Il est id\u00e9al pour r\u00e9aliser des surfaces homog\u00e8nes convenant comme support de peinture.","og_url":"https:\/\/nature-et-developpement.com\/ned-perpignan\/produit\/enduit-de-lissage-pour-plaque-fermacell\/","og_site_name":"Nature et D\u00e9veloppement Perpignan","article_modified_time":"2026-03-17T10:36:32+00:00","twitter_card":"summary_large_image","twitter_misc":{"Dur\u00e9e de lecture estim\u00e9e":"1 minute"},"schema":{"@context":"https:\/\/schema.org","@graph":[{"@type":"WebPage","@id":"https:\/\/nature-et-developpement.com\/ned-perpignan\/produit\/enduit-de-lissage-pour-plaque-fermacell\/","url":"https:\/\/nature-et-developpement.com\/ned-perpignan\/produit\/enduit-de-lissage-pour-plaque-fermacell\/","name":"Fermacell - Enduit de lissage pour plaque - Nature et D\u00e9veloppement Perpignan","isPartOf":{"@id":"https:\/\/nature-et-developpement.com\/ned-perpignan\/#website"},"primaryImageOfPage":{"@id":"https:\/\/nature-et-developpement.com\/ned-perpignan\/produit\/enduit-de-lissage-pour-plaque-fermacell\/#primaryimage"},"image":{"@id":"https:\/\/nature-et-developpement.com\/ned-perpignan\/produit\/enduit-de-lissage-pour-plaque-fermacell\/#primaryimage"},"thumbnailUrl":"https:\/\/nature-et-developpement.com\/ned-perpignan\/wp-content\/uploads\/Enduit-de-lissage-fermacell-10L-79002.jpg","datePublished":"2024-03-31T22:00:00+00:00","dateModified":"2026-03-17T10:36:32+00:00","breadcrumb":{"@id":"https:\/\/nature-et-developpement.com\/ned-perpignan\/produit\/enduit-de-lissage-pour-plaque-fermacell\/#breadcrumb"},"inLanguage":"fr-FR","potentialAction":[{"@type":"ReadAction","target":["https:\/\/nature-et-developpement.com\/ned-perpignan\/produit\/enduit-de-lissage-pour-plaque-fermacell\/"]}]},{"@type":"ImageObject","inLanguage":"fr-FR","@id":"https:\/\/nature-et-developpement.com\/ned-perpignan\/produit\/enduit-de-lissage-pour-plaque-fermacell\/#primaryimage","url":"https:\/\/nature-et-developpement.com\/ned-perpignan\/wp-content\/uploads\/Enduit-de-lissage-fermacell-10L-79002.jpg","contentUrl":"https:\/\/nature-et-developpement.com\/ned-perpignan\/wp-content\/uploads\/Enduit-de-lissage-fermacell-10L-79002.jpg"},{"@type":"BreadcrumbList","@id":"https:\/\/nature-et-developpement.com\/ned-perpignan\/produit\/enduit-de-lissage-pour-plaque-fermacell\/#breadcrumb","itemListElement":[{"@type":"ListItem","position":1,"name":"Accueil","item":"https:\/\/nature-et-developpement.com\/ned-perpignan\/"},{"@type":"ListItem","position":2,"name":"Boutique","item":"https:\/\/nature-et-developpement.com\/ned-perpignan\/boutique\/"},{"@type":"ListItem","position":3,"name":"Construction, cloison et fen\u00eatres","item":"https:\/\/nature-et-developpement.com\/ned-perpignan\/produits\/construction\/"},{"@type":"ListItem","position":4,"name":"Accessoires construction","item":"https:\/\/nature-et-developpement.com\/ned-perpignan\/produits\/construction\/accessoires-construction\/"},{"@type":"ListItem","position":5,"name":"Fermacell &#8211; Enduit de lissage pour plaque"}]},{"@type":"WebSite","@id":"https:\/\/nature-et-developpement.com\/ned-perpignan\/#website","url":"https:\/\/nature-et-developpement.com\/ned-perpignan\/","name":"Nature et D\u00e9veloppement Perpignan","description":"Solutions, mat\u00e9riaux et d\u00e9coration \u00e9co-responsables pour les pros et les particuliers.","potentialAction":[{"@type":"SearchAction","target":{"@type":"EntryPoint","urlTemplate":"https:\/\/nature-et-developpement.com\/ned-perpignan\/?s={search_term_string}"},"query-input":{"@type":"PropertyValueSpecification","valueRequired":true,"valueName":"search_term_string"}}],"inLanguage":"fr-FR"}]}},"distributor_meta":false,"distributor_terms":false,"distributor_media":false,"distributor_original_site_name":"Nature et D\u00e9veloppement Perpignan","distributor_original_site_url":"https:\/\/nature-et-developpement.com\/ned-perpignan","push-errors":false,"_links":{"self":[{"href":"https:\/\/nature-et-developpement.com\/ned-perpignan\/wp-json\/wp\/v2\/product\/5255","targetHints":{"allow":["GET"]}}],"collection":[{"href":"https:\/\/nature-et-developpement.com\/ned-perpignan\/wp-json\/wp\/v2\/product"}],"about":[{"href":"https:\/\/nature-et-developpement.com\/ned-perpignan\/wp-json\/wp\/v2\/types\/product"}],"wp:featuredmedia":[{"embeddable":true,"href":"https:\/\/nature-et-developpement.com\/ned-perpignan\/wp-json\/"}],"wp:attachment":[{"href":"https:\/\/nature-et-developpement.com\/ned-perpignan\/wp-json\/wp\/v2\/media?parent=5255"}],"wp:term":[{"taxonomy":"product_brand","embeddable":true,"href":"https:\/\/nature-et-developpement.com\/ned-perpignan\/wp-json\/wp\/v2\/product_brand?post=5255"},{"taxonomy":"product_cat","embeddable":true,"href":"https:\/\/nature-et-developpement.com\/ned-perpignan\/wp-json\/wp\/v2\/product_cat?post=5255"},{"taxonomy":"product_tag","embeddable":true,"href":"https:\/\/nature-et-developpement.com\/ned-perpignan\/wp-json\/wp\/v2\/product_tag?post=5255"}],"curies":[{"name":"wp","href":"https:\/\/api.w.org\/{rel}","templated":true}]}}