{"id":5537,"date":"2021-10-06T11:58:12","date_gmt":"2021-10-06T09:58:12","guid":{"rendered":"https:\/\/nature-et-developpement.com\/ned-perpignan\/produit\/teintes-monochromes-keim-soldalit\/"},"modified":"2026-01-09T01:31:49","modified_gmt":"2026-01-09T00:31:49","slug":"teintes-monochromes-keim-soldalit","status":"publish","type":"product","link":"https:\/\/nature-et-developpement.com\/ned-perpignan\/produit\/teintes-monochromes-keim-soldalit\/","title":{"rendered":"Teintes monochromes KEIM Soldalit 12 teintes"},"content":{"rendered":"<div class=\"col-lg-12\">\n<div class=\"col-lg-12\">\n<h2 class=\"product-title inverse\">Teintes monochromes KEIM Soldalit\u00ae<\/h2>\n<\/div>\n<div class=\"col-lg-12 inverse\">\n<p>Gamme de 12 teintes de peinture \u00e0 base de double liant sol-silicate de potassium et de pigments min\u00e9raux.<\/p>\n<p>Les teintes monochromes Soldalit permettent une mise \u00e0 la teinte ais\u00e9e des peintures du syst\u00e8me KEIM Soldalit.<\/p>\n<p>Elles peuvent \u00e9galement \u00eatre appliqu\u00e9es comme peinture de finition pour l\u2019ex\u00e9cution de rev\u00eatements min\u00e9raux de teinte tr\u00e8s soutenue.<\/p>\n<p>Conforme \u00e0 la norme NFT 36-005 Famille I, Cat\u00e9gorie 1b1 (produits contenant au plus 5% de compos\u00e9s organiques selon le fascicule de documentation FD T 30-808).<\/p>\n<p><strong>Attention : ne pas confondre les num\u00e9ros de teintes avec les r\u00e9f\u00e9rences RAL de teintes.<\/strong><\/p>\n<\/div>\n<div class=\"col-lg-6 inverse\">\n<p><strong>Teinte<\/strong><br \/>\nDisponible uniquement dans les r\u00e9f\u00e9rences de teintes 9011 S \u00e0 9012 S.<\/p>\n<\/div>\n<div class=\"col-lg-6 inverse\">\n<p><strong>Conditionnement<\/strong><br \/>\nBidon de 1 kg, seau plastique de 5 kg et 18\u00a0kg.<\/p>\n<\/div>\n<\/div>\n<p><strong>Commande<\/strong><br \/>\nAjoutez le chiffre de la couleur choisie dans la case \u00ab\u00a0Compl\u00e9ments\u00a0\u00bb.<\/p>\n<p><img loading=\"lazy\" decoding=\"async\" class=\"alignnone wp-image-156198 size-large\" src=\"https:\/\/nature-et-developpement.com\/wp-content\/uploads\/Nuancier-12-Teintes-Monochromes-KEIM_Soldalit-1024x724.jpg\" alt=\"\" width=\"580\" height=\"410\" \/> <a href=\"https:\/\/nature-et-developpement.com\/wp-content\/uploads\/Nuancier_Teintes_Monochromes_KEIM_Soldalit.pdf\">Nuancier 12 Teintes Monochromes KEIM Soldalit<\/a><\/p>\n","protected":false},"excerpt":{"rendered":"<p><strong><a class=\"btn btn-default\" href=\"https:\/\/nature-et-developpement.com\/wp-content\/uploads\/Nuancier_Teintes_Monochromes_KEIM_Soldalit.pdf\" target=\"_blank\" rel=\"noopener\"><img loading=\"lazy\" decoding=\"async\" class=\"alignleft wp-image-108482\" src=\"https:\/\/nature-et-developpement.com\/wp-content\/uploads\/cms\/NATURA\/COULEURS_2020-450x450.jpg\" alt=\"\" width=\"30\" height=\"30\" \/><\/a><a href=\"https:\/\/nature-et-developpement.com\/wp-content\/uploads\/Spektrum_KEIM-ND.pdf\" target=\"_blank\" rel=\"noopener\">Choisissez votre couleur<\/a><\/strong><\/p>\n<p>&nbsp;<\/p>\n<p>Gamme de 12 teintes de peinture \u00e0 base de double liant sol-silicate de potassium et de pigments min\u00e9raux.<br \/>\nElles peuvent \u00e9galement \u00eatre appliqu\u00e9es comme peinture de finition pour l\u2019ex\u00e9cution de rev\u00eatements min\u00e9raux de teinte tr\u00e8s soutenue.<\/p>\n","protected":false},"featured_media":1000000156191,"template":"","meta":[],"product_brand":[160],"product_cat":[95,88,89],"product_tag":[1844],"class_list":{"0":"post-5537","1":"product","2":"type-product","3":"status-publish","4":"has-post-thumbnail","6":"product_brand-keim","7":"product_cat-colorants-et-pigments","8":"product_cat-peinture-et-enduit","9":"product_cat-peinture-ecologique","10":"product_tag-peinture","11":"product_shipping_class-peintures-accessoires-peintures","13":"first","14":"instock","15":"taxable","16":"shipping-taxable","17":"purchasable","18":"product-type-variable"},"yoast_head":"<!-- This site is optimized with the Yoast SEO plugin v27.5 - https:\/\/yoast.com\/product\/yoast-seo-wordpress\/ -->\n<title>Teintes monochromes KEIM Soldalit 12 teintes - Nature et D\u00e9veloppement Perpignan<\/title>\n<meta name=\"description\" content=\"Elles peuvent \u00eatre appliqu\u00e9es comme peinture de finition pour l\u2019ex\u00e9cution de rev\u00eatements min\u00e9raux de teinte tr\u00e8s soutenue.\" \/>\n<meta name=\"robots\" content=\"noindex, nofollow\" \/>\n<meta property=\"og:locale\" content=\"fr_FR\" \/>\n<meta property=\"og:type\" content=\"article\" \/>\n<meta property=\"og:title\" content=\"Teintes monochromes KEIM Soldalit 12 teintes - Nature et D\u00e9veloppement Perpignan\" \/>\n<meta property=\"og:description\" content=\"Elles peuvent \u00eatre appliqu\u00e9es comme peinture de finition pour l\u2019ex\u00e9cution de rev\u00eatements min\u00e9raux de teinte tr\u00e8s soutenue.\" \/>\n<meta property=\"og:url\" content=\"https:\/\/nature-et-developpement.com\/ned-perpignan\/produit\/teintes-monochromes-keim-soldalit\/\" \/>\n<meta property=\"og:site_name\" content=\"Nature et D\u00e9veloppement Perpignan\" \/>\n<meta property=\"article:modified_time\" content=\"2026-01-09T00:31:49+00:00\" \/>\n<meta name=\"twitter:card\" content=\"summary_large_image\" \/>\n<meta name=\"twitter:label1\" content=\"Dur\u00e9e de lecture estim\u00e9e\" \/>\n\t<meta name=\"twitter:data1\" content=\"1 minute\" \/>\n<script type=\"application\/ld+json\" class=\"yoast-schema-graph\">{\"@context\":\"https:\\\/\\\/schema.org\",\"@graph\":[{\"@type\":\"WebPage\",\"@id\":\"https:\\\/\\\/nature-et-developpement.com\\\/ned-perpignan\\\/produit\\\/teintes-monochromes-keim-soldalit\\\/\",\"url\":\"https:\\\/\\\/nature-et-developpement.com\\\/ned-perpignan\\\/produit\\\/teintes-monochromes-keim-soldalit\\\/\",\"name\":\"Teintes monochromes KEIM Soldalit 12 teintes - Nature et D\u00e9veloppement Perpignan\",\"isPartOf\":{\"@id\":\"https:\\\/\\\/nature-et-developpement.com\\\/ned-perpignan\\\/#website\"},\"primaryImageOfPage\":{\"@id\":\"https:\\\/\\\/nature-et-developpement.com\\\/ned-perpignan\\\/produit\\\/teintes-monochromes-keim-soldalit\\\/#primaryimage\"},\"image\":{\"@id\":\"https:\\\/\\\/nature-et-developpement.com\\\/ned-perpignan\\\/produit\\\/teintes-monochromes-keim-soldalit\\\/#primaryimage\"},\"thumbnailUrl\":\"https:\\\/\\\/nature-et-developpement.com\\\/ned-perpignan\\\/wp-content\\\/uploads\\\/Teintes-monochromes-KEIM-Soldalit-1Kg-5Kg-ou-18Kg.jpg\",\"datePublished\":\"2021-10-06T09:58:12+00:00\",\"dateModified\":\"2026-01-09T00:31:49+00:00\",\"description\":\"Elles peuvent \u00eatre appliqu\u00e9es comme peinture de finition pour l\u2019ex\u00e9cution de rev\u00eatements min\u00e9raux de teinte tr\u00e8s soutenue.\",\"breadcrumb\":{\"@id\":\"https:\\\/\\\/nature-et-developpement.com\\\/ned-perpignan\\\/produit\\\/teintes-monochromes-keim-soldalit\\\/#breadcrumb\"},\"inLanguage\":\"fr-FR\",\"potentialAction\":[{\"@type\":\"ReadAction\",\"target\":[\"https:\\\/\\\/nature-et-developpement.com\\\/ned-perpignan\\\/produit\\\/teintes-monochromes-keim-soldalit\\\/\"]}]},{\"@type\":\"ImageObject\",\"inLanguage\":\"fr-FR\",\"@id\":\"https:\\\/\\\/nature-et-developpement.com\\\/ned-perpignan\\\/produit\\\/teintes-monochromes-keim-soldalit\\\/#primaryimage\",\"url\":\"https:\\\/\\\/nature-et-developpement.com\\\/ned-perpignan\\\/wp-content\\\/uploads\\\/Teintes-monochromes-KEIM-Soldalit-1Kg-5Kg-ou-18Kg.jpg\",\"contentUrl\":\"https:\\\/\\\/nature-et-developpement.com\\\/ned-perpignan\\\/wp-content\\\/uploads\\\/Teintes-monochromes-KEIM-Soldalit-1Kg-5Kg-ou-18Kg.jpg\"},{\"@type\":\"BreadcrumbList\",\"@id\":\"https:\\\/\\\/nature-et-developpement.com\\\/ned-perpignan\\\/produit\\\/teintes-monochromes-keim-soldalit\\\/#breadcrumb\",\"itemListElement\":[{\"@type\":\"ListItem\",\"position\":1,\"name\":\"Accueil\",\"item\":\"https:\\\/\\\/nature-et-developpement.com\\\/ned-perpignan\\\/\"},{\"@type\":\"ListItem\",\"position\":2,\"name\":\"Boutique\",\"item\":\"https:\\\/\\\/nature-et-developpement.com\\\/ned-perpignan\\\/boutique\\\/\"},{\"@type\":\"ListItem\",\"position\":3,\"name\":\"Peinture, pigment et enduit\",\"item\":\"https:\\\/\\\/nature-et-developpement.com\\\/ned-perpignan\\\/produits\\\/peinture-et-enduit\\\/\"},{\"@type\":\"ListItem\",\"position\":4,\"name\":\"Peintures\",\"item\":\"https:\\\/\\\/nature-et-developpement.com\\\/ned-perpignan\\\/produits\\\/peinture-et-enduit\\\/peinture-ecologique\\\/\"},{\"@type\":\"ListItem\",\"position\":5,\"name\":\"Teintes monochromes KEIM Soldalit 12 teintes\"}]},{\"@type\":\"WebSite\",\"@id\":\"https:\\\/\\\/nature-et-developpement.com\\\/ned-perpignan\\\/#website\",\"url\":\"https:\\\/\\\/nature-et-developpement.com\\\/ned-perpignan\\\/\",\"name\":\"Nature et D\u00e9veloppement Perpignan\",\"description\":\"Solutions, mat\u00e9riaux et d\u00e9coration \u00e9co-responsables pour les pros et les particuliers.\",\"potentialAction\":[{\"@type\":\"SearchAction\",\"target\":{\"@type\":\"EntryPoint\",\"urlTemplate\":\"https:\\\/\\\/nature-et-developpement.com\\\/ned-perpignan\\\/?s={search_term_string}\"},\"query-input\":{\"@type\":\"PropertyValueSpecification\",\"valueRequired\":true,\"valueName\":\"search_term_string\"}}],\"inLanguage\":\"fr-FR\"}]}<\/script>\n<!-- \/ Yoast SEO plugin. -->","yoast_head_json":{"title":"Teintes monochromes KEIM Soldalit 12 teintes - Nature et D\u00e9veloppement Perpignan","description":"Elles peuvent \u00eatre appliqu\u00e9es comme peinture de finition pour l\u2019ex\u00e9cution de rev\u00eatements min\u00e9raux de teinte tr\u00e8s soutenue.","robots":{"index":"noindex","follow":"nofollow"},"og_locale":"fr_FR","og_type":"article","og_title":"Teintes monochromes KEIM Soldalit 12 teintes - Nature et D\u00e9veloppement Perpignan","og_description":"Elles peuvent \u00eatre appliqu\u00e9es comme peinture de finition pour l\u2019ex\u00e9cution de rev\u00eatements min\u00e9raux de teinte tr\u00e8s soutenue.","og_url":"https:\/\/nature-et-developpement.com\/ned-perpignan\/produit\/teintes-monochromes-keim-soldalit\/","og_site_name":"Nature et D\u00e9veloppement Perpignan","article_modified_time":"2026-01-09T00:31:49+00:00","twitter_card":"summary_large_image","twitter_misc":{"Dur\u00e9e de lecture estim\u00e9e":"1 minute"},"schema":{"@context":"https:\/\/schema.org","@graph":[{"@type":"WebPage","@id":"https:\/\/nature-et-developpement.com\/ned-perpignan\/produit\/teintes-monochromes-keim-soldalit\/","url":"https:\/\/nature-et-developpement.com\/ned-perpignan\/produit\/teintes-monochromes-keim-soldalit\/","name":"Teintes monochromes KEIM Soldalit 12 teintes - Nature et D\u00e9veloppement Perpignan","isPartOf":{"@id":"https:\/\/nature-et-developpement.com\/ned-perpignan\/#website"},"primaryImageOfPage":{"@id":"https:\/\/nature-et-developpement.com\/ned-perpignan\/produit\/teintes-monochromes-keim-soldalit\/#primaryimage"},"image":{"@id":"https:\/\/nature-et-developpement.com\/ned-perpignan\/produit\/teintes-monochromes-keim-soldalit\/#primaryimage"},"thumbnailUrl":"https:\/\/nature-et-developpement.com\/ned-perpignan\/wp-content\/uploads\/Teintes-monochromes-KEIM-Soldalit-1Kg-5Kg-ou-18Kg.jpg","datePublished":"2021-10-06T09:58:12+00:00","dateModified":"2026-01-09T00:31:49+00:00","description":"Elles peuvent \u00eatre appliqu\u00e9es comme peinture de finition pour l\u2019ex\u00e9cution de rev\u00eatements min\u00e9raux de teinte tr\u00e8s soutenue.","breadcrumb":{"@id":"https:\/\/nature-et-developpement.com\/ned-perpignan\/produit\/teintes-monochromes-keim-soldalit\/#breadcrumb"},"inLanguage":"fr-FR","potentialAction":[{"@type":"ReadAction","target":["https:\/\/nature-et-developpement.com\/ned-perpignan\/produit\/teintes-monochromes-keim-soldalit\/"]}]},{"@type":"ImageObject","inLanguage":"fr-FR","@id":"https:\/\/nature-et-developpement.com\/ned-perpignan\/produit\/teintes-monochromes-keim-soldalit\/#primaryimage","url":"https:\/\/nature-et-developpement.com\/ned-perpignan\/wp-content\/uploads\/Teintes-monochromes-KEIM-Soldalit-1Kg-5Kg-ou-18Kg.jpg","contentUrl":"https:\/\/nature-et-developpement.com\/ned-perpignan\/wp-content\/uploads\/Teintes-monochromes-KEIM-Soldalit-1Kg-5Kg-ou-18Kg.jpg"},{"@type":"BreadcrumbList","@id":"https:\/\/nature-et-developpement.com\/ned-perpignan\/produit\/teintes-monochromes-keim-soldalit\/#breadcrumb","itemListElement":[{"@type":"ListItem","position":1,"name":"Accueil","item":"https:\/\/nature-et-developpement.com\/ned-perpignan\/"},{"@type":"ListItem","position":2,"name":"Boutique","item":"https:\/\/nature-et-developpement.com\/ned-perpignan\/boutique\/"},{"@type":"ListItem","position":3,"name":"Peinture, pigment et enduit","item":"https:\/\/nature-et-developpement.com\/ned-perpignan\/produits\/peinture-et-enduit\/"},{"@type":"ListItem","position":4,"name":"Peintures","item":"https:\/\/nature-et-developpement.com\/ned-perpignan\/produits\/peinture-et-enduit\/peinture-ecologique\/"},{"@type":"ListItem","position":5,"name":"Teintes monochromes KEIM Soldalit 12 teintes"}]},{"@type":"WebSite","@id":"https:\/\/nature-et-developpement.com\/ned-perpignan\/#website","url":"https:\/\/nature-et-developpement.com\/ned-perpignan\/","name":"Nature et D\u00e9veloppement Perpignan","description":"Solutions, mat\u00e9riaux et d\u00e9coration \u00e9co-responsables pour les pros et les particuliers.","potentialAction":[{"@type":"SearchAction","target":{"@type":"EntryPoint","urlTemplate":"https:\/\/nature-et-developpement.com\/ned-perpignan\/?s={search_term_string}"},"query-input":{"@type":"PropertyValueSpecification","valueRequired":true,"valueName":"search_term_string"}}],"inLanguage":"fr-FR"}]}},"distributor_meta":false,"distributor_terms":false,"distributor_media":false,"distributor_original_site_name":"Nature et D\u00e9veloppement Perpignan","distributor_original_site_url":"https:\/\/nature-et-developpement.com\/ned-perpignan","push-errors":false,"_links":{"self":[{"href":"https:\/\/nature-et-developpement.com\/ned-perpignan\/wp-json\/wp\/v2\/product\/5537","targetHints":{"allow":["GET"]}}],"collection":[{"href":"https:\/\/nature-et-developpement.com\/ned-perpignan\/wp-json\/wp\/v2\/product"}],"about":[{"href":"https:\/\/nature-et-developpement.com\/ned-perpignan\/wp-json\/wp\/v2\/types\/product"}],"wp:featuredmedia":[{"embeddable":true,"href":"https:\/\/nature-et-developpement.com\/ned-perpignan\/wp-json\/"}],"wp:attachment":[{"href":"https:\/\/nature-et-developpement.com\/ned-perpignan\/wp-json\/wp\/v2\/media?parent=5537"}],"wp:term":[{"taxonomy":"product_brand","embeddable":true,"href":"https:\/\/nature-et-developpement.com\/ned-perpignan\/wp-json\/wp\/v2\/product_brand?post=5537"},{"taxonomy":"product_cat","embeddable":true,"href":"https:\/\/nature-et-developpement.com\/ned-perpignan\/wp-json\/wp\/v2\/product_cat?post=5537"},{"taxonomy":"product_tag","embeddable":true,"href":"https:\/\/nature-et-developpement.com\/ned-perpignan\/wp-json\/wp\/v2\/product_tag?post=5537"}],"curies":[{"name":"wp","href":"https:\/\/api.w.org\/{rel}","templated":true}]}}