{"id":5829,"date":"2017-10-25T17:35:03","date_gmt":"2017-10-25T15:35:03","guid":{"rendered":"https:\/\/nature-et-developpement.com\/ned-perpignan\/produit\/beton-cire\/"},"modified":"2025-10-23T19:30:50","modified_gmt":"2025-10-23T17:30:50","slug":"beton-cire","status":"publish","type":"product","link":"https:\/\/nature-et-developpement.com\/ned-perpignan\/produit\/beton-cire\/","title":{"rendered":"Marius Aurenti &#8211; B\u00e9ton cir\u00e9 pour sol, mur, terrasse et plan de travail"},"content":{"rendered":"<p>Cr\u00e9ateur du b\u00e9ton cir\u00e9 millim\u00e9trique\u00a0dans les ann\u00e9es 1990, Mati\u00e8res Marius Aurenti n\u2018a eu de cesse, depuis, de perfectionner cette mati\u00e8re pour lui donner une finesse et une qualit\u00e9 exceptionnelles.<\/p>\n<p>Mise au point dans leurs laboratoires, la technologie Blush rend ce <strong>b\u00e9ton cir\u00e9 pour sols<\/strong> tr\u00e8s qualitatif et r\u00e9sistant. Comparativement, aucun rev\u00eatement ne pr\u00e9sente une telle r\u00e9sistance m\u00e9canique sur une si faible \u00e9paisseur d\u2019application.<\/p>\n<p>Le <strong>B\u00e9ton cir\u00e9 Classic Marius Aurenti<\/strong> est disponible en kit et\u00a0dans 71 teintes, exclusivement \u00e9labor\u00e9es \u00e0 partir de pigments naturels en poudre. La composition du B\u00e9ton cir\u00e9, mati\u00e8re min\u00e9rale \u00e0 95%,\u00a0en fait un enduit chaleureux, aux teintes subtiles, tout en nuances.<\/p>\n<p>Au fil des ann\u00e9es, Marius Aurenti a \u00e9labor\u00e9 des traitements permettant de multiplier l\u2019utilisation du B\u00e9ton cir\u00e9 dans l\u2019habitat r\u00e9sidentiel, les h\u00f4tels, boutiques et restaurants.<\/p>\n<p>Id\u00e9al en r\u00e9novation, on peut appliquer le <strong>B\u00e9ton cir\u00e9 directement sur un ancien carrelage<\/strong> <strong>sain<\/strong> gr\u00e2ce \u00e0 un primaire d&rsquo;accroche sp\u00e9cifique.<\/p>\n<p>Venez d\u00e9couvrir les 71 nuances de teintes en magasin.<\/p>\n","protected":false},"excerpt":{"rendered":"<p>Le B\u00e9ton cir\u00e9 Classic\/ Mortier fin liss\u00e9, des Mati\u00e8res Marius Aurenti peut \u00eatre appliqu\u00e9 <strong>au sol<\/strong> et sur les murs dans les\u00a0cuisines, salles de bains, douches \u00e0 l&rsquo;italienne, plan de travail et plan vasque,\u00a0sur du mobilier et m\u00eame en\u00a0ext\u00e9rieur, dans les piscines, etc.<\/p>\n","protected":false},"featured_media":1000000165791,"template":"","meta":[],"product_brand":[164],"product_cat":[74,90,101],"product_tag":[2699],"class_list":{"0":"post-5829","1":"product","2":"type-product","3":"status-publish","4":"has-post-thumbnail","6":"product_brand-marius-aurenti","7":"product_cat-demande-de-devis-uniquement-sans-prix","8":"product_cat-enduits-naturels","9":"product_cat-tomette-beton-cire-pierre-naturelle","10":"product_tag-maurius-aurenti","11":"product_shipping_class-sac-de-25kg","13":"first","14":"instock","15":"taxable","16":"shipping-taxable","17":"purchasable","18":"product-type-variable"},"yoast_head":"<!-- This site is optimized with the Yoast SEO plugin v27.5 - https:\/\/yoast.com\/product\/yoast-seo-wordpress\/ -->\n<title>Marius Aurenti - B\u00e9ton cir\u00e9 pour sol, mur, terrasse et plan de travail - Nature et D\u00e9veloppement Perpignan<\/title>\n<meta name=\"robots\" content=\"noindex, nofollow\" \/>\n<meta property=\"og:locale\" content=\"fr_FR\" \/>\n<meta property=\"og:type\" content=\"article\" \/>\n<meta property=\"og:title\" content=\"Marius Aurenti - B\u00e9ton cir\u00e9 pour sol, mur, terrasse et plan de travail - Nature et D\u00e9veloppement Perpignan\" \/>\n<meta property=\"og:description\" content=\"Le B\u00e9ton cir\u00e9 Classic\/ Mortier fin liss\u00e9, des Mati\u00e8res Marius Aurenti peut \u00eatre appliqu\u00e9 au sol et sur les murs dans les\u00a0cuisines, salles de bains, douches \u00e0 l&#039;italienne, plan de travail et plan vasque,\u00a0sur du mobilier et m\u00eame en\u00a0ext\u00e9rieur, dans les piscines, etc.\" \/>\n<meta property=\"og:url\" content=\"https:\/\/nature-et-developpement.com\/ned-perpignan\/produit\/beton-cire\/\" \/>\n<meta property=\"og:site_name\" content=\"Nature et D\u00e9veloppement Perpignan\" \/>\n<meta property=\"article:modified_time\" content=\"2025-10-23T17:30:50+00:00\" \/>\n<meta name=\"twitter:card\" content=\"summary_large_image\" \/>\n<meta name=\"twitter:label1\" content=\"Dur\u00e9e de lecture estim\u00e9e\" \/>\n\t<meta name=\"twitter:data1\" content=\"1 minute\" \/>\n<script type=\"application\/ld+json\" class=\"yoast-schema-graph\">{\"@context\":\"https:\\\/\\\/schema.org\",\"@graph\":[{\"@type\":\"WebPage\",\"@id\":\"https:\\\/\\\/nature-et-developpement.com\\\/ned-perpignan\\\/produit\\\/beton-cire\\\/\",\"url\":\"https:\\\/\\\/nature-et-developpement.com\\\/ned-perpignan\\\/produit\\\/beton-cire\\\/\",\"name\":\"Marius Aurenti - B\u00e9ton cir\u00e9 pour sol, mur, terrasse et plan de travail - Nature et D\u00e9veloppement Perpignan\",\"isPartOf\":{\"@id\":\"https:\\\/\\\/nature-et-developpement.com\\\/ned-perpignan\\\/#website\"},\"primaryImageOfPage\":{\"@id\":\"https:\\\/\\\/nature-et-developpement.com\\\/ned-perpignan\\\/produit\\\/beton-cire\\\/#primaryimage\"},\"image\":{\"@id\":\"https:\\\/\\\/nature-et-developpement.com\\\/ned-perpignan\\\/produit\\\/beton-cire\\\/#primaryimage\"},\"thumbnailUrl\":\"https:\\\/\\\/nature-et-developpement.com\\\/ned-perpignan\\\/wp-content\\\/uploads\\\/Sol-en-beton-cire-Marius-AURENTI.jpg\",\"datePublished\":\"2017-10-25T15:35:03+00:00\",\"dateModified\":\"2025-10-23T17:30:50+00:00\",\"breadcrumb\":{\"@id\":\"https:\\\/\\\/nature-et-developpement.com\\\/ned-perpignan\\\/produit\\\/beton-cire\\\/#breadcrumb\"},\"inLanguage\":\"fr-FR\",\"potentialAction\":[{\"@type\":\"ReadAction\",\"target\":[\"https:\\\/\\\/nature-et-developpement.com\\\/ned-perpignan\\\/produit\\\/beton-cire\\\/\"]}]},{\"@type\":\"ImageObject\",\"inLanguage\":\"fr-FR\",\"@id\":\"https:\\\/\\\/nature-et-developpement.com\\\/ned-perpignan\\\/produit\\\/beton-cire\\\/#primaryimage\",\"url\":\"https:\\\/\\\/nature-et-developpement.com\\\/ned-perpignan\\\/wp-content\\\/uploads\\\/Sol-en-beton-cire-Marius-AURENTI.jpg\",\"contentUrl\":\"https:\\\/\\\/nature-et-developpement.com\\\/ned-perpignan\\\/wp-content\\\/uploads\\\/Sol-en-beton-cire-Marius-AURENTI.jpg\"},{\"@type\":\"BreadcrumbList\",\"@id\":\"https:\\\/\\\/nature-et-developpement.com\\\/ned-perpignan\\\/produit\\\/beton-cire\\\/#breadcrumb\",\"itemListElement\":[{\"@type\":\"ListItem\",\"position\":1,\"name\":\"Accueil\",\"item\":\"https:\\\/\\\/nature-et-developpement.com\\\/ned-perpignan\\\/\"},{\"@type\":\"ListItem\",\"position\":2,\"name\":\"Boutique\",\"item\":\"https:\\\/\\\/nature-et-developpement.com\\\/ned-perpignan\\\/boutique\\\/\"},{\"@type\":\"ListItem\",\"position\":3,\"name\":\"Peinture, pigment et enduit\",\"item\":\"https:\\\/\\\/nature-et-developpement.com\\\/ned-perpignan\\\/produits\\\/peinture-et-enduit\\\/\"},{\"@type\":\"ListItem\",\"position\":4,\"name\":\"Enduits naturels\",\"item\":\"https:\\\/\\\/nature-et-developpement.com\\\/ned-perpignan\\\/produits\\\/peinture-et-enduit\\\/enduits-naturels\\\/\"},{\"@type\":\"ListItem\",\"position\":5,\"name\":\"Marius Aurenti &#8211; B\u00e9ton cir\u00e9 pour sol, mur, terrasse et plan de travail\"}]},{\"@type\":\"WebSite\",\"@id\":\"https:\\\/\\\/nature-et-developpement.com\\\/ned-perpignan\\\/#website\",\"url\":\"https:\\\/\\\/nature-et-developpement.com\\\/ned-perpignan\\\/\",\"name\":\"Nature et D\u00e9veloppement Perpignan\",\"description\":\"Solutions, mat\u00e9riaux et d\u00e9coration \u00e9co-responsables pour les pros et les particuliers.\",\"potentialAction\":[{\"@type\":\"SearchAction\",\"target\":{\"@type\":\"EntryPoint\",\"urlTemplate\":\"https:\\\/\\\/nature-et-developpement.com\\\/ned-perpignan\\\/?s={search_term_string}\"},\"query-input\":{\"@type\":\"PropertyValueSpecification\",\"valueRequired\":true,\"valueName\":\"search_term_string\"}}],\"inLanguage\":\"fr-FR\"}]}<\/script>\n<!-- \/ Yoast SEO plugin. -->","yoast_head_json":{"title":"Marius Aurenti - B\u00e9ton cir\u00e9 pour sol, mur, terrasse et plan de travail - Nature et D\u00e9veloppement Perpignan","robots":{"index":"noindex","follow":"nofollow"},"og_locale":"fr_FR","og_type":"article","og_title":"Marius Aurenti - B\u00e9ton cir\u00e9 pour sol, mur, terrasse et plan de travail - Nature et D\u00e9veloppement Perpignan","og_description":"Le B\u00e9ton cir\u00e9 Classic\/ Mortier fin liss\u00e9, des Mati\u00e8res Marius Aurenti peut \u00eatre appliqu\u00e9 au sol et sur les murs dans les\u00a0cuisines, salles de bains, douches \u00e0 l'italienne, plan de travail et plan vasque,\u00a0sur du mobilier et m\u00eame en\u00a0ext\u00e9rieur, dans les piscines, etc.","og_url":"https:\/\/nature-et-developpement.com\/ned-perpignan\/produit\/beton-cire\/","og_site_name":"Nature et D\u00e9veloppement Perpignan","article_modified_time":"2025-10-23T17:30:50+00:00","twitter_card":"summary_large_image","twitter_misc":{"Dur\u00e9e de lecture estim\u00e9e":"1 minute"},"schema":{"@context":"https:\/\/schema.org","@graph":[{"@type":"WebPage","@id":"https:\/\/nature-et-developpement.com\/ned-perpignan\/produit\/beton-cire\/","url":"https:\/\/nature-et-developpement.com\/ned-perpignan\/produit\/beton-cire\/","name":"Marius Aurenti - B\u00e9ton cir\u00e9 pour sol, mur, terrasse et plan de travail - Nature et D\u00e9veloppement Perpignan","isPartOf":{"@id":"https:\/\/nature-et-developpement.com\/ned-perpignan\/#website"},"primaryImageOfPage":{"@id":"https:\/\/nature-et-developpement.com\/ned-perpignan\/produit\/beton-cire\/#primaryimage"},"image":{"@id":"https:\/\/nature-et-developpement.com\/ned-perpignan\/produit\/beton-cire\/#primaryimage"},"thumbnailUrl":"https:\/\/nature-et-developpement.com\/ned-perpignan\/wp-content\/uploads\/Sol-en-beton-cire-Marius-AURENTI.jpg","datePublished":"2017-10-25T15:35:03+00:00","dateModified":"2025-10-23T17:30:50+00:00","breadcrumb":{"@id":"https:\/\/nature-et-developpement.com\/ned-perpignan\/produit\/beton-cire\/#breadcrumb"},"inLanguage":"fr-FR","potentialAction":[{"@type":"ReadAction","target":["https:\/\/nature-et-developpement.com\/ned-perpignan\/produit\/beton-cire\/"]}]},{"@type":"ImageObject","inLanguage":"fr-FR","@id":"https:\/\/nature-et-developpement.com\/ned-perpignan\/produit\/beton-cire\/#primaryimage","url":"https:\/\/nature-et-developpement.com\/ned-perpignan\/wp-content\/uploads\/Sol-en-beton-cire-Marius-AURENTI.jpg","contentUrl":"https:\/\/nature-et-developpement.com\/ned-perpignan\/wp-content\/uploads\/Sol-en-beton-cire-Marius-AURENTI.jpg"},{"@type":"BreadcrumbList","@id":"https:\/\/nature-et-developpement.com\/ned-perpignan\/produit\/beton-cire\/#breadcrumb","itemListElement":[{"@type":"ListItem","position":1,"name":"Accueil","item":"https:\/\/nature-et-developpement.com\/ned-perpignan\/"},{"@type":"ListItem","position":2,"name":"Boutique","item":"https:\/\/nature-et-developpement.com\/ned-perpignan\/boutique\/"},{"@type":"ListItem","position":3,"name":"Peinture, pigment et enduit","item":"https:\/\/nature-et-developpement.com\/ned-perpignan\/produits\/peinture-et-enduit\/"},{"@type":"ListItem","position":4,"name":"Enduits naturels","item":"https:\/\/nature-et-developpement.com\/ned-perpignan\/produits\/peinture-et-enduit\/enduits-naturels\/"},{"@type":"ListItem","position":5,"name":"Marius Aurenti &#8211; B\u00e9ton cir\u00e9 pour sol, mur, terrasse et plan de travail"}]},{"@type":"WebSite","@id":"https:\/\/nature-et-developpement.com\/ned-perpignan\/#website","url":"https:\/\/nature-et-developpement.com\/ned-perpignan\/","name":"Nature et D\u00e9veloppement Perpignan","description":"Solutions, mat\u00e9riaux et d\u00e9coration \u00e9co-responsables pour les pros et les particuliers.","potentialAction":[{"@type":"SearchAction","target":{"@type":"EntryPoint","urlTemplate":"https:\/\/nature-et-developpement.com\/ned-perpignan\/?s={search_term_string}"},"query-input":{"@type":"PropertyValueSpecification","valueRequired":true,"valueName":"search_term_string"}}],"inLanguage":"fr-FR"}]}},"distributor_meta":false,"distributor_terms":false,"distributor_media":false,"distributor_original_site_name":"Nature et D\u00e9veloppement Perpignan","distributor_original_site_url":"https:\/\/nature-et-developpement.com\/ned-perpignan","push-errors":false,"_links":{"self":[{"href":"https:\/\/nature-et-developpement.com\/ned-perpignan\/wp-json\/wp\/v2\/product\/5829","targetHints":{"allow":["GET"]}}],"collection":[{"href":"https:\/\/nature-et-developpement.com\/ned-perpignan\/wp-json\/wp\/v2\/product"}],"about":[{"href":"https:\/\/nature-et-developpement.com\/ned-perpignan\/wp-json\/wp\/v2\/types\/product"}],"wp:featuredmedia":[{"embeddable":true,"href":"https:\/\/nature-et-developpement.com\/ned-perpignan\/wp-json\/"}],"wp:attachment":[{"href":"https:\/\/nature-et-developpement.com\/ned-perpignan\/wp-json\/wp\/v2\/media?parent=5829"}],"wp:term":[{"taxonomy":"product_brand","embeddable":true,"href":"https:\/\/nature-et-developpement.com\/ned-perpignan\/wp-json\/wp\/v2\/product_brand?post=5829"},{"taxonomy":"product_cat","embeddable":true,"href":"https:\/\/nature-et-developpement.com\/ned-perpignan\/wp-json\/wp\/v2\/product_cat?post=5829"},{"taxonomy":"product_tag","embeddable":true,"href":"https:\/\/nature-et-developpement.com\/ned-perpignan\/wp-json\/wp\/v2\/product_tag?post=5829"}],"curies":[{"name":"wp","href":"https:\/\/api.w.org\/{rel}","templated":true}]}}