{"id":955,"date":"2025-03-18T10:12:35","date_gmt":"2025-03-18T09:12:35","guid":{"rendered":"https:\/\/nature-et-developpement.com\/ned-perpignan\/produit\/panneau-pare-pluie-pour-bardage-ajoure-steico-universal-black\/"},"modified":"2026-03-03T22:32:13","modified_gmt":"2026-03-03T21:32:13","slug":"panneau-pare-pluie-pour-bardage-ajoure-steico-universal-black","status":"publish","type":"product","link":"https:\/\/nature-et-developpement.com\/ned-perpignan\/produit\/panneau-pare-pluie-pour-bardage-ajoure-steico-universal-black\/","title":{"rendered":"STEICO universal black &#8211; Panneau pare-pluie pour bardage ajour\u00e9"},"content":{"rendered":"<h2>Panneau pare-pluie pour bardage ajour\u00e9 STEICO universal black<\/h2>\n<p>Panneau bitum\u00e9 pour une utilisation derri\u00e8re bardage ou v\u00eature ventil\u00e9e, ou claire voie.<\/p>\n<p>L\u2018espace entre lames ne peut exc\u00e9der 20mm et repr\u00e9sente au maximum un quart de la surface totale de la fa\u00e7ade<\/p>\n<p>Il suffit comme protection contre les intemp\u00e9ries, pas de membrane n\u00e9cessaire<\/p>\n<p>Le panneau conserve ses fonctions et son aspect m\u00eame s\u2018il est ab\u00eem\u00e9 en surface<\/p>\n<p>Avec son\u00a0profil rainure et languette sur les quatre chants, pas d\u2018obligation d\u2018assembler les panneaux entre eux sur l\u2018ossature uniquement<\/p>\n<p>Tr\u00e8s ouvert \u00e0 la diffusion de vapeur d\u2018eau pour une construction saine<\/p>\n<p>Rapide et facile \u00e0 mettre en \u0153uvre<\/p>\n<h4 class=\"productDetail__label productDetail__label--big\">Caract\u00e9ristiques techniques<\/h4>\n<div class=\"table-responsive\">\n<table>\n<tbody>\n<tr>\n<td class=\"label\">Produit et certifi\u00e9 selon<\/td>\n<td class=\"value\">NF EN 13986 et NF EN 622<\/td>\n<\/tr>\n<tr>\n<td class=\"label\">Marquage<\/td>\n<td class=\"value\">SB.E-E1<\/td>\n<\/tr>\n<tr>\n<td class=\"label\">R\u00e9action au feu selon norme EN 13986<\/td>\n<td class=\"value\">E<\/td>\n<\/tr>\n<tr>\n<td class=\"label\">Conductivit\u00e9 thermique \u03bbD selon EN 13986 [W\/(m*K)]<\/td>\n<td class=\"value\">0,05<\/td>\n<\/tr>\n<tr>\n<td class=\"label\">R\u00e9sistance thermique RD [(m\u00b2*K)\/W]<\/td>\n<td class=\"value\">0,40(22) \/ 0,70(35)<\/td>\n<\/tr>\n<tr>\n<td class=\"label\">Masse volumique [kg\/m\u00b3]<\/td>\n<td class=\"value\">env. 260<\/td>\n<\/tr>\n<tr>\n<td class=\"label\">Facteur de r\u00e9sistance \u00e0 la diffusion de vapeur d\u2018eau \u03bc<\/td>\n<td class=\"value\">5 selon EN 13986<\/td>\n<\/tr>\n<tr>\n<td class=\"label\">Valeur sd [m]<\/td>\n<td class=\"value\">0,11(22) \/ 0,18(35)<\/td>\n<\/tr>\n<tr>\n<td class=\"label\">Absorption d&rsquo;eau \u00e0 court terme [kg\/m\u00b2]<\/td>\n<td class=\"value\">\u2264 1,0<\/td>\n<\/tr>\n<tr>\n<td class=\"label\">Capacit\u00e9 thermique massique [J\/(kg*K)]<\/td>\n<td class=\"value\">2.100<\/td>\n<\/tr>\n<tr>\n<td class=\"label\">R\u00e9sistance \u00e0 la flexion \u00e0 10 % de compression [N\/mm\u00b2]<\/td>\n<td class=\"value\">0,15<\/td>\n<\/tr>\n<tr>\n<td class=\"label\">R\u00e9sistance \u00e0 la compression [kPa]<\/td>\n<td class=\"value\">150<\/td>\n<\/tr>\n<tr>\n<td class=\"label\">Composants<\/td>\n<td class=\"value\">Fibre de bois, sulfate d&rsquo;aluminium, bitume<\/td>\n<\/tr>\n<tr>\n<td class=\"label\">Code de recyclage (EAK)<\/td>\n<td class=\"value\">030105 \/ 170201<\/td>\n<\/tr>\n<\/tbody>\n<\/table>\n<\/div>\n","protected":false},"excerpt":{"rendered":"<p>Panneau pare-pluie\u00a0\u00e9cologique,\u00a0\u00e0 base de fibres de bois et bitume, pour les bardages \u00e0 clair voie jusqu\u2019\u00e0 20 mm en pose horizontale.<br \/>\nProtection contre les intemp\u00e9ries sans membrane suppl\u00e9mentaire.<br \/>\nHaute performance isolante, tant en hiver qu\u2018en \u00e9t\u00e9<br \/>\nPanneaux rainure languette<\/p>\n","protected":false},"featured_media":1000000166631,"template":"","meta":[],"product_brand":[184],"product_cat":[2668,2671],"product_tag":[1866],"class_list":{"0":"post-955","1":"product","2":"type-product","3":"status-publish","4":"has-post-thumbnail","6":"product_brand-steico","7":"product_cat-isolation-exterieure","8":"product_cat-pare-pluie","9":"product_tag-fibre-de-bois","11":"first","12":"instock","13":"taxable","14":"shipping-taxable","15":"purchasable","16":"product-type-variable"},"yoast_head":"<!-- This site is optimized with the Yoast SEO plugin v27.5 - https:\/\/yoast.com\/product\/yoast-seo-wordpress\/ -->\n<title>STEICO universal black - Panneau pare-pluie pour bardage ajour\u00e9 - Nature et D\u00e9veloppement Perpignan<\/title>\n<meta name=\"description\" content=\"Panneau pare-pluie\u00a0\u00e9cologique,\u00a0\u00e0 base de fibres de bois et bitume, pour les bardages \u00e0 clair voie. Haute performance isolante hiver comme \u00e9t\u00e9\" \/>\n<meta name=\"robots\" content=\"noindex, nofollow\" \/>\n<meta property=\"og:locale\" content=\"fr_FR\" \/>\n<meta property=\"og:type\" content=\"article\" \/>\n<meta property=\"og:title\" content=\"STEICO universal black - Panneau pare-pluie pour bardage ajour\u00e9 - Nature et D\u00e9veloppement Perpignan\" \/>\n<meta property=\"og:description\" content=\"Panneau pare-pluie\u00a0\u00e9cologique,\u00a0\u00e0 base de fibres de bois et bitume, pour les bardages \u00e0 clair voie. Haute performance isolante hiver comme \u00e9t\u00e9\" \/>\n<meta property=\"og:url\" content=\"https:\/\/nature-et-developpement.com\/ned-perpignan\/produit\/panneau-pare-pluie-pour-bardage-ajoure-steico-universal-black\/\" \/>\n<meta property=\"og:site_name\" content=\"Nature et D\u00e9veloppement Perpignan\" \/>\n<meta property=\"article:modified_time\" content=\"2026-03-03T21:32:13+00:00\" \/>\n<meta name=\"twitter:card\" content=\"summary_large_image\" \/>\n<meta name=\"twitter:label1\" content=\"Dur\u00e9e de lecture estim\u00e9e\" \/>\n\t<meta name=\"twitter:data1\" content=\"2 minutes\" \/>\n<script type=\"application\/ld+json\" class=\"yoast-schema-graph\">{\"@context\":\"https:\\\/\\\/schema.org\",\"@graph\":[{\"@type\":\"WebPage\",\"@id\":\"https:\\\/\\\/nature-et-developpement.com\\\/ned-perpignan\\\/produit\\\/panneau-pare-pluie-pour-bardage-ajoure-steico-universal-black\\\/\",\"url\":\"https:\\\/\\\/nature-et-developpement.com\\\/ned-perpignan\\\/produit\\\/panneau-pare-pluie-pour-bardage-ajoure-steico-universal-black\\\/\",\"name\":\"STEICO universal black - Panneau pare-pluie pour bardage ajour\u00e9 - Nature et D\u00e9veloppement Perpignan\",\"isPartOf\":{\"@id\":\"https:\\\/\\\/nature-et-developpement.com\\\/ned-perpignan\\\/#website\"},\"primaryImageOfPage\":{\"@id\":\"https:\\\/\\\/nature-et-developpement.com\\\/ned-perpignan\\\/produit\\\/panneau-pare-pluie-pour-bardage-ajoure-steico-universal-black\\\/#primaryimage\"},\"image\":{\"@id\":\"https:\\\/\\\/nature-et-developpement.com\\\/ned-perpignan\\\/produit\\\/panneau-pare-pluie-pour-bardage-ajoure-steico-universal-black\\\/#primaryimage\"},\"thumbnailUrl\":\"https:\\\/\\\/nature-et-developpement.com\\\/ned-perpignan\\\/wp-content\\\/uploads\\\/Panneau-pare-pluie-pour-bardage-ajoure-STEICO-universal-black.jpg\",\"datePublished\":\"2025-03-18T09:12:35+00:00\",\"dateModified\":\"2026-03-03T21:32:13+00:00\",\"description\":\"Panneau pare-pluie\u00a0\u00e9cologique,\u00a0\u00e0 base de fibres de bois et bitume, pour les bardages \u00e0 clair voie. Haute performance isolante hiver comme \u00e9t\u00e9\",\"breadcrumb\":{\"@id\":\"https:\\\/\\\/nature-et-developpement.com\\\/ned-perpignan\\\/produit\\\/panneau-pare-pluie-pour-bardage-ajoure-steico-universal-black\\\/#breadcrumb\"},\"inLanguage\":\"fr-FR\",\"potentialAction\":[{\"@type\":\"ReadAction\",\"target\":[\"https:\\\/\\\/nature-et-developpement.com\\\/ned-perpignan\\\/produit\\\/panneau-pare-pluie-pour-bardage-ajoure-steico-universal-black\\\/\"]}]},{\"@type\":\"ImageObject\",\"inLanguage\":\"fr-FR\",\"@id\":\"https:\\\/\\\/nature-et-developpement.com\\\/ned-perpignan\\\/produit\\\/panneau-pare-pluie-pour-bardage-ajoure-steico-universal-black\\\/#primaryimage\",\"url\":\"https:\\\/\\\/nature-et-developpement.com\\\/ned-perpignan\\\/wp-content\\\/uploads\\\/Panneau-pare-pluie-pour-bardage-ajoure-STEICO-universal-black.jpg\",\"contentUrl\":\"https:\\\/\\\/nature-et-developpement.com\\\/ned-perpignan\\\/wp-content\\\/uploads\\\/Panneau-pare-pluie-pour-bardage-ajoure-STEICO-universal-black.jpg\"},{\"@type\":\"BreadcrumbList\",\"@id\":\"https:\\\/\\\/nature-et-developpement.com\\\/ned-perpignan\\\/produit\\\/panneau-pare-pluie-pour-bardage-ajoure-steico-universal-black\\\/#breadcrumb\",\"itemListElement\":[{\"@type\":\"ListItem\",\"position\":1,\"name\":\"Accueil\",\"item\":\"https:\\\/\\\/nature-et-developpement.com\\\/ned-perpignan\\\/\"},{\"@type\":\"ListItem\",\"position\":2,\"name\":\"Boutique\",\"item\":\"https:\\\/\\\/nature-et-developpement.com\\\/ned-perpignan\\\/boutique\\\/\"},{\"@type\":\"ListItem\",\"position\":3,\"name\":\"Isolation et \u00e9tanch\u00e9it\u00e9\",\"item\":\"https:\\\/\\\/nature-et-developpement.com\\\/ned-perpignan\\\/produits\\\/isolation-et-etancheite\\\/\"},{\"@type\":\"ListItem\",\"position\":4,\"name\":\"Isolation ext\u00e9rieure\",\"item\":\"https:\\\/\\\/nature-et-developpement.com\\\/ned-perpignan\\\/produits\\\/isolation-et-etancheite\\\/isolation-exterieure\\\/\"},{\"@type\":\"ListItem\",\"position\":5,\"name\":\"STEICO universal black &#8211; Panneau pare-pluie pour bardage ajour\u00e9\"}]},{\"@type\":\"WebSite\",\"@id\":\"https:\\\/\\\/nature-et-developpement.com\\\/ned-perpignan\\\/#website\",\"url\":\"https:\\\/\\\/nature-et-developpement.com\\\/ned-perpignan\\\/\",\"name\":\"Nature et D\u00e9veloppement Perpignan\",\"description\":\"Solutions, mat\u00e9riaux et d\u00e9coration \u00e9co-responsables pour les pros et les particuliers.\",\"potentialAction\":[{\"@type\":\"SearchAction\",\"target\":{\"@type\":\"EntryPoint\",\"urlTemplate\":\"https:\\\/\\\/nature-et-developpement.com\\\/ned-perpignan\\\/?s={search_term_string}\"},\"query-input\":{\"@type\":\"PropertyValueSpecification\",\"valueRequired\":true,\"valueName\":\"search_term_string\"}}],\"inLanguage\":\"fr-FR\"}]}<\/script>\n<!-- \/ Yoast SEO plugin. -->","yoast_head_json":{"title":"STEICO universal black - Panneau pare-pluie pour bardage ajour\u00e9 - Nature et D\u00e9veloppement Perpignan","description":"Panneau pare-pluie\u00a0\u00e9cologique,\u00a0\u00e0 base de fibres de bois et bitume, pour les bardages \u00e0 clair voie. Haute performance isolante hiver comme \u00e9t\u00e9","robots":{"index":"noindex","follow":"nofollow"},"og_locale":"fr_FR","og_type":"article","og_title":"STEICO universal black - Panneau pare-pluie pour bardage ajour\u00e9 - Nature et D\u00e9veloppement Perpignan","og_description":"Panneau pare-pluie\u00a0\u00e9cologique,\u00a0\u00e0 base de fibres de bois et bitume, pour les bardages \u00e0 clair voie. Haute performance isolante hiver comme \u00e9t\u00e9","og_url":"https:\/\/nature-et-developpement.com\/ned-perpignan\/produit\/panneau-pare-pluie-pour-bardage-ajoure-steico-universal-black\/","og_site_name":"Nature et D\u00e9veloppement Perpignan","article_modified_time":"2026-03-03T21:32:13+00:00","twitter_card":"summary_large_image","twitter_misc":{"Dur\u00e9e de lecture estim\u00e9e":"2 minutes"},"schema":{"@context":"https:\/\/schema.org","@graph":[{"@type":"WebPage","@id":"https:\/\/nature-et-developpement.com\/ned-perpignan\/produit\/panneau-pare-pluie-pour-bardage-ajoure-steico-universal-black\/","url":"https:\/\/nature-et-developpement.com\/ned-perpignan\/produit\/panneau-pare-pluie-pour-bardage-ajoure-steico-universal-black\/","name":"STEICO universal black - Panneau pare-pluie pour bardage ajour\u00e9 - Nature et D\u00e9veloppement Perpignan","isPartOf":{"@id":"https:\/\/nature-et-developpement.com\/ned-perpignan\/#website"},"primaryImageOfPage":{"@id":"https:\/\/nature-et-developpement.com\/ned-perpignan\/produit\/panneau-pare-pluie-pour-bardage-ajoure-steico-universal-black\/#primaryimage"},"image":{"@id":"https:\/\/nature-et-developpement.com\/ned-perpignan\/produit\/panneau-pare-pluie-pour-bardage-ajoure-steico-universal-black\/#primaryimage"},"thumbnailUrl":"https:\/\/nature-et-developpement.com\/ned-perpignan\/wp-content\/uploads\/Panneau-pare-pluie-pour-bardage-ajoure-STEICO-universal-black.jpg","datePublished":"2025-03-18T09:12:35+00:00","dateModified":"2026-03-03T21:32:13+00:00","description":"Panneau pare-pluie\u00a0\u00e9cologique,\u00a0\u00e0 base de fibres de bois et bitume, pour les bardages \u00e0 clair voie. Haute performance isolante hiver comme \u00e9t\u00e9","breadcrumb":{"@id":"https:\/\/nature-et-developpement.com\/ned-perpignan\/produit\/panneau-pare-pluie-pour-bardage-ajoure-steico-universal-black\/#breadcrumb"},"inLanguage":"fr-FR","potentialAction":[{"@type":"ReadAction","target":["https:\/\/nature-et-developpement.com\/ned-perpignan\/produit\/panneau-pare-pluie-pour-bardage-ajoure-steico-universal-black\/"]}]},{"@type":"ImageObject","inLanguage":"fr-FR","@id":"https:\/\/nature-et-developpement.com\/ned-perpignan\/produit\/panneau-pare-pluie-pour-bardage-ajoure-steico-universal-black\/#primaryimage","url":"https:\/\/nature-et-developpement.com\/ned-perpignan\/wp-content\/uploads\/Panneau-pare-pluie-pour-bardage-ajoure-STEICO-universal-black.jpg","contentUrl":"https:\/\/nature-et-developpement.com\/ned-perpignan\/wp-content\/uploads\/Panneau-pare-pluie-pour-bardage-ajoure-STEICO-universal-black.jpg"},{"@type":"BreadcrumbList","@id":"https:\/\/nature-et-developpement.com\/ned-perpignan\/produit\/panneau-pare-pluie-pour-bardage-ajoure-steico-universal-black\/#breadcrumb","itemListElement":[{"@type":"ListItem","position":1,"name":"Accueil","item":"https:\/\/nature-et-developpement.com\/ned-perpignan\/"},{"@type":"ListItem","position":2,"name":"Boutique","item":"https:\/\/nature-et-developpement.com\/ned-perpignan\/boutique\/"},{"@type":"ListItem","position":3,"name":"Isolation et \u00e9tanch\u00e9it\u00e9","item":"https:\/\/nature-et-developpement.com\/ned-perpignan\/produits\/isolation-et-etancheite\/"},{"@type":"ListItem","position":4,"name":"Isolation ext\u00e9rieure","item":"https:\/\/nature-et-developpement.com\/ned-perpignan\/produits\/isolation-et-etancheite\/isolation-exterieure\/"},{"@type":"ListItem","position":5,"name":"STEICO universal black &#8211; Panneau pare-pluie pour bardage ajour\u00e9"}]},{"@type":"WebSite","@id":"https:\/\/nature-et-developpement.com\/ned-perpignan\/#website","url":"https:\/\/nature-et-developpement.com\/ned-perpignan\/","name":"Nature et D\u00e9veloppement Perpignan","description":"Solutions, mat\u00e9riaux et d\u00e9coration \u00e9co-responsables pour les pros et les particuliers.","potentialAction":[{"@type":"SearchAction","target":{"@type":"EntryPoint","urlTemplate":"https:\/\/nature-et-developpement.com\/ned-perpignan\/?s={search_term_string}"},"query-input":{"@type":"PropertyValueSpecification","valueRequired":true,"valueName":"search_term_string"}}],"inLanguage":"fr-FR"}]}},"distributor_meta":false,"distributor_terms":false,"distributor_media":false,"distributor_original_site_name":"Nature et D\u00e9veloppement Perpignan","distributor_original_site_url":"https:\/\/nature-et-developpement.com\/ned-perpignan","push-errors":false,"_links":{"self":[{"href":"https:\/\/nature-et-developpement.com\/ned-perpignan\/wp-json\/wp\/v2\/product\/955","targetHints":{"allow":["GET"]}}],"collection":[{"href":"https:\/\/nature-et-developpement.com\/ned-perpignan\/wp-json\/wp\/v2\/product"}],"about":[{"href":"https:\/\/nature-et-developpement.com\/ned-perpignan\/wp-json\/wp\/v2\/types\/product"}],"wp:featuredmedia":[{"embeddable":true,"href":"https:\/\/nature-et-developpement.com\/ned-perpignan\/wp-json\/"}],"wp:attachment":[{"href":"https:\/\/nature-et-developpement.com\/ned-perpignan\/wp-json\/wp\/v2\/media?parent=955"}],"wp:term":[{"taxonomy":"product_brand","embeddable":true,"href":"https:\/\/nature-et-developpement.com\/ned-perpignan\/wp-json\/wp\/v2\/product_brand?post=955"},{"taxonomy":"product_cat","embeddable":true,"href":"https:\/\/nature-et-developpement.com\/ned-perpignan\/wp-json\/wp\/v2\/product_cat?post=955"},{"taxonomy":"product_tag","embeddable":true,"href":"https:\/\/nature-et-developpement.com\/ned-perpignan\/wp-json\/wp\/v2\/product_tag?post=955"}],"curies":[{"name":"wp","href":"https:\/\/api.w.org\/{rel}","templated":true}]}}