{"id":9897,"date":"2019-08-07T16:51:59","date_gmt":"2019-08-07T14:51:59","guid":{"rendered":"https:\/\/nature-et-developpement.com\/nievre\/produit\/cable-blinde-multibrin-flexible-blanc\/"},"modified":"2025-06-13T15:17:44","modified_gmt":"2025-06-13T13:17:44","slug":"cable-blinde-multibrin-flexible-blanc","status":"publish","type":"product","link":"https:\/\/nature-et-developpement.com\/nievre\/produit\/cable-blinde-multibrin-flexible-blanc\/","title":{"rendered":"C\u00e2ble blind\u00e9 multibrin flexible blanc"},"content":{"rendered":"<p>Enrob\u00e9 d\u2019un tressage d\u2019aluminium \u00e0 brancher sur la terre, il r\u00e9duit la pollution \u00e9lectrique. Haute qualit\u00e9 sans PVC, avec halog\u00e8nes retardateurs de propagation du feu.<br \/>Fabriqu\u00e9 en France.<\/p><\/p>\n","protected":false},"excerpt":{"rendered":"<p><span>Enrob\u00e9 d\u2019un tressage d\u2019aluminium \u00e0 brancher sur la terre, il r\u00e9duit la pollution \u00e9lectrique. Haute qualit\u00e9 sans PVC, avec halog\u00e8nes retardateurs de propagation du feu.<\/span><br \/><span>Fabriqu\u00e9 en France.<\/span><\/p>\n","protected":false},"featured_media":9896,"template":"","meta":[],"product_brand":[2764],"product_cat":[2220,323],"product_tag":[],"class_list":{"0":"post-9897","1":"product","2":"type-product","3":"status-publish","4":"has-post-thumbnail","6":"product_brand-fondis","7":"product_cat-bio-electricite","8":"product_cat-energie-et-ventilation","9":"product_shipping_class-petit-equipement","11":"first","12":"instock","13":"taxable","14":"shipping-taxable","15":"purchasable","16":"product-type-simple"},"yoast_head":"<!-- This site is optimized with the Yoast SEO plugin v27.5 - https:\/\/yoast.com\/product\/yoast-seo-wordpress\/ -->\n<title>C\u00e2ble blind\u00e9 multibrin flexible blanc<\/title>\n<meta name=\"description\" content=\"Enrob\u00e9 d\u2019un tressage d\u2019aluminium \u00e0 brancher sur la terre, il r\u00e9duit la pollution \u00e9lectrique. Haute qualit\u00e9 sans PVC, avec halog\u00e8nes retardateurs de propagation du feu.Fabriqu\u00e9 en France.\" \/>\n<meta name=\"robots\" content=\"noindex, follow\" \/>\n<meta property=\"og:locale\" content=\"fr_FR\" \/>\n<meta property=\"og:type\" content=\"article\" \/>\n<meta property=\"og:title\" content=\"C\u00e2ble blind\u00e9 multibrin flexible blanc\" \/>\n<meta property=\"og:description\" content=\"Enrob\u00e9 d\u2019un tressage d\u2019aluminium \u00e0 brancher sur la terre, il r\u00e9duit la pollution \u00e9lectrique. Haute qualit\u00e9 sans PVC, avec halog\u00e8nes retardateurs de propagation du feu.Fabriqu\u00e9 en France.\" \/>\n<meta property=\"og:url\" content=\"https:\/\/nature-et-developpement.com\/nievre\/produit\/cable-blinde-multibrin-flexible-blanc\/\" \/>\n<meta property=\"og:site_name\" content=\"Ni\u00e8vre Eco Mat\u00e9riaux\" \/>\n<meta property=\"article:publisher\" content=\"https:\/\/www.facebook.com\/nievreecomateriauxcoulanges\/\" \/>\n<meta property=\"article:modified_time\" content=\"2025-06-13T13:17:44+00:00\" \/>\n<meta property=\"og:image\" content=\"https:\/\/nature-et-developpement.com\/nievre\/wp-content\/uploads\/sites\/12\/2021\/06\/25730-Cable-blinde-multibrin-flexible-blanc.jpg\" \/>\n\t<meta property=\"og:image:width\" content=\"800\" \/>\n\t<meta property=\"og:image:height\" content=\"800\" \/>\n\t<meta property=\"og:image:type\" content=\"image\/jpeg\" \/>\n<meta name=\"twitter:card\" content=\"summary_large_image\" \/>\n<script type=\"application\/ld+json\" class=\"yoast-schema-graph\">{\"@context\":\"https:\\\/\\\/schema.org\",\"@graph\":[{\"@type\":\"WebPage\",\"@id\":\"https:\\\/\\\/nature-et-developpement.com\\\/nievre\\\/produit\\\/cable-blinde-multibrin-flexible-blanc\\\/\",\"url\":\"https:\\\/\\\/nature-et-developpement.com\\\/nievre\\\/produit\\\/cable-blinde-multibrin-flexible-blanc\\\/\",\"name\":\"C\u00e2ble blind\u00e9 multibrin flexible blanc\",\"isPartOf\":{\"@id\":\"https:\\\/\\\/nature-et-developpement.com\\\/nievre\\\/#website\"},\"primaryImageOfPage\":{\"@id\":\"https:\\\/\\\/nature-et-developpement.com\\\/nievre\\\/produit\\\/cable-blinde-multibrin-flexible-blanc\\\/#primaryimage\"},\"image\":{\"@id\":\"https:\\\/\\\/nature-et-developpement.com\\\/nievre\\\/produit\\\/cable-blinde-multibrin-flexible-blanc\\\/#primaryimage\"},\"thumbnailUrl\":\"https:\\\/\\\/nature-et-developpement.com\\\/nievre\\\/wp-content\\\/uploads\\\/sites\\\/12\\\/2021\\\/06\\\/25730-Cable-blinde-multibrin-flexible-blanc.jpg\",\"datePublished\":\"2019-08-07T14:51:59+00:00\",\"dateModified\":\"2025-06-13T13:17:44+00:00\",\"description\":\"Enrob\u00e9 d\u2019un tressage d\u2019aluminium \u00e0 brancher sur la terre, il r\u00e9duit la pollution \u00e9lectrique. Haute qualit\u00e9 sans PVC, avec halog\u00e8nes retardateurs de propagation du feu.Fabriqu\u00e9 en France.\",\"breadcrumb\":{\"@id\":\"https:\\\/\\\/nature-et-developpement.com\\\/nievre\\\/produit\\\/cable-blinde-multibrin-flexible-blanc\\\/#breadcrumb\"},\"inLanguage\":\"fr-FR\",\"potentialAction\":[{\"@type\":\"ReadAction\",\"target\":[\"https:\\\/\\\/nature-et-developpement.com\\\/nievre\\\/produit\\\/cable-blinde-multibrin-flexible-blanc\\\/\"]}]},{\"@type\":\"ImageObject\",\"inLanguage\":\"fr-FR\",\"@id\":\"https:\\\/\\\/nature-et-developpement.com\\\/nievre\\\/produit\\\/cable-blinde-multibrin-flexible-blanc\\\/#primaryimage\",\"url\":\"https:\\\/\\\/nature-et-developpement.com\\\/nievre\\\/wp-content\\\/uploads\\\/sites\\\/12\\\/2021\\\/06\\\/25730-Cable-blinde-multibrin-flexible-blanc.jpg\",\"contentUrl\":\"https:\\\/\\\/nature-et-developpement.com\\\/nievre\\\/wp-content\\\/uploads\\\/sites\\\/12\\\/2021\\\/06\\\/25730-Cable-blinde-multibrin-flexible-blanc.jpg\",\"width\":800,\"height\":800,\"caption\":\"C\u00e2ble blind\u00e9 multibrin flexible blanc\"},{\"@type\":\"BreadcrumbList\",\"@id\":\"https:\\\/\\\/nature-et-developpement.com\\\/nievre\\\/produit\\\/cable-blinde-multibrin-flexible-blanc\\\/#breadcrumb\",\"itemListElement\":[{\"@type\":\"ListItem\",\"position\":1,\"name\":\"Accueil\",\"item\":\"https:\\\/\\\/nature-et-developpement.com\\\/nievre\\\/\"},{\"@type\":\"ListItem\",\"position\":2,\"name\":\"Produits\",\"item\":\"https:\\\/\\\/nature-et-developpement.com\\\/nievre\\\/shop\\\/\"},{\"@type\":\"ListItem\",\"position\":3,\"name\":\"Chauffage, eau et \u00e9nergie\",\"item\":\"https:\\\/\\\/nature-et-developpement.com\\\/nievre\\\/produits\\\/energie-et-ventilation\\\/\"},{\"@type\":\"ListItem\",\"position\":4,\"name\":\"Bio \u00e9lectricit\u00e9\",\"item\":\"https:\\\/\\\/nature-et-developpement.com\\\/nievre\\\/produits\\\/energie-et-ventilation\\\/bio-electricite\\\/\"},{\"@type\":\"ListItem\",\"position\":5,\"name\":\"C\u00e2ble blind\u00e9 multibrin flexible blanc\"}]},{\"@type\":\"WebSite\",\"@id\":\"https:\\\/\\\/nature-et-developpement.com\\\/nievre\\\/#website\",\"url\":\"https:\\\/\\\/nature-et-developpement.com\\\/nievre\\\/\",\"name\":\"Ni\u00e8vre Eco Mat\u00e9riaux\",\"description\":\"Ni\u00e8vre Eco Mat\u00e9riaux est membre du groupement Nature &amp; D\u00e9veloppement\",\"publisher\":{\"@id\":\"https:\\\/\\\/nature-et-developpement.com\\\/nievre\\\/#organization\"},\"potentialAction\":[{\"@type\":\"SearchAction\",\"target\":{\"@type\":\"EntryPoint\",\"urlTemplate\":\"https:\\\/\\\/nature-et-developpement.com\\\/nievre\\\/?s={search_term_string}\"},\"query-input\":{\"@type\":\"PropertyValueSpecification\",\"valueRequired\":true,\"valueName\":\"search_term_string\"}}],\"inLanguage\":\"fr-FR\"},{\"@type\":\"Organization\",\"@id\":\"https:\\\/\\\/nature-et-developpement.com\\\/nievre\\\/#organization\",\"name\":\"Ni\u00e8vre Eco Mat\u00e9riaux\",\"url\":\"https:\\\/\\\/nature-et-developpement.com\\\/nievre\\\/\",\"logo\":{\"@type\":\"ImageObject\",\"inLanguage\":\"fr-FR\",\"@id\":\"https:\\\/\\\/nature-et-developpement.com\\\/nievre\\\/#\\\/schema\\\/logo\\\/image\\\/\",\"url\":\"https:\\\/\\\/nature-et-developpement.com\\\/nievre\\\/wp-content\\\/uploads\\\/sites\\\/12\\\/2021\\\/09\\\/nievre-eco-materiaux.jpg\",\"contentUrl\":\"https:\\\/\\\/nature-et-developpement.com\\\/nievre\\\/wp-content\\\/uploads\\\/sites\\\/12\\\/2021\\\/09\\\/nievre-eco-materiaux.jpg\",\"width\":1024,\"height\":198,\"caption\":\"Ni\u00e8vre Eco Mat\u00e9riaux\"},\"image\":{\"@id\":\"https:\\\/\\\/nature-et-developpement.com\\\/nievre\\\/#\\\/schema\\\/logo\\\/image\\\/\"},\"sameAs\":[\"https:\\\/\\\/www.facebook.com\\\/nievreecomateriauxcoulanges\\\/\"]}]}<\/script>\n<!-- \/ Yoast SEO plugin. -->","yoast_head_json":{"title":"C\u00e2ble blind\u00e9 multibrin flexible blanc","description":"Enrob\u00e9 d\u2019un tressage d\u2019aluminium \u00e0 brancher sur la terre, il r\u00e9duit la pollution \u00e9lectrique. Haute qualit\u00e9 sans PVC, avec halog\u00e8nes retardateurs de propagation du feu.Fabriqu\u00e9 en France.","robots":{"index":"noindex","follow":"follow"},"og_locale":"fr_FR","og_type":"article","og_title":"C\u00e2ble blind\u00e9 multibrin flexible blanc","og_description":"Enrob\u00e9 d\u2019un tressage d\u2019aluminium \u00e0 brancher sur la terre, il r\u00e9duit la pollution \u00e9lectrique. Haute qualit\u00e9 sans PVC, avec halog\u00e8nes retardateurs de propagation du feu.Fabriqu\u00e9 en France.","og_url":"https:\/\/nature-et-developpement.com\/nievre\/produit\/cable-blinde-multibrin-flexible-blanc\/","og_site_name":"Ni\u00e8vre Eco Mat\u00e9riaux","article_publisher":"https:\/\/www.facebook.com\/nievreecomateriauxcoulanges\/","article_modified_time":"2025-06-13T13:17:44+00:00","og_image":[{"width":800,"height":800,"url":"https:\/\/nature-et-developpement.com\/nievre\/wp-content\/uploads\/sites\/12\/2021\/06\/25730-Cable-blinde-multibrin-flexible-blanc.jpg","type":"image\/jpeg"}],"twitter_card":"summary_large_image","schema":{"@context":"https:\/\/schema.org","@graph":[{"@type":"WebPage","@id":"https:\/\/nature-et-developpement.com\/nievre\/produit\/cable-blinde-multibrin-flexible-blanc\/","url":"https:\/\/nature-et-developpement.com\/nievre\/produit\/cable-blinde-multibrin-flexible-blanc\/","name":"C\u00e2ble blind\u00e9 multibrin flexible blanc","isPartOf":{"@id":"https:\/\/nature-et-developpement.com\/nievre\/#website"},"primaryImageOfPage":{"@id":"https:\/\/nature-et-developpement.com\/nievre\/produit\/cable-blinde-multibrin-flexible-blanc\/#primaryimage"},"image":{"@id":"https:\/\/nature-et-developpement.com\/nievre\/produit\/cable-blinde-multibrin-flexible-blanc\/#primaryimage"},"thumbnailUrl":"https:\/\/nature-et-developpement.com\/nievre\/wp-content\/uploads\/sites\/12\/2021\/06\/25730-Cable-blinde-multibrin-flexible-blanc.jpg","datePublished":"2019-08-07T14:51:59+00:00","dateModified":"2025-06-13T13:17:44+00:00","description":"Enrob\u00e9 d\u2019un tressage d\u2019aluminium \u00e0 brancher sur la terre, il r\u00e9duit la pollution \u00e9lectrique. Haute qualit\u00e9 sans PVC, avec halog\u00e8nes retardateurs de propagation du feu.Fabriqu\u00e9 en France.","breadcrumb":{"@id":"https:\/\/nature-et-developpement.com\/nievre\/produit\/cable-blinde-multibrin-flexible-blanc\/#breadcrumb"},"inLanguage":"fr-FR","potentialAction":[{"@type":"ReadAction","target":["https:\/\/nature-et-developpement.com\/nievre\/produit\/cable-blinde-multibrin-flexible-blanc\/"]}]},{"@type":"ImageObject","inLanguage":"fr-FR","@id":"https:\/\/nature-et-developpement.com\/nievre\/produit\/cable-blinde-multibrin-flexible-blanc\/#primaryimage","url":"https:\/\/nature-et-developpement.com\/nievre\/wp-content\/uploads\/sites\/12\/2021\/06\/25730-Cable-blinde-multibrin-flexible-blanc.jpg","contentUrl":"https:\/\/nature-et-developpement.com\/nievre\/wp-content\/uploads\/sites\/12\/2021\/06\/25730-Cable-blinde-multibrin-flexible-blanc.jpg","width":800,"height":800,"caption":"C\u00e2ble blind\u00e9 multibrin flexible blanc"},{"@type":"BreadcrumbList","@id":"https:\/\/nature-et-developpement.com\/nievre\/produit\/cable-blinde-multibrin-flexible-blanc\/#breadcrumb","itemListElement":[{"@type":"ListItem","position":1,"name":"Accueil","item":"https:\/\/nature-et-developpement.com\/nievre\/"},{"@type":"ListItem","position":2,"name":"Produits","item":"https:\/\/nature-et-developpement.com\/nievre\/shop\/"},{"@type":"ListItem","position":3,"name":"Chauffage, eau et \u00e9nergie","item":"https:\/\/nature-et-developpement.com\/nievre\/produits\/energie-et-ventilation\/"},{"@type":"ListItem","position":4,"name":"Bio \u00e9lectricit\u00e9","item":"https:\/\/nature-et-developpement.com\/nievre\/produits\/energie-et-ventilation\/bio-electricite\/"},{"@type":"ListItem","position":5,"name":"C\u00e2ble blind\u00e9 multibrin flexible blanc"}]},{"@type":"WebSite","@id":"https:\/\/nature-et-developpement.com\/nievre\/#website","url":"https:\/\/nature-et-developpement.com\/nievre\/","name":"Ni\u00e8vre Eco Mat\u00e9riaux","description":"Ni\u00e8vre Eco Mat\u00e9riaux est membre du groupement Nature &amp; D\u00e9veloppement","publisher":{"@id":"https:\/\/nature-et-developpement.com\/nievre\/#organization"},"potentialAction":[{"@type":"SearchAction","target":{"@type":"EntryPoint","urlTemplate":"https:\/\/nature-et-developpement.com\/nievre\/?s={search_term_string}"},"query-input":{"@type":"PropertyValueSpecification","valueRequired":true,"valueName":"search_term_string"}}],"inLanguage":"fr-FR"},{"@type":"Organization","@id":"https:\/\/nature-et-developpement.com\/nievre\/#organization","name":"Ni\u00e8vre Eco Mat\u00e9riaux","url":"https:\/\/nature-et-developpement.com\/nievre\/","logo":{"@type":"ImageObject","inLanguage":"fr-FR","@id":"https:\/\/nature-et-developpement.com\/nievre\/#\/schema\/logo\/image\/","url":"https:\/\/nature-et-developpement.com\/nievre\/wp-content\/uploads\/sites\/12\/2021\/09\/nievre-eco-materiaux.jpg","contentUrl":"https:\/\/nature-et-developpement.com\/nievre\/wp-content\/uploads\/sites\/12\/2021\/09\/nievre-eco-materiaux.jpg","width":1024,"height":198,"caption":"Ni\u00e8vre Eco Mat\u00e9riaux"},"image":{"@id":"https:\/\/nature-et-developpement.com\/nievre\/#\/schema\/logo\/image\/"},"sameAs":["https:\/\/www.facebook.com\/nievreecomateriauxcoulanges\/"]}]}},"distributor_meta":false,"distributor_terms":false,"distributor_media":false,"distributor_original_site_name":"Ni\u00e8vre Eco Mat\u00e9riaux","distributor_original_site_url":"https:\/\/nature-et-developpement.com\/nievre","push-errors":false,"_links":{"self":[{"href":"https:\/\/nature-et-developpement.com\/nievre\/wp-json\/wp\/v2\/product\/9897","targetHints":{"allow":["GET"]}}],"collection":[{"href":"https:\/\/nature-et-developpement.com\/nievre\/wp-json\/wp\/v2\/product"}],"about":[{"href":"https:\/\/nature-et-developpement.com\/nievre\/wp-json\/wp\/v2\/types\/product"}],"wp:featuredmedia":[{"embeddable":true,"href":"https:\/\/nature-et-developpement.com\/nievre\/wp-json\/wp\/v2\/media\/9896"}],"wp:attachment":[{"href":"https:\/\/nature-et-developpement.com\/nievre\/wp-json\/wp\/v2\/media?parent=9897"}],"wp:term":[{"taxonomy":"product_brand","embeddable":true,"href":"https:\/\/nature-et-developpement.com\/nievre\/wp-json\/wp\/v2\/product_brand?post=9897"},{"taxonomy":"product_cat","embeddable":true,"href":"https:\/\/nature-et-developpement.com\/nievre\/wp-json\/wp\/v2\/product_cat?post=9897"},{"taxonomy":"product_tag","embeddable":true,"href":"https:\/\/nature-et-developpement.com\/nievre\/wp-json\/wp\/v2\/product_tag?post=9897"}],"curies":[{"name":"wp","href":"https:\/\/api.w.org\/{rel}","templated":true}]}}