{"id":28275,"date":"2017-01-01T00:00:00","date_gmt":"2016-12-31T23:00:00","guid":{"rendered":"https:\/\/nature-et-developpement.com\/optimat\/produit\/couteau-pour-thermoflex\/"},"modified":"2025-06-17T11:06:40","modified_gmt":"2025-06-17T09:06:40","slug":"couteau-pour-thermoflex","status":"publish","type":"product","link":"https:\/\/nature-et-developpement.com\/optimat\/produit\/couteau-pour-thermoflex\/","title":{"rendered":"Couteau pour Thermoflex"},"content":{"rendered":"<h4>Domaines d&rsquo;application<\/h4>\n<p>Pour la d\u00e9coupe de mat\u00e9riaux isolants flexibles tels que GUTEX Thermoflex\u00ae<\/p>\n<p>Protection de lame incluse<\/p>\n","protected":false},"excerpt":{"rendered":"<p>Pour la d\u00e9coupe de mat\u00e9riaux isolants flexibles<\/p>\n","protected":false},"featured_media":28421,"template":"","meta":[],"product_brand":[2728],"product_cat":[243,2834,696],"product_tag":[],"class_list":{"0":"post-28275","1":"product","2":"type-product","3":"status-publish","4":"has-post-thumbnail","6":"product_brand-gutex","7":"product_cat-accessoires-isolation-et-etancheite","8":"product_cat-demande-de-devis-uniquement-sans-prix","9":"product_cat-outillage","10":"product_shipping_class-petit-equipement-outil-eclairage","12":"first","13":"instock","14":"taxable","15":"shipping-taxable","16":"purchasable","17":"product-type-simple"},"yoast_head":"<!-- This site is optimized with the Yoast SEO plugin v27.5 - https:\/\/yoast.com\/product\/yoast-seo-wordpress\/ -->\n<title>Couteau pour Thermoflex<\/title>\n<meta name=\"description\" content=\"Pour la d\u00e9coupe de mat\u00e9riaux isolants flexibles\" \/>\n<meta name=\"robots\" content=\"noindex, follow\" \/>\n<meta property=\"og:locale\" content=\"fr_FR\" \/>\n<meta property=\"og:type\" content=\"article\" \/>\n<meta property=\"og:title\" content=\"Couteau pour Thermoflex\" \/>\n<meta property=\"og:description\" content=\"Pour la d\u00e9coupe de mat\u00e9riaux isolants flexibles\" \/>\n<meta property=\"og:url\" content=\"https:\/\/nature-et-developpement.com\/optimat\/produit\/couteau-pour-thermoflex\/\" \/>\n<meta property=\"og:site_name\" content=\"Optimat\" \/>\n<meta property=\"article:modified_time\" content=\"2025-06-17T09:06:40+00:00\" \/>\n<meta property=\"og:image\" content=\"https:\/\/nature-et-developpement.com\/optimat\/wp-content\/uploads\/sites\/21\/2022\/07\/Couteau-pour-Thermoflex.jpg\" \/>\n\t<meta property=\"og:image:width\" content=\"800\" \/>\n\t<meta property=\"og:image:height\" content=\"800\" \/>\n\t<meta property=\"og:image:type\" content=\"image\/jpeg\" \/>\n<meta name=\"twitter:card\" content=\"summary_large_image\" \/>\n<script type=\"application\/ld+json\" class=\"yoast-schema-graph\">{\"@context\":\"https:\\\/\\\/schema.org\",\"@graph\":[{\"@type\":\"WebPage\",\"@id\":\"https:\\\/\\\/nature-et-developpement.com\\\/optimat\\\/produit\\\/couteau-pour-thermoflex\\\/\",\"url\":\"https:\\\/\\\/nature-et-developpement.com\\\/optimat\\\/produit\\\/couteau-pour-thermoflex\\\/\",\"name\":\"Couteau pour Thermoflex\",\"isPartOf\":{\"@id\":\"https:\\\/\\\/nature-et-developpement.com\\\/optimat\\\/#website\"},\"primaryImageOfPage\":{\"@id\":\"https:\\\/\\\/nature-et-developpement.com\\\/optimat\\\/produit\\\/couteau-pour-thermoflex\\\/#primaryimage\"},\"image\":{\"@id\":\"https:\\\/\\\/nature-et-developpement.com\\\/optimat\\\/produit\\\/couteau-pour-thermoflex\\\/#primaryimage\"},\"thumbnailUrl\":\"https:\\\/\\\/nature-et-developpement.com\\\/optimat\\\/wp-content\\\/uploads\\\/sites\\\/21\\\/2022\\\/07\\\/Couteau-pour-Thermoflex.jpg\",\"datePublished\":\"2016-12-31T23:00:00+00:00\",\"dateModified\":\"2025-06-17T09:06:40+00:00\",\"description\":\"Pour la d\u00e9coupe de mat\u00e9riaux isolants flexibles\",\"breadcrumb\":{\"@id\":\"https:\\\/\\\/nature-et-developpement.com\\\/optimat\\\/produit\\\/couteau-pour-thermoflex\\\/#breadcrumb\"},\"inLanguage\":\"fr-FR\",\"potentialAction\":[{\"@type\":\"ReadAction\",\"target\":[\"https:\\\/\\\/nature-et-developpement.com\\\/optimat\\\/produit\\\/couteau-pour-thermoflex\\\/\"]}]},{\"@type\":\"ImageObject\",\"inLanguage\":\"fr-FR\",\"@id\":\"https:\\\/\\\/nature-et-developpement.com\\\/optimat\\\/produit\\\/couteau-pour-thermoflex\\\/#primaryimage\",\"url\":\"https:\\\/\\\/nature-et-developpement.com\\\/optimat\\\/wp-content\\\/uploads\\\/sites\\\/21\\\/2022\\\/07\\\/Couteau-pour-Thermoflex.jpg\",\"contentUrl\":\"https:\\\/\\\/nature-et-developpement.com\\\/optimat\\\/wp-content\\\/uploads\\\/sites\\\/21\\\/2022\\\/07\\\/Couteau-pour-Thermoflex.jpg\",\"width\":800,\"height\":800},{\"@type\":\"BreadcrumbList\",\"@id\":\"https:\\\/\\\/nature-et-developpement.com\\\/optimat\\\/produit\\\/couteau-pour-thermoflex\\\/#breadcrumb\",\"itemListElement\":[{\"@type\":\"ListItem\",\"position\":1,\"name\":\"Accueil\",\"item\":\"https:\\\/\\\/nature-et-developpement.com\\\/optimat\\\/\"},{\"@type\":\"ListItem\",\"position\":2,\"name\":\"Produits\",\"item\":\"https:\\\/\\\/nature-et-developpement.com\\\/optimat\\\/shop\\\/\"},{\"@type\":\"ListItem\",\"position\":3,\"name\":\"Isolation et \u00e9tanch\u00e9it\u00e9\",\"item\":\"https:\\\/\\\/nature-et-developpement.com\\\/optimat\\\/produits\\\/isolation-et-etancheite\\\/\"},{\"@type\":\"ListItem\",\"position\":4,\"name\":\"Accessoires isolation et \u00e9tanch\u00e9it\u00e9\",\"item\":\"https:\\\/\\\/nature-et-developpement.com\\\/optimat\\\/produits\\\/isolation-et-etancheite\\\/accessoires-isolation-et-etancheite\\\/\"},{\"@type\":\"ListItem\",\"position\":5,\"name\":\"Couteau pour Thermoflex\"}]},{\"@type\":\"WebSite\",\"@id\":\"https:\\\/\\\/nature-et-developpement.com\\\/optimat\\\/#website\",\"url\":\"https:\\\/\\\/nature-et-developpement.com\\\/optimat\\\/\",\"name\":\"Optimat\",\"description\":\"Optimat est membre du groupement Nature &amp; D\u00e9veloppement\",\"potentialAction\":[{\"@type\":\"SearchAction\",\"target\":{\"@type\":\"EntryPoint\",\"urlTemplate\":\"https:\\\/\\\/nature-et-developpement.com\\\/optimat\\\/?s={search_term_string}\"},\"query-input\":{\"@type\":\"PropertyValueSpecification\",\"valueRequired\":true,\"valueName\":\"search_term_string\"}}],\"inLanguage\":\"fr-FR\"}]}<\/script>\n<!-- \/ Yoast SEO plugin. -->","yoast_head_json":{"title":"Couteau pour Thermoflex","description":"Pour la d\u00e9coupe de mat\u00e9riaux isolants flexibles","robots":{"index":"noindex","follow":"follow"},"og_locale":"fr_FR","og_type":"article","og_title":"Couteau pour Thermoflex","og_description":"Pour la d\u00e9coupe de mat\u00e9riaux isolants flexibles","og_url":"https:\/\/nature-et-developpement.com\/optimat\/produit\/couteau-pour-thermoflex\/","og_site_name":"Optimat","article_modified_time":"2025-06-17T09:06:40+00:00","og_image":[{"width":800,"height":800,"url":"https:\/\/nature-et-developpement.com\/optimat\/wp-content\/uploads\/sites\/21\/2022\/07\/Couteau-pour-Thermoflex.jpg","type":"image\/jpeg"}],"twitter_card":"summary_large_image","schema":{"@context":"https:\/\/schema.org","@graph":[{"@type":"WebPage","@id":"https:\/\/nature-et-developpement.com\/optimat\/produit\/couteau-pour-thermoflex\/","url":"https:\/\/nature-et-developpement.com\/optimat\/produit\/couteau-pour-thermoflex\/","name":"Couteau pour Thermoflex","isPartOf":{"@id":"https:\/\/nature-et-developpement.com\/optimat\/#website"},"primaryImageOfPage":{"@id":"https:\/\/nature-et-developpement.com\/optimat\/produit\/couteau-pour-thermoflex\/#primaryimage"},"image":{"@id":"https:\/\/nature-et-developpement.com\/optimat\/produit\/couteau-pour-thermoflex\/#primaryimage"},"thumbnailUrl":"https:\/\/nature-et-developpement.com\/optimat\/wp-content\/uploads\/sites\/21\/2022\/07\/Couteau-pour-Thermoflex.jpg","datePublished":"2016-12-31T23:00:00+00:00","dateModified":"2025-06-17T09:06:40+00:00","description":"Pour la d\u00e9coupe de mat\u00e9riaux isolants flexibles","breadcrumb":{"@id":"https:\/\/nature-et-developpement.com\/optimat\/produit\/couteau-pour-thermoflex\/#breadcrumb"},"inLanguage":"fr-FR","potentialAction":[{"@type":"ReadAction","target":["https:\/\/nature-et-developpement.com\/optimat\/produit\/couteau-pour-thermoflex\/"]}]},{"@type":"ImageObject","inLanguage":"fr-FR","@id":"https:\/\/nature-et-developpement.com\/optimat\/produit\/couteau-pour-thermoflex\/#primaryimage","url":"https:\/\/nature-et-developpement.com\/optimat\/wp-content\/uploads\/sites\/21\/2022\/07\/Couteau-pour-Thermoflex.jpg","contentUrl":"https:\/\/nature-et-developpement.com\/optimat\/wp-content\/uploads\/sites\/21\/2022\/07\/Couteau-pour-Thermoflex.jpg","width":800,"height":800},{"@type":"BreadcrumbList","@id":"https:\/\/nature-et-developpement.com\/optimat\/produit\/couteau-pour-thermoflex\/#breadcrumb","itemListElement":[{"@type":"ListItem","position":1,"name":"Accueil","item":"https:\/\/nature-et-developpement.com\/optimat\/"},{"@type":"ListItem","position":2,"name":"Produits","item":"https:\/\/nature-et-developpement.com\/optimat\/shop\/"},{"@type":"ListItem","position":3,"name":"Isolation et \u00e9tanch\u00e9it\u00e9","item":"https:\/\/nature-et-developpement.com\/optimat\/produits\/isolation-et-etancheite\/"},{"@type":"ListItem","position":4,"name":"Accessoires isolation et \u00e9tanch\u00e9it\u00e9","item":"https:\/\/nature-et-developpement.com\/optimat\/produits\/isolation-et-etancheite\/accessoires-isolation-et-etancheite\/"},{"@type":"ListItem","position":5,"name":"Couteau pour Thermoflex"}]},{"@type":"WebSite","@id":"https:\/\/nature-et-developpement.com\/optimat\/#website","url":"https:\/\/nature-et-developpement.com\/optimat\/","name":"Optimat","description":"Optimat est membre du groupement Nature &amp; D\u00e9veloppement","potentialAction":[{"@type":"SearchAction","target":{"@type":"EntryPoint","urlTemplate":"https:\/\/nature-et-developpement.com\/optimat\/?s={search_term_string}"},"query-input":{"@type":"PropertyValueSpecification","valueRequired":true,"valueName":"search_term_string"}}],"inLanguage":"fr-FR"}]}},"distributor_meta":false,"distributor_terms":false,"distributor_media":false,"distributor_original_site_name":"Optimat","distributor_original_site_url":"https:\/\/nature-et-developpement.com\/optimat","push-errors":false,"_links":{"self":[{"href":"https:\/\/nature-et-developpement.com\/optimat\/wp-json\/wp\/v2\/product\/28275","targetHints":{"allow":["GET"]}}],"collection":[{"href":"https:\/\/nature-et-developpement.com\/optimat\/wp-json\/wp\/v2\/product"}],"about":[{"href":"https:\/\/nature-et-developpement.com\/optimat\/wp-json\/wp\/v2\/types\/product"}],"wp:featuredmedia":[{"embeddable":true,"href":"https:\/\/nature-et-developpement.com\/optimat\/wp-json\/wp\/v2\/media\/28421"}],"wp:attachment":[{"href":"https:\/\/nature-et-developpement.com\/optimat\/wp-json\/wp\/v2\/media?parent=28275"}],"wp:term":[{"taxonomy":"product_brand","embeddable":true,"href":"https:\/\/nature-et-developpement.com\/optimat\/wp-json\/wp\/v2\/product_brand?post=28275"},{"taxonomy":"product_cat","embeddable":true,"href":"https:\/\/nature-et-developpement.com\/optimat\/wp-json\/wp\/v2\/product_cat?post=28275"},{"taxonomy":"product_tag","embeddable":true,"href":"https:\/\/nature-et-developpement.com\/optimat\/wp-json\/wp\/v2\/product_tag?post=28275"}],"curies":[{"name":"wp","href":"https:\/\/api.w.org\/{rel}","templated":true}]}}